000
CDUS43 KSGF 110626
CLIJLN


CLIMATE REPORT
NATIONAL WEATHER SERVICE SPRINGFIELD MO
125 AM CDT SAT OCT 11 2014


...................................

...THE JOPLIN MO CLIMATE SUMMARY FOR OCTOBER 10 2014...

CLIMATE NORMAL PERIOD 1981 TO 2010
CLIMATE RECORD PERIOD 1902 TO 2014


WEATHER ITEM   OBSERVED TIME   RECORD YEAR NORMAL DEPARTURE LAST
                VALUE   (LST)  VALUE       VALUE  FROM      YEAR
                                                  NORMAL
..................................................................
TEMPERATURE (F)
 YESTERDAY
  MAXIMUM         64    417 AM  92    1963  73     -9       77
  MINIMUM         50   1138 PM  30    2000  50      0       58
  AVERAGE         57                        62     -5       68

PRECIPITATION (IN)
  YESTERDAY        1.57R         0.78 1961   0.13   1.44     0.00
  MONTH TO DATE    6.27                      1.33   4.94     0.00
  SINCE SEP 1     10.80                      6.28   4.52      T
  SINCE JAN 1     26.24                     37.25 -11.01    35.46

DEGREE DAYS
 HEATING
  YESTERDAY        8                         5      3        0
  MONTH TO DATE   38                        46     -8       32
  SINCE SEP 1     65                        87    -22       43
  SINCE JUL 1     66                        88    -22       43

 COOLING
  YESTERDAY        0                         2     -2        3
  MONTH TO DATE   33                        25      8       50
  SINCE SEP 1    229                       240    -11      301
  SINCE JAN 1   1562                      1667   -105     1565
..................................................................


WIND (MPH)
  HIGHEST WIND SPEED    23   HIGHEST WIND DIRECTION     E (80)
  HIGHEST GUST SPEED    28   HIGHEST GUST DIRECTION     E (80)
  AVERAGE WIND SPEED     9.7


SKY COVER
  AVERAGE SKY COVER 0.9


WEATHER CONDITIONS
 THE FOLLOWING WEATHER WAS RECORDED YESTERDAY.
  THUNDERSTORM
  HEAVY RAIN
  RAIN
  LIGHT RAIN
  FOG


RELATIVE HUMIDITY (PERCENT)
 HIGHEST   100           200 AM
 LOWEST     89           900 PM
 AVERAGE    95

..........................................................


THE JOPLIN MO CLIMATE NORMALS FOR TODAY
                         NORMAL    RECORD    YEAR
 MAXIMUM TEMPERATURE (F)   73        90      1979
 MINIMUM TEMPERATURE (F)   50        33      1987


SUNRISE AND SUNSET
OCTOBER 11 2014.......SUNRISE   722 AM CDT   SUNSET   647 PM CDT
OCTOBER 12 2014.......SUNRISE   723 AM CDT   SUNSET   645 PM CDT


-  INDICATES NEGATIVE NUMBERS.
R  INDICATES RECORD WAS SET OR TIED.
MM INDICATES DATA IS MISSING.
T  INDICATES TRACE AMOUNT.




$$
