000
CDUS43 KSGF 250631
CLIJLN


CLIMATE REPORT
NATIONAL WEATHER SERVICE SPRINGFIELD MO
130 AM CDT MON MAY 25 2015


...................................

...THE JOPLIN MO CLIMATE SUMMARY FOR MAY 24 2015...

CLIMATE NORMAL PERIOD 1981 TO 2010
CLIMATE RECORD PERIOD 1902 TO 2015


WEATHER ITEM   OBSERVED TIME   RECORD YEAR NORMAL DEPARTURE LAST
                VALUE   (LST)  VALUE       VALUE  FROM      YEAR
                                                  NORMAL
..................................................................
TEMPERATURE (F)
 YESTERDAY
  MAXIMUM         68    228 PM  90    1996  80    -12       82
  MINIMUM         61   1159 PM  45    2001  58      3       65
  AVERAGE         65                        69     -4       74

PRECIPITATION (IN)
  YESTERDAY        2.48R         2.44 1957   0.16   2.32     1.65
  MONTH TO DATE    8.83                      4.46   4.37     3.28
  SINCE MAR 1     14.61                     12.35   2.26     6.41
  SINCE JAN 1     16.13                     16.70  -0.57     7.26

DEGREE DAYS
 HEATING
  YESTERDAY        0                         1     -1        0
  MONTH TO DATE   63                        59      4      103
  SINCE MAR 1    750                       808    -58     1032
  SINCE JUL 1   4286                      4062    224     4881

 COOLING
  YESTERDAY        0                         5     -5        9
  MONTH TO DATE   78                        84     -6      134
  SINCE MAR 1    113                       137    -24      157
  SINCE JAN 1    113                       138    -25      157
..................................................................


WIND (MPH)
  HIGHEST WIND SPEED    23   HIGHEST WIND DIRECTION     S (190)
  HIGHEST GUST SPEED    29   HIGHEST GUST DIRECTION     S (180)
  AVERAGE WIND SPEED     6.9


SKY COVER
  AVERAGE SKY COVER 1.0


WEATHER CONDITIONS
 THE FOLLOWING WEATHER WAS RECORDED YESTERDAY.
  THUNDERSTORM
  HEAVY RAIN
  RAIN
  LIGHT RAIN
  FOG


RELATIVE HUMIDITY (PERCENT)
 HIGHEST   100           200 AM
 LOWEST     93          1200 AM
 AVERAGE    97

..........................................................


THE JOPLIN MO CLIMATE NORMALS FOR TODAY
                         NORMAL    RECORD    YEAR
 MAXIMUM TEMPERATURE (F)   80        92      2006
 MINIMUM TEMPERATURE (F)   59        44      1979


SUNRISE AND SUNSET
MAY 25 2015...........SUNRISE   603 AM CDT   SUNSET   827 PM CDT
MAY 26 2015...........SUNRISE   602 AM CDT   SUNSET   828 PM CDT


-  INDICATES NEGATIVE NUMBERS.
R  INDICATES RECORD WAS SET OR TIED.
MM INDICATES DATA IS MISSING.
T  INDICATES TRACE AMOUNT.




$$
