000
CDUS43 KSGF 122326
CLIJLN


CLIMATE REPORT
NATIONAL WEATHER SERVICE SPRINGFIELD MO
526 PM CST WED NOV 12 2014


...................................

...THE JOPLIN MO CLIMATE SUMMARY FOR NOVEMBER 12 2014...
VALID TODAY AS OF 0500 PM LOCAL TIME.

CLIMATE NORMAL PERIOD 1981 TO 2010
CLIMATE RECORD PERIOD 1902 TO 2014


WEATHER ITEM   OBSERVED TIME   RECORD YEAR NORMAL DEPARTURE LAST
                VALUE   (LST)  VALUE       VALUE  FROM      YEAR
                                                  NORMAL
..................................................................
TEMPERATURE (F)
 TODAY
  MAXIMUM         32    307 PM  81    1999  61    -29       37
  MINIMUM         21    556 AM  14    1976  40    -19       21
                                      1986
  AVERAGE         27                        50    -23       29

PRECIPITATION (IN)
  TODAY            0.00          3.24 1985   0.14  -0.14     0.00
  MONTH TO DATE    1.30                      1.59  -0.29     1.45
  SINCE SEP 1     13.78                     10.57   3.21     6.17
  SINCE JAN 1     29.22                     41.54 -12.32    41.63

DEGREE DAYS
 HEATING
  TODAY           38                        15     23       36
  MONTH TO DATE  221                       155     66      190
  SINCE SEP 1    433                       406     27      467
  SINCE JUL 1    434                       407     27      467

 COOLING
  TODAY            0                         0      0        0
  MONTH TO DATE    0                         5     -5        0
  SINCE SEP 1    250                       269    -19      304
  SINCE JAN 1   1583                      1696   -113     1568
..................................................................


WIND (MPH)
  HIGHEST WIND SPEED    20   HIGHEST WIND DIRECTION     N (350)
  HIGHEST GUST SPEED    31   HIGHEST GUST DIRECTION     N (340)


SKY COVER
  AVERAGE SKY COVER 0.4


WEATHER CONDITIONS
 THE FOLLOWING WEATHER WAS RECORDED TODAY.
  NO SIGNIFICANT WEATHER WAS OBSERVED.


RELATIVE HUMIDITY (PERCENT)
 HIGHEST    77           300 AM
 LOWEST     39           300 PM
 AVERAGE    58

..........................................................


THE JOPLIN MO CLIMATE NORMALS FOR TOMORROW
                         NORMAL    RECORD    YEAR
 MAXIMUM TEMPERATURE (F)   60        82      1999
 MINIMUM TEMPERATURE (F)   39         9      1986


SUNRISE AND SUNSET
NOVEMBER 12 2014......SUNRISE   654 AM CST   SUNSET   510 PM CST
NOVEMBER 13 2014......SUNRISE   655 AM CST   SUNSET   509 PM CST


-  INDICATES NEGATIVE NUMBERS.
R  INDICATES RECORD WAS SET OR TIED.
MM INDICATES DATA IS MISSING.
T  INDICATES TRACE AMOUNT.




$$
