000
CDUS43 KSGF 152356
CLIJLN


CLIMATE REPORT
NATIONAL WEATHER SERVICE SPRINGFIELD MO
555 PM CST THU JAN 15 2015


...................................

...THE JOPLIN MO CLIMATE SUMMARY FOR JANUARY 15 2015...
VALID TODAY AS OF 0500 PM LOCAL TIME.

CLIMATE NORMAL PERIOD 1981 TO 2010
CLIMATE RECORD PERIOD 1902 TO 2015


WEATHER ITEM   OBSERVED TIME   RECORD YEAR NORMAL DEPARTURE LAST
                VALUE   (LST)  VALUE       VALUE  FROM      YEAR
                                                  NORMAL
..................................................................
TEMPERATURE (F)
 TODAY
  MAXIMUM         49    411 PM  68    1952  45      4       40
                                      1986
                                      1990
  MINIMUM         24    806 AM  -1    1979  25     -1       19
  AVERAGE         37                        35      2       30

PRECIPITATION (IN)
  TODAY            T             1.01 1949   0.06  -0.06     0.00
  MONTH TO DATE    0.28                      1.00  -0.72     0.57
  SINCE DEC 1      2.12                      3.82  -1.70     1.95
  SINCE JAN 1      0.28                      1.00  -0.72     0.57

DEGREE DAYS
 HEATING
  TODAY           28                        30     -2       35
  MONTH TO DATE  572                       450    122      521
  SINCE DEC 1   1345                      1310     35     1503
  SINCE JUL 1   2258                      2067    191     2391

 COOLING
  TODAY            0                         0      0        0
  MONTH TO DATE    0                         0      0        0
  SINCE DEC 1      0                         0      0        0
  SINCE JAN 1      0                         0      0        0
..................................................................


WIND (MPH)
  HIGHEST WIND SPEED    14   HIGHEST WIND DIRECTION     W (270)
  HIGHEST GUST SPEED    18   HIGHEST GUST DIRECTION     W (250)


SKY COVER
  AVERAGE SKY COVER 0.3


WEATHER CONDITIONS
 THE FOLLOWING WEATHER WAS RECORDED TODAY.
  LT FREEZING RAIN


RELATIVE HUMIDITY (PERCENT)
 HIGHEST    81           700 AM
 LOWEST     38           100 PM
 AVERAGE    60

..........................................................


THE JOPLIN MO CLIMATE NORMALS FOR TOMORROW
                         NORMAL    RECORD    YEAR
 MAXIMUM TEMPERATURE (F)   45        69      2012
                                             1952
 MINIMUM TEMPERATURE (F)   25        -1      1997
                                             1977


SUNRISE AND SUNSET
JANUARY 15 2015.......SUNRISE   731 AM CST   SUNSET   524 PM CST
JANUARY 16 2015.......SUNRISE   730 AM CST   SUNSET   525 PM CST


-  INDICATES NEGATIVE NUMBERS.
R  INDICATES RECORD WAS SET OR TIED.
MM INDICATES DATA IS MISSING.
T  INDICATES TRACE AMOUNT.




$$
