000
CDUS43 KSGF 190631
CLIJLN


CLIMATE REPORT
NATIONAL WEATHER SERVICE SPRINGFIELD MO
1231 AM CST MON JAN 19 2015


...................................

...THE JOPLIN MO CLIMATE SUMMARY FOR JANUARY 18 2015...

CLIMATE NORMAL PERIOD 1981 TO 2010
CLIMATE RECORD PERIOD 1902 TO 2015


WEATHER ITEM   OBSERVED TIME   RECORD YEAR NORMAL DEPARTURE LAST
                VALUE   (LST)  VALUE       VALUE  FROM      YEAR
                                                  NORMAL
..................................................................
TEMPERATURE (F)
 YESTERDAY
  MAXIMUM         64    129 PM  66    1951  45     19       56
  MINIMUM         28    741 AM  -8    1984  25      3       25
  AVERAGE         46                        35     11       41

PRECIPITATION (IN)
  YESTERDAY        0.00          0.94 1996   0.07  -0.07     0.00
  MONTH TO DATE    0.28                      1.20  -0.92     0.57
  SINCE DEC 1      2.12                      4.02  -1.90     1.95
  SINCE JAN 1      0.28                      1.20  -0.92     0.57

DEGREE DAYS
 HEATING
  YESTERDAY       19                        30    -11       24
  MONTH TO DATE  630                       540     90      606
  SINCE DEC 1   1403                      1400      3     1588
  SINCE JUL 1   2316                      2157    159     2476

 COOLING
  YESTERDAY        0                         0      0        0
  MONTH TO DATE    0                         0      0        0
  SINCE DEC 1      0                         0      0        0
  SINCE JAN 1      0                         0      0        0
..................................................................


WIND (MPH)
  HIGHEST WIND SPEED    30   HIGHEST WIND DIRECTION    SW (210)
  HIGHEST GUST SPEED    37   HIGHEST GUST DIRECTION    SW (220)
  AVERAGE WIND SPEED    12.0


SKY COVER
  AVERAGE SKY COVER 0.0


WEATHER CONDITIONS
 THE FOLLOWING WEATHER WAS RECORDED YESTERDAY.
  NO SIGNIFICANT WEATHER WAS OBSERVED.


RELATIVE HUMIDITY (PERCENT)
 HIGHEST    69           700 AM
 LOWEST     19           200 PM
 AVERAGE    44

..........................................................


THE JOPLIN MO CLIMATE NORMALS FOR TODAY
                         NORMAL    RECORD    YEAR
 MAXIMUM TEMPERATURE (F)   45        70      1952
                                             1972
 MINIMUM TEMPERATURE (F)   25        -8      1984


SUNRISE AND SUNSET
JANUARY 19 2015.......SUNRISE   729 AM CST   SUNSET   528 PM CST
JANUARY 20 2015.......SUNRISE   729 AM CST   SUNSET   530 PM CST


-  INDICATES NEGATIVE NUMBERS.
R  INDICATES RECORD WAS SET OR TIED.
MM INDICATES DATA IS MISSING.
T  INDICATES TRACE AMOUNT.




$$
