000
CDUS43 KSGF 160628
CLIJLN


CLIMATE REPORT
NATIONAL WEATHER SERVICE SPRINGFIELD MO
127 AM CDT MON MAY 16 2016


...................................

...THE JOPLIN MO CLIMATE SUMMARY FOR MAY 15 2016...

CLIMATE NORMAL PERIOD 1981 TO 2010
CLIMATE RECORD PERIOD 1902 TO 2016


WEATHER ITEM   OBSERVED TIME   RECORD YEAR NORMAL DEPARTURE LAST
                VALUE   (LST)  VALUE       VALUE  FROM      YEAR
                                                  NORMAL
..................................................................
TEMPERATURE (F)
 YESTERDAY
  MAXIMUM         67    359 PM  87    2001  77    -10       80
  MINIMUM         40    340 AM  39    1959  56    -16       65
                                      1967
                                      1973
  AVERAGE         54                        67    -13       73

PRECIPITATION (IN)
  YESTERDAY        T             1.02 1958   0.18  -0.18      T
  MONTH TO DATE    0.54                      2.85  -2.31     3.87
  SINCE MAR 1      7.66                     10.74  -3.08     9.65
  SINCE JAN 1      8.33                     15.09  -6.76    11.17

DEGREE DAYS
 HEATING
  YESTERDAY       11                         2      9        0
  MONTH TO DATE   78                        45     33       32
  SINCE MAR 1    594                       794   -200      719
  SINCE JUL 1   3344                      4048   -704     4255

 COOLING
  YESTERDAY        0                         4     -4        8
  MONTH TO DATE   24                        44    -20       57
  SINCE MAR 1     46                        97    -51       92
  SINCE JAN 1     47                        98    -51       92
..................................................................


WIND (MPH)
  HIGHEST WIND SPEED    14   HIGHEST WIND DIRECTION     E (110)
  HIGHEST GUST SPEED    19   HIGHEST GUST DIRECTION    NE (60)
  AVERAGE WIND SPEED     5.6


SKY COVER
  AVERAGE SKY COVER 0.3


WEATHER CONDITIONS
 THE FOLLOWING WEATHER WAS RECORDED YESTERDAY.
  NO SIGNIFICANT WEATHER WAS OBSERVED.


RELATIVE HUMIDITY (PERCENT)
 HIGHEST    96           500 AM
 LOWEST     32           200 PM
 AVERAGE    64

..........................................................


THE JOPLIN MO CLIMATE NORMALS FOR TODAY
                         NORMAL    RECORD    YEAR
 MAXIMUM TEMPERATURE (F)   78        89      2001
                                             1971
 MINIMUM TEMPERATURE (F)   56        35      2014


SUNRISE AND SUNSET
MAY 16 2016...........SUNRISE   608 AM CDT   SUNSET   821 PM CDT
MAY 17 2016...........SUNRISE   608 AM CDT   SUNSET   822 PM CDT


-  INDICATES NEGATIVE NUMBERS.
R  INDICATES RECORD WAS SET OR TIED.
MM INDICATES DATA IS MISSING.
T  INDICATES TRACE AMOUNT.




$$
