000
CDUS43 KSGF 120632
CLIJLN


CLIMATE REPORT
NATIONAL WEATHER SERVICE SPRINGFIELD MO
132 AM CDT MON JUN 12 2017


...................................

...THE JOPLIN MO CLIMATE SUMMARY FOR JUNE 11 2017...

CLIMATE NORMAL PERIOD 1981 TO 2010
CLIMATE RECORD PERIOD 1902 TO 2017


WEATHER ITEM   OBSERVED TIME   RECORD YEAR NORMAL DEPARTURE LAST
                VALUE   (LST)  VALUE       VALUE  FROM      YEAR
                                                  NORMAL
..................................................................
TEMPERATURE (F)
 YESTERDAY
  MAXIMUM         87    440 PM 103    1953  85      2       90
  MINIMUM         71    544 AM  50    1955  64      7       69
  AVERAGE         79                        74      5       80

PRECIPITATION (IN)
  YESTERDAY        0.00          3.60 2007   0.20  -0.20     0.00
  MONTH TO DATE    1.01                      2.23  -1.22     1.04
  SINCE JUN 1      1.01                      2.23  -1.22     1.04
  SINCE JAN 1     26.94                     20.18   6.76    15.14

DEGREE DAYS
 HEATING
  YESTERDAY        0                         0      0        0
  MONTH TO DATE    0                         2     -2        0
  SINCE JUN 1      0                         2     -2        0
  SINCE JUL 1   3169                      4071   -902     3389

 COOLING
  YESTERDAY       14                        10      4       15
  MONTH TO DATE   97                        90      7      105
  SINCE JUN 1     97                        90      7      105
  SINCE JAN 1    304                       270     34      219
..................................................................


WIND (MPH)
  HIGHEST WIND SPEED    25   HIGHEST WIND DIRECTION     S (190)
  HIGHEST GUST SPEED    36   HIGHEST GUST DIRECTION     S (160)
  AVERAGE WIND SPEED    14.4


SKY COVER
  AVERAGE SKY COVER 0.1


WEATHER CONDITIONS
 THE FOLLOWING WEATHER WAS RECORDED YESTERDAY.
  NO SIGNIFICANT WEATHER WAS OBSERVED.


RELATIVE HUMIDITY (PERCENT)
 HIGHEST    79           300 AM
 LOWEST     55           500 PM
 AVERAGE    67

..........................................................


THE JOPLIN MO CLIMATE NORMALS FOR TODAY
                         NORMAL    RECORD    YEAR
 MAXIMUM TEMPERATURE (F)   85       102      1953
 MINIMUM TEMPERATURE (F)   64        52      1985
                                             1995


SUNRISE AND SUNSET
JUNE 12 2017..........SUNRISE   557 AM CDT   SUNSET   839 PM CDT
JUNE 13 2017..........SUNRISE   557 AM CDT   SUNSET   839 PM CDT


-  INDICATES NEGATIVE NUMBERS.
R  INDICATES RECORD WAS SET OR TIED.
MM INDICATES DATA IS MISSING.
T  INDICATES TRACE AMOUNT.




$$
