000
CDUS43 KSGF 132227
CLIJLN


CLIMATE REPORT
NATIONAL WEATHER SERVICE SPRINGFIELD MO
526 PM CDT SUN JUL 13 2014


...................................

...THE JOPLIN MO CLIMATE SUMMARY FOR JULY 13 2014...
VALID TODAY AS OF 0500 PM LOCAL TIME.

CLIMATE NORMAL PERIOD 1981 TO 2010
CLIMATE RECORD PERIOD 1902 TO 2014


WEATHER ITEM   OBSERVED TIME   RECORD YEAR NORMAL DEPARTURE LAST
                VALUE   (LST)  VALUE       VALUE  FROM      YEAR
                                                  NORMAL
..................................................................
TEMPERATURE (F)
 TODAY
  MAXIMUM         96    230 PM 113    1954  91      5       93
  MINIMUM         76    546 AM  50    1975  70      6       67
  AVERAGE         86                        80      6       80

PRECIPITATION (IN)
  TODAY            0.00          2.81 2010   0.13  -0.13     0.00
  MONTH TO DATE    0.46                      1.81  -1.35     0.09
  SINCE JUN 1      4.39                      7.67  -3.28     5.48
  SINCE JAN 1     13.14                     25.62 -12.48    27.87

DEGREE DAYS
 HEATING
  TODAY            0                         0      0        0
  MONTH TO DATE    0                         0      0        0
  SINCE JUN 1      2                         5     -3       12
  SINCE JUL 1      0                         0      0        0

 COOLING
  TODAY           21                        15      6       15
  MONTH TO DATE  155                       191    -36      175
  SINCE JUN 1    458                       509    -51      498
  SINCE JAN 1    671                       689    -18      642
..................................................................


WIND (MPH)
  HIGHEST WIND SPEED    21   HIGHEST WIND DIRECTION    SW (220)
  HIGHEST GUST SPEED    25   HIGHEST GUST DIRECTION    SW (220)


SKY COVER
  AVERAGE SKY COVER 0.1


WEATHER CONDITIONS
 THE FOLLOWING WEATHER WAS RECORDED TODAY.
  NO SIGNIFICANT WEATHER WAS OBSERVED.


RELATIVE HUMIDITY (PERCENT)
 HIGHEST    69           500 AM
 LOWEST     36          1200 PM
 AVERAGE    53

..........................................................


THE JOPLIN MO CLIMATE NORMALS FOR TOMORROW
                         NORMAL    RECORD    YEAR
 MAXIMUM TEMPERATURE (F)   91       115      1954
 MINIMUM TEMPERATURE (F)   70        52      1967
                                             1990


SUNRISE AND SUNSET
JULY 13 2014..........SUNRISE   608 AM CDT   SUNSET   839 PM CDT
JULY 14 2014..........SUNRISE   609 AM CDT   SUNSET   838 PM CDT


-  INDICATES NEGATIVE NUMBERS.
R  INDICATES RECORD WAS SET OR TIED.
MM INDICATES DATA IS MISSING.
T  INDICATES TRACE AMOUNT.




$$
