000
CDUS43 KSGF 162227
CLIJLN


CLIMATE REPORT
NATIONAL WEATHER SERVICE SPRINGFIELD MO
426 PM CST WED NOV 16 2016


...................................

...THE JOPLIN MO CLIMATE SUMMARY FOR NOVEMBER 16 2016...
VALID AS OF 0400 PM LOCAL TIME.

CLIMATE NORMAL PERIOD 1981 TO 2010
CLIMATE RECORD PERIOD 1902 TO 2016


WEATHER ITEM   OBSERVED TIME   RECORD YEAR NORMAL DEPARTURE LAST
                VALUE   (LST)  VALUE       VALUE  FROM      YEAR
                                                  NORMAL
..................................................................
TEMPERATURE (F)
 TODAY
  MAXIMUM         82R   248 PM  80    1941  59     23       63
  MINIMUM         44    657 AM  14    1959  38      6       47
  AVERAGE         63                        48     15       55

PRECIPITATION (IN)
  TODAY            0.00          1.75 1996   0.12  -0.12     0.90
  MONTH TO DATE    0.74                      2.10  -1.36     1.21
  SINCE SEP 1      8.73                     11.08  -2.35     3.03
  SINCE JAN 1     38.51                     42.05  -3.54    41.73

DEGREE DAYS
 HEATING
  TODAY            2                        17    -15       10
  MONTH TO DATE  125                       220    -95      167
  SINCE SEP 1    227                       471   -244      355
  SINCE JUL 1    227                       472   -245      356

 COOLING
  TODAY            0                         0      0        0
  MONTH TO DATE   20                         5     15        2
  SINCE SEP 1    384                       269    115      317
  SINCE JAN 1   1871                      1696    175     1703
..................................................................


WIND (MPH)
  HIGHEST WIND SPEED    18   HIGHEST WIND DIRECTION     S (190)
  HIGHEST GUST SPEED    MM   HIGHEST GUST DIRECTION    MM


SKY COVER
  AVERAGE SKY COVER 0.0


WEATHER CONDITIONS
 THE FOLLOWING WEATHER WAS RECORDED TODAY.
  NO SIGNIFICANT WEATHER WAS OBSERVED.


RELATIVE HUMIDITY (PERCENT)
 HIGHEST   100           700 AM
 LOWEST     28           300 PM
 AVERAGE    64

..........................................................


THE JOPLIN MO CLIMATE NORMALS FOR TOMORROW
                         NORMAL    RECORD    YEAR
 MAXIMUM TEMPERATURE (F)   58        77      1954
                                             1958
                                             1999
 MINIMUM TEMPERATURE (F)   37         8      1959


SUNRISE AND SUNSET
NOVEMBER 16 2016......SUNRISE   658 AM CST   SUNSET   507 PM CST
NOVEMBER 17 2016......SUNRISE   700 AM CST   SUNSET   506 PM CST


-  INDICATES NEGATIVE NUMBERS.
R  INDICATES RECORD WAS SET OR TIED.
MM INDICATES DATA IS MISSING.
T  INDICATES TRACE AMOUNT.




$$
