000
CDUS43 KSGF 210628
CLIJLN


CLIMATE REPORT
NATIONAL WEATHER SERVICE SPRINGFIELD MO
1228 AM CST SUN DEC 21 2014


...................................

...THE JOPLIN MO CLIMATE SUMMARY FOR DECEMBER 20 2014...

CLIMATE NORMAL PERIOD 1981 TO 2010
CLIMATE RECORD PERIOD 1902 TO 2014


WEATHER ITEM   OBSERVED TIME   RECORD YEAR NORMAL DEPARTURE LAST
                VALUE   (LST)  VALUE       VALUE  FROM      YEAR
                                                  NORMAL
..................................................................
TEMPERATURE (F)
 YESTERDAY
  MAXIMUM         45    340 PM  70    1979  46     -1       63
  MINIMUM         36    822 AM   0    1983  26     10       27
  AVERAGE         41                        36      5       45

PRECIPITATION (IN)
  YESTERDAY        0.00          2.04 1991   0.08  -0.08     0.21
  MONTH TO DATE    1.60                      1.93  -0.33     0.69
  SINCE DEC 1      1.60                      1.93  -0.33     0.69
  SINCE JAN 1     31.47                     45.66 -14.19    43.29

DEGREE DAYS
 HEATING
  YESTERDAY       24                        29     -5       20
  MONTH TO DATE  466                       534    -68      614
  SINCE DEC 1    466                       534    -68      614
  SINCE JUL 1   1379                      1291     88     1502

 COOLING
  YESTERDAY        0                         0      0        0
  MONTH TO DATE    0                         0      0        0
  SINCE DEC 1      0                         0      0        0
  SINCE JAN 1   1583                      1698   -115     1568
..................................................................


WIND (MPH)
  HIGHEST WIND SPEED    16   HIGHEST WIND DIRECTION     S (200)
  HIGHEST GUST SPEED    19   HIGHEST GUST DIRECTION     S (180)
  AVERAGE WIND SPEED     6.6


SKY COVER
  AVERAGE SKY COVER 0.9


WEATHER CONDITIONS
 THE FOLLOWING WEATHER WAS RECORDED YESTERDAY.
  FOG


RELATIVE HUMIDITY (PERCENT)
 HIGHEST   100          1200 AM
 LOWEST     65           400 PM
 AVERAGE    83

..........................................................


THE JOPLIN MO CLIMATE NORMALS FOR TODAY
                         NORMAL    RECORD    YEAR
 MAXIMUM TEMPERATURE (F)   46        68      2007
 MINIMUM TEMPERATURE (F)   26        -7      1989


SUNRISE AND SUNSET
DECEMBER 21 2014......SUNRISE   728 AM CST   SUNSET   504 PM CST
DECEMBER 22 2014......SUNRISE   728 AM CST   SUNSET   505 PM CST


-  INDICATES NEGATIVE NUMBERS.
R  INDICATES RECORD WAS SET OR TIED.
MM INDICATES DATA IS MISSING.
T  INDICATES TRACE AMOUNT.




$$
