000
CDUS43 KSGF 280626
CLIJLN


CLIMATE REPORT
NATIONAL WEATHER SERVICE SPRINGFIELD MO
1226 AM CST WED JAN 28 2015


...................................

...THE JOPLIN MO CLIMATE SUMMARY FOR JANUARY 27 2015...

CLIMATE NORMAL PERIOD 1981 TO 2010
CLIMATE RECORD PERIOD 1902 TO 2015


WEATHER ITEM   OBSERVED TIME   RECORD YEAR NORMAL DEPARTURE LAST
                VALUE   (LST)  VALUE       VALUE  FROM      YEAR
                                                  NORMAL
..................................................................
TEMPERATURE (F)
 YESTERDAY
  MAXIMUM         64    420 PM  70    1970  46     18       32
  MINIMUM         33    811 AM  -5    1963  25      8       13
  AVERAGE         49                        36     13       23

PRECIPITATION (IN)
  YESTERDAY        0.00          0.70 1968   0.06  -0.06     0.00
  MONTH TO DATE    0.45                      1.76  -1.31     0.57
  SINCE DEC 1      2.29                      4.58  -2.29     1.95
  SINCE JAN 1      0.45                      1.76  -1.31     0.57

DEGREE DAYS
 HEATING
  YESTERDAY       16                        29    -13       42
  MONTH TO DATE  840                       809     31      917
  SINCE DEC 1   1613                      1669    -56     1899
  SINCE JUL 1   2526                      2426    100     2787

 COOLING
  YESTERDAY        0                         0      0        0
  MONTH TO DATE    0                         0      0        0
  SINCE DEC 1      0                         0      0        0
  SINCE JAN 1      0                         0      0        0
..................................................................


WIND (MPH)
  HIGHEST WIND SPEED    12   HIGHEST WIND DIRECTION    SE (130)
  HIGHEST GUST SPEED    16   HIGHEST GUST DIRECTION    SE (130)
  AVERAGE WIND SPEED     3.5


SKY COVER
  AVERAGE SKY COVER 0.0


WEATHER CONDITIONS
 THE FOLLOWING WEATHER WAS RECORDED YESTERDAY.
  NO SIGNIFICANT WEATHER WAS OBSERVED.


RELATIVE HUMIDITY (PERCENT)
 HIGHEST    82           300 AM
 LOWEST     24           400 PM
 AVERAGE    53

..........................................................


THE JOPLIN MO CLIMATE NORMALS FOR TODAY
                         NORMAL    RECORD    YEAR
 MAXIMUM TEMPERATURE (F)   46        73      2013
 MINIMUM TEMPERATURE (F)   26        -2      1948


SUNRISE AND SUNSET
JANUARY 28 2015.......SUNRISE   724 AM CST   SUNSET   538 PM CST
JANUARY 29 2015.......SUNRISE   723 AM CST   SUNSET   539 PM CST


-  INDICATES NEGATIVE NUMBERS.
R  INDICATES RECORD WAS SET OR TIED.
MM INDICATES DATA IS MISSING.
T  INDICATES TRACE AMOUNT.




$$
