000
CDUS43 KSGF 210634
CLIJLN


CLIMATE REPORT
NATIONAL WEATHER SERVICE SPRINGFIELD MO
133 AM CDT TUE OCT 21 2014


...................................

...THE JOPLIN MO CLIMATE SUMMARY FOR OCTOBER 20 2014...

CLIMATE NORMAL PERIOD 1981 TO 2010
CLIMATE RECORD PERIOD 1902 TO 2014


WEATHER ITEM   OBSERVED TIME   RECORD YEAR NORMAL DEPARTURE LAST
                VALUE   (LST)  VALUE       VALUE  FROM      YEAR
                                                  NORMAL
..................................................................
TEMPERATURE (F)
 YESTERDAY
  MAXIMUM         76    329 PM  89    1979  70      6       69
  MINIMUM         52   1157 PM  24    1989  47      5       45
  AVERAGE         64                        59      5       57

PRECIPITATION (IN)
  YESTERDAY        0.01          4.35 1983   0.14  -0.13     0.00
  MONTH TO DATE    7.60                      2.61   4.99     1.52
  SINCE SEP 1     12.13                      7.56   4.57     1.52
  SINCE JAN 1     27.57                     38.53 -10.96    36.98

DEGREE DAYS
 HEATING
  YESTERDAY        1                         7     -6        8
  MONTH TO DATE  116                       111      5      127
  SINCE SEP 1    143                       152     -9      138
  SINCE JUL 1    144                       153     -9      138

 COOLING
  YESTERDAY        0                         1     -1        0
  MONTH TO DATE   33                        38     -5       51
  SINCE SEP 1    229                       253    -24      302
  SINCE JAN 1   1562                      1680   -118     1566
..................................................................


WIND (MPH)
  HIGHEST WIND SPEED    14   HIGHEST WIND DIRECTION    SW (220)
  HIGHEST GUST SPEED    16   HIGHEST GUST DIRECTION    SW (240)
  AVERAGE WIND SPEED     5.8


SKY COVER
  AVERAGE SKY COVER 0.4


WEATHER CONDITIONS
 THE FOLLOWING WEATHER WAS RECORDED YESTERDAY.
  LIGHT RAIN
  FOG


RELATIVE HUMIDITY (PERCENT)
 HIGHEST   100          1000 PM
 LOWEST     50           300 PM
 AVERAGE    75

..........................................................


THE JOPLIN MO CLIMATE NORMALS FOR TODAY
                         NORMAL    RECORD    YEAR
 MAXIMUM TEMPERATURE (F)   70        89      1978
 MINIMUM TEMPERATURE (F)   47        27      1987


SUNRISE AND SUNSET
OCTOBER 21 2014.......SUNRISE   731 AM CDT   SUNSET   633 PM CDT
OCTOBER 22 2014.......SUNRISE   732 AM CDT   SUNSET   632 PM CDT


-  INDICATES NEGATIVE NUMBERS.
R  INDICATES RECORD WAS SET OR TIED.
MM INDICATES DATA IS MISSING.
T  INDICATES TRACE AMOUNT.




$$
