000
CDUS43 KSGF 282227
CLIJLN


CLIMATE REPORT
NATIONAL WEATHER SERVICE SPRINGFIELD MO
526 PM CDT THU MAY 28 2015


...................................

...THE JOPLIN MO CLIMATE SUMMARY FOR MAY 28 2015...
VALID TODAY AS OF 0500 PM LOCAL TIME.

CLIMATE NORMAL PERIOD 1981 TO 2010
CLIMATE RECORD PERIOD 1902 TO 2015


WEATHER ITEM   OBSERVED TIME   RECORD YEAR NORMAL DEPARTURE LAST
                VALUE   (LST)  VALUE       VALUE  FROM      YEAR
                                                  NORMAL
..................................................................
TEMPERATURE (F)
 TODAY
  MAXIMUM         77    353 PM  92    1983  81     -4       83
  MINIMUM         64    449 AM  43    1984  60      4       59
  AVERAGE         71                        70      1       71

PRECIPITATION (IN)
  TODAY            0.24          1.38 1977   0.18   0.06     0.03
  MONTH TO DATE    9.22                      5.16   4.06     4.77
  SINCE MAR 1     15.00                     13.05   1.95     7.90
  SINCE JAN 1     16.52                     17.40  -0.88     8.75

DEGREE DAYS
 HEATING
  TODAY            0                         1     -1        0
  MONTH TO DATE   63                        63      0      103
  SINCE MAR 1    750                       812    -62     1032
  SINCE JUL 1   4286                      4066    220     4881

 COOLING
  TODAY            6                         6      0        6
  MONTH TO DATE  106                       107     -1      163
  SINCE MAR 1    141                       160    -19      186
  SINCE JAN 1    141                       161    -20      186
..................................................................


WIND (MPH)
  HIGHEST WIND SPEED    22   HIGHEST WIND DIRECTION     W (270)
  HIGHEST GUST SPEED    28   HIGHEST GUST DIRECTION     W (280)


SKY COVER
  AVERAGE SKY COVER 0.4


WEATHER CONDITIONS
 THE FOLLOWING WEATHER WAS RECORDED TODAY.
  THUNDERSTORM
  HEAVY RAIN
  RAIN
  LIGHT RAIN
  FOG


RELATIVE HUMIDITY (PERCENT)
 HIGHEST   100          1200 PM
 LOWEST     69           400 PM
 AVERAGE    85

..........................................................


THE JOPLIN MO CLIMATE NORMALS FOR TOMORROW
                         NORMAL    RECORD    YEAR
 MAXIMUM TEMPERATURE (F)   81        94      1982
 MINIMUM TEMPERATURE (F)   60        40      1984


SUNRISE AND SUNSET
MAY 28 2015...........SUNRISE   601 AM CDT   SUNSET   830 PM CDT
MAY 29 2015...........SUNRISE   601 AM CDT   SUNSET   830 PM CDT


-  INDICATES NEGATIVE NUMBERS.
R  INDICATES RECORD WAS SET OR TIED.
MM INDICATES DATA IS MISSING.
T  INDICATES TRACE AMOUNT.




$$
