092
CDUS43 KSGF 102327
CLIJLN


CLIMATE REPORT
NATIONAL WEATHER SERVICE SPRINGFIELD MO
526 PM CST WED FEB 10 2016


...................................

...THE JOPLIN MO CLIMATE SUMMARY FOR FEBRUARY 10 2016...
VALID TODAY AS OF 0500 PM LOCAL TIME.

CLIMATE NORMAL PERIOD 1981 TO 2010
CLIMATE RECORD PERIOD 1902 TO 2016


WEATHER ITEM   OBSERVED TIME   RECORD YEAR NORMAL DEPARTURE LAST
                VALUE   (LST)  VALUE       VALUE  FROM      YEAR
                                                  NORMAL
..................................................................
TEMPERATURE (F)
 TODAY
  MAXIMUM         52    459 PM  77    1999  49      3       61
  MINIMUM         17    415 AM  -9    2011  28    -11       28
  AVERAGE         35                        38     -3       45

PRECIPITATION (IN)
  TODAY            0.00          0.83 2009   0.08  -0.08     0.00
  MONTH TO DATE    0.11                      0.72  -0.61     0.39
  SINCE DEC 1     10.18                      5.57   4.61     2.93
  SINCE JAN 1      0.41                      2.75  -2.34     1.09

DEGREE DAYS
 HEATING
  TODAY           30                        27      3       20
  MONTH TO DATE  266                       277    -11      256
  SINCE DEC 1   1783                      2069   -286     1942
  SINCE JUL 1   2401                      2826   -425     2855

 COOLING
  TODAY            0                         0      0        0
  MONTH TO DATE    0                         0      0        0
  SINCE DEC 1      3                         0      3        0
  SINCE JAN 1      0                         0      0        0
..................................................................


WIND (MPH)
  HIGHEST WIND SPEED    24   HIGHEST WIND DIRECTION    SW (220)
  HIGHEST GUST SPEED    32   HIGHEST GUST DIRECTION    SW (230)


SKY COVER
  AVERAGE SKY COVER 0.2


WEATHER CONDITIONS
 THE FOLLOWING WEATHER WAS RECORDED TODAY.
  NO SIGNIFICANT WEATHER WAS OBSERVED.


RELATIVE HUMIDITY (PERCENT)
 HIGHEST    68           500 AM
 LOWEST     30           400 PM
 AVERAGE    49

..........................................................


THE JOPLIN MO CLIMATE NORMALS FOR TOMORROW
                         NORMAL    RECORD    YEAR
 MAXIMUM TEMPERATURE (F)   49        72      1951
 MINIMUM TEMPERATURE (F)   28        -8      1981


SUNRISE AND SUNSET
FEBRUARY 10 2016......SUNRISE   713 AM CST   SUNSET   552 PM CST
FEBRUARY 11 2016......SUNRISE   712 AM CST   SUNSET   553 PM CST


-  INDICATES NEGATIVE NUMBERS.
R  INDICATES RECORD WAS SET OR TIED.
MM INDICATES DATA IS MISSING.
T  INDICATES TRACE AMOUNT.




$$
