000
CDUS43 KSGF 250629
CLIJLN


CLIMATE REPORT
NATIONAL WEATHER SERVICE SPRINGFIELD MO
1229 AM CST WED FEB 25 2015


...................................

...THE JOPLIN MO CLIMATE SUMMARY FOR FEBRUARY 24 2015...

CLIMATE NORMAL PERIOD 1981 TO 2010
CLIMATE RECORD PERIOD 1902 TO 2015


WEATHER ITEM   OBSERVED TIME   RECORD YEAR NORMAL DEPARTURE LAST
                VALUE   (LST)  VALUE       VALUE  FROM      YEAR
                                                  NORMAL
..................................................................
TEMPERATURE (F)
 YESTERDAY
  MAXIMUM         41    438 PM  80    1956  53    -12       50
  MINIMUM         22    710 AM   3    1965  32    -10       22
  AVERAGE         32                        43    -11       36

PRECIPITATION (IN)
  YESTERDAY        0.00          1.31 2011   0.10  -0.10     0.00
  MONTH TO DATE    0.50                      1.95  -1.45     0.24
  SINCE DEC 1      3.04                      6.80  -3.76     2.21
  SINCE JAN 1      1.20                      3.98  -2.78     0.83

DEGREE DAYS
 HEATING
  YESTERDAY       33                        22     11       29
  MONTH TO DATE  772                       618    154      779
  SINCE DEC 1   2458                      2410     48     2823
  SINCE JUL 1   3371                      3167    204     3711

 COOLING
  YESTERDAY        0                         0      0        0
  MONTH TO DATE    0                         0      0        0
  SINCE DEC 1      0                         0      0        0
  SINCE JAN 1      0                         0      0        0
..................................................................


WIND (MPH)
  HIGHEST WIND SPEED    21   HIGHEST WIND DIRECTION    SW (220)
  HIGHEST GUST SPEED    26   HIGHEST GUST DIRECTION     W (260)
  AVERAGE WIND SPEED    10.4


SKY COVER
  AVERAGE SKY COVER 0.4


WEATHER CONDITIONS
 THE FOLLOWING WEATHER WAS RECORDED YESTERDAY.
  NO SIGNIFICANT WEATHER WAS OBSERVED.


RELATIVE HUMIDITY (PERCENT)
 HIGHEST    69           900 PM
 LOWEST     44           200 PM
 AVERAGE    57

..........................................................


THE JOPLIN MO CLIMATE NORMALS FOR TODAY
                         NORMAL    RECORD    YEAR
 MAXIMUM TEMPERATURE (F)   54        75      1981
 MINIMUM TEMPERATURE (F)   32         0      1965


SUNRISE AND SUNSET
FEBRUARY 25 2015......SUNRISE   655 AM CST   SUNSET   608 PM CST
FEBRUARY 26 2015......SUNRISE   653 AM CST   SUNSET   609 PM CST


-  INDICATES NEGATIVE NUMBERS.
R  INDICATES RECORD WAS SET OR TIED.
MM INDICATES DATA IS MISSING.
T  INDICATES TRACE AMOUNT.




$$
