000
CDUS43 KSGF 240640
CLIJLN


CLIMATE REPORT
NATIONAL WEATHER SERVICE SPRINGFIELD MO
140 AM CDT SUN MAY 24 2015


...................................

...THE JOPLIN MO CLIMATE SUMMARY FOR MAY 23 2015...

CLIMATE NORMAL PERIOD 1981 TO 2010
CLIMATE RECORD PERIOD 1902 TO 2015


WEATHER ITEM   OBSERVED TIME   RECORD YEAR NORMAL DEPARTURE LAST
                VALUE   (LST)  VALUE       VALUE  FROM      YEAR
                                                  NORMAL
..................................................................
TEMPERATURE (F)
 YESTERDAY
  MAXIMUM         75    236 PM  92    1996  79     -4       84
  MINIMUM         56    626 AM  41    1963  58     -2       60
  AVERAGE         66                        69     -3       72

PRECIPITATION (IN)
  YESTERDAY        0.46          1.83 2011   0.17   0.29     0.00
  MONTH TO DATE    6.35                      4.30   2.05     1.63
  SINCE MAR 1     12.13                     12.19  -0.06     4.76
  SINCE JAN 1     13.65                     16.54  -2.89     5.61

DEGREE DAYS
 HEATING
  YESTERDAY        0                         1     -1        0
  MONTH TO DATE   63                        58      5      103
  SINCE MAR 1    750                       807    -57     1032
  SINCE JUL 1   4286                      4061    225     4881

 COOLING
  YESTERDAY        1                         5     -4        7
  MONTH TO DATE   78                        79     -1      125
  SINCE MAR 1    113                       132    -19      148
  SINCE JAN 1    113                       133    -20      148
..................................................................


WIND (MPH)
  HIGHEST WIND SPEED    16   HIGHEST WIND DIRECTION    SE (120)
  HIGHEST GUST SPEED    27   HIGHEST GUST DIRECTION     E (110)
  AVERAGE WIND SPEED     9.0


SKY COVER
  AVERAGE SKY COVER 0.9


WEATHER CONDITIONS
 THE FOLLOWING WEATHER WAS RECORDED YESTERDAY.
  THUNDERSTORM
  RAIN
  LIGHT RAIN
  FOG
  HAZE


RELATIVE HUMIDITY (PERCENT)
 HIGHEST    93           700 AM
 LOWEST     69          1200 AM
 AVERAGE    81

..........................................................


THE JOPLIN MO CLIMATE NORMALS FOR TODAY
                         NORMAL    RECORD    YEAR
 MAXIMUM TEMPERATURE (F)   80        90      1996
 MINIMUM TEMPERATURE (F)   58        45      2001


SUNRISE AND SUNSET
MAY 24 2015...........SUNRISE   603 AM CDT   SUNSET   827 PM CDT
MAY 25 2015...........SUNRISE   603 AM CDT   SUNSET   827 PM CDT


-  INDICATES NEGATIVE NUMBERS.
R  INDICATES RECORD WAS SET OR TIED.
MM INDICATES DATA IS MISSING.
T  INDICATES TRACE AMOUNT.




$$
