000
CDUS43 KSGF 250629
CLIJLN


CLIMATE REPORT
NATIONAL WEATHER SERVICE SPRINGFIELD MO
129 AM CDT THU AUG 25 2016


...................................

...THE JOPLIN MO CLIMATE SUMMARY FOR AUGUST 24 2016...

CLIMATE NORMAL PERIOD 1981 TO 2010
CLIMATE RECORD PERIOD 1902 TO 2016


WEATHER ITEM   OBSERVED TIME   RECORD YEAR NORMAL DEPARTURE LAST
                VALUE   (LST)  VALUE       VALUE  FROM      YEAR
                                                  NORMAL
..................................................................
TEMPERATURE (F)
 YESTERDAY
  MAXIMUM         95    424 PM 102    1947  90      5       80
  MINIMUM         76    550 AM  53    1961  67      9       57
  AVERAGE         86                        79      7       69

PRECIPITATION (IN)
  YESTERDAY        0.00          1.54 2007   0.11  -0.11     0.00
  MONTH TO DATE    2.89                      2.48   0.41     8.23
  SINCE JUN 1     14.31                     12.15   2.16    20.99
  SINCE JAN 1     28.41                     30.10  -1.69    38.70

DEGREE DAYS
 HEATING
  YESTERDAY        0                         0      0        0
  MONTH TO DATE    0                         0      0        1
  SINCE JUN 1      0                         5     -5        1
  SINCE JUL 1      0                         0      0        1

 COOLING
  YESTERDAY       21                        14      7        4
  MONTH TO DATE  354                       368    -14      290
  SINCE JUN 1   1272                      1159    113     1179
  SINCE JAN 1   1386                      1339     47     1323
..................................................................


WIND (MPH)
  HIGHEST WIND SPEED    24   HIGHEST WIND DIRECTION    SW (220)
  HIGHEST GUST SPEED    39   HIGHEST GUST DIRECTION     S (170)
  AVERAGE WIND SPEED    14.2


SKY COVER
  AVERAGE SKY COVER 0.1


WEATHER CONDITIONS
 THE FOLLOWING WEATHER WAS RECORDED YESTERDAY.
  NO SIGNIFICANT WEATHER WAS OBSERVED.


RELATIVE HUMIDITY (PERCENT)
 HIGHEST    82           400 AM
 LOWEST     41           400 PM
 AVERAGE    62

..........................................................


THE JOPLIN MO CLIMATE NORMALS FOR TODAY
                         NORMAL    RECORD    YEAR
 MAXIMUM TEMPERATURE (F)   90       101      1983
                                             2003
 MINIMUM TEMPERATURE (F)   67        53      1958


SUNRISE AND SUNSET
AUGUST 25 2016........SUNRISE   643 AM CDT   SUNSET   756 PM CDT
AUGUST 26 2016........SUNRISE   644 AM CDT   SUNSET   754 PM CDT


-  INDICATES NEGATIVE NUMBERS.
R  INDICATES RECORD WAS SET OR TIED.
MM INDICATES DATA IS MISSING.
T  INDICATES TRACE AMOUNT.




$$
