000
CDUS43 KSGF 212228
CLIJLN


CLIMATE REPORT
NATIONAL WEATHER SERVICE SPRINGFIELD MO
427 PM CST TUE NOV 21 2017


...................................

...THE JOPLIN MO CLIMATE SUMMARY FOR NOVEMBER 21 2017...
VALID AS OF 0400 PM LOCAL TIME.

CLIMATE NORMAL PERIOD 1981 TO 2010
CLIMATE RECORD PERIOD 1902 TO 2017


WEATHER ITEM   OBSERVED TIME   RECORD YEAR NORMAL DEPARTURE LAST
                VALUE   (LST)  VALUE       VALUE  FROM      YEAR
                                                  NORMAL
..................................................................
TEMPERATURE (F)
 TODAY
  MAXIMUM         59    151 PM  75    1966  56      3       64
  MINIMUM         45    712 AM  16    1964  36      9       38
                                      2000
  AVERAGE         52                        46      6       51

PRECIPITATION (IN)
  TODAY            0.00          0.76 1979   0.11  -0.11     0.00
  MONTH TO DATE    0.26                      2.70  -2.44     0.75
  SINCE SEP 1      6.06                     11.68  -5.62     8.74
  SINCE JAN 1     44.74                     42.65   2.09    38.52

DEGREE DAYS
 HEATING
  TODAY           13                        19     -6       14
  MONTH TO DATE  286                       311    -25      202
  SINCE SEP 1    517                       562    -45      304
  SINCE JUL 1    517                       563    -46      304

 COOLING
  TODAY            0                         0      0        0
  MONTH TO DATE    1                         5     -4       27
  SINCE SEP 1    318                       269     49      391
  SINCE JAN 1   1750                      1696     54     1878
..................................................................


WIND (MPH)
  HIGHEST WIND SPEED    23   HIGHEST WIND DIRECTION     N (360)
  HIGHEST GUST SPEED    32   HIGHEST GUST DIRECTION    NE (40)


SKY COVER
  AVERAGE SKY COVER 0.0


WEATHER CONDITIONS
 THE FOLLOWING WEATHER WAS RECORDED TODAY.
  NO SIGNIFICANT WEATHER WAS OBSERVED.


RELATIVE HUMIDITY (PERCENT)
 HIGHEST    65           500 AM
 LOWEST     40           200 PM
 AVERAGE    53

..........................................................


THE JOPLIN MO CLIMATE NORMALS FOR TOMORROW
                         NORMAL    RECORD    YEAR
 MAXIMUM TEMPERATURE (F)   56        77      1955
                                             1983
 MINIMUM TEMPERATURE (F)   35        19      1964


SUNRISE AND SUNSET
NOVEMBER 21 2017......SUNRISE   703 AM CST   SUNSET   504 PM CST
NOVEMBER 22 2017......SUNRISE   704 AM CST   SUNSET   504 PM CST


-  INDICATES NEGATIVE NUMBERS.
R  INDICATES RECORD WAS SET OR TIED.
MM INDICATES DATA IS MISSING.
T  INDICATES TRACE AMOUNT.




$$
