000
CDUS43 KSGF 042227
CLIJLN


CLIMATE REPORT
NATIONAL WEATHER SERVICE SPRINGFIELD MO
526 PM CDT FRI SEP 4 2015


...................................

...THE JOPLIN MO CLIMATE SUMMARY FOR SEPTEMBER 4 2015...
VALID TODAY AS OF 0500 PM LOCAL TIME.

CLIMATE NORMAL PERIOD 1981 TO 2010
CLIMATE RECORD PERIOD 1902 TO 2015


WEATHER ITEM   OBSERVED TIME   RECORD YEAR NORMAL DEPARTURE LAST
                VALUE   (LST)  VALUE       VALUE  FROM      YEAR
                                                  NORMAL
..................................................................
TEMPERATURE (F)
 TODAY
  MAXIMUM         90    259 PM 102    1954  87      3       93
  MINIMUM         71    615 AM  41    1974  64      7       76
  AVERAGE         81                        76      5       85

PRECIPITATION (IN)
  TODAY            0.00          5.23 1926   0.15  -0.15     0.00
  MONTH TO DATE    0.00                      0.63  -0.63     2.60
  SINCE SEP 1      0.00                      0.63  -0.63     2.60
  SINCE JAN 1     38.70                     31.60   7.10    18.04

DEGREE DAYS
 HEATING
  TODAY            0                         0      0        0
  MONTH TO DATE    0                         0      0        0
  SINCE SEP 1      0                         0      0        0
  SINCE JUL 1      1                         1      0        1

 COOLING
  TODAY           16                        11      5       20
  MONTH TO DATE   59                        45     14       55
  SINCE SEP 1     59                        45     14       55
  SINCE JAN 1   1445                      1472    -27     1388
..................................................................


WIND (MPH)
  HIGHEST WIND SPEED    16   HIGHEST WIND DIRECTION     S (180)
  HIGHEST GUST SPEED    20   HIGHEST GUST DIRECTION     S (180)


SKY COVER
  AVERAGE SKY COVER 0.1


WEATHER CONDITIONS
 THE FOLLOWING WEATHER WAS RECORDED TODAY.
  NO SIGNIFICANT WEATHER WAS OBSERVED.


RELATIVE HUMIDITY (PERCENT)
 HIGHEST    84           500 AM
 LOWEST     52           400 PM
 AVERAGE    68

..........................................................


THE JOPLIN MO CLIMATE NORMALS FOR TOMORROW
                         NORMAL    RECORD    YEAR
 MAXIMUM TEMPERATURE (F)   87       103      1998
 MINIMUM TEMPERATURE (F)   64        44      1974


SUNRISE AND SUNSET
SEPTEMBER  4 2015.....SUNRISE   651 AM CDT   SUNSET   743 PM CDT
SEPTEMBER  5 2015.....SUNRISE   652 AM CDT   SUNSET   741 PM CDT


-  INDICATES NEGATIVE NUMBERS.
R  INDICATES RECORD WAS SET OR TIED.
MM INDICATES DATA IS MISSING.
T  INDICATES TRACE AMOUNT.




$$
