000
CDUS43 KSGF 240649
CLIJLN


CLIMATE REPORT
NATIONAL WEATHER SERVICE SPRINGFIELD MO
148 AM CDT WED MAY 24 2017


...................................

...THE JOPLIN MO CLIMATE SUMMARY FOR MAY 23 2017...

CLIMATE NORMAL PERIOD 1981 TO 2010
CLIMATE RECORD PERIOD 1902 TO 2017


WEATHER ITEM   OBSERVED TIME   RECORD YEAR NORMAL DEPARTURE LAST
                VALUE   (LST)  VALUE       VALUE  FROM      YEAR
                                                  NORMAL
..................................................................
TEMPERATURE (F)
 YESTERDAY
  MAXIMUM         71    403 PM  92    1996  79     -8       76
  MINIMUM         55   1159 PM  41    1963  58     -3       61
  AVERAGE         63                        69     -6       69

PRECIPITATION (IN)
  YESTERDAY        T             1.83 2011   0.17  -0.17     0.02
  MONTH TO DATE    6.59                      4.30   2.29     4.32
  SINCE MAR 1     20.53                     12.19   8.34    11.44
  SINCE JAN 1     24.52                     16.54   7.98    12.11

DEGREE DAYS
 HEATING
  YESTERDAY        2                         1      1        0
  MONTH TO DATE   55                        58     -3      123
  SINCE MAR 1    610                       807   -197      639
  SINCE JUL 1   3162                      4061   -899     3389

 COOLING
  YESTERDAY        0                         5     -5        4
  MONTH TO DATE   85                        79      6       32
  SINCE MAR 1    149                       132     17       54
  SINCE JAN 1    159                       133     26       55
..................................................................


WIND (MPH)
  HIGHEST WIND SPEED    20   HIGHEST WIND DIRECTION    NW (330)
  HIGHEST GUST SPEED    24   HIGHEST GUST DIRECTION    NW (320)
  AVERAGE WIND SPEED     8.9


SKY COVER
  AVERAGE SKY COVER 0.7


WEATHER CONDITIONS
 THE FOLLOWING WEATHER WAS RECORDED YESTERDAY.
  NO SIGNIFICANT WEATHER WAS OBSERVED.


RELATIVE HUMIDITY (PERCENT)
 HIGHEST    93           400 AM
 LOWEST     47           400 PM
 AVERAGE    70

..........................................................


THE JOPLIN MO CLIMATE NORMALS FOR TODAY
                         NORMAL    RECORD    YEAR
 MAXIMUM TEMPERATURE (F)   80        90      1996
 MINIMUM TEMPERATURE (F)   58        45      2001


SUNRISE AND SUNSET
MAY 24 2017...........SUNRISE   603 AM CDT   SUNSET   827 PM CDT
MAY 25 2017...........SUNRISE   603 AM CDT   SUNSET   828 PM CDT


-  INDICATES NEGATIVE NUMBERS.
R  INDICATES RECORD WAS SET OR TIED.
MM INDICATES DATA IS MISSING.
T  INDICATES TRACE AMOUNT.




$$
