000
CDUS43 KSGF 050629
CLIJLN


CLIMATE REPORT
NATIONAL WEATHER SERVICE SPRINGFIELD MO
129 AM CDT SUN JUL 5 2015


...................................

...THE JOPLIN MO CLIMATE SUMMARY FOR JULY 4 2015...

CLIMATE NORMAL PERIOD 1981 TO 2010
CLIMATE RECORD PERIOD 1902 TO 2015


WEATHER ITEM   OBSERVED TIME   RECORD YEAR NORMAL DEPARTURE LAST
                VALUE   (LST)  VALUE       VALUE  FROM      YEAR
                                                  NORMAL
..................................................................
TEMPERATURE (F)
 YESTERDAY
  MAXIMUM         87    444 PM 102    1954  90     -3       86
  MINIMUM         67    548 AM  56    1968  69     -2       57
  AVERAGE         77                        80     -3       72

PRECIPITATION (IN)
  YESTERDAY        0.00          2.92 1983   0.14  -0.14     0.00
  MONTH TO DATE    0.14                      0.57  -0.43      T
  SINCE JUN 1      7.81                      6.43   1.38     3.93
  SINCE JAN 1     25.52                     24.38   1.14    12.68

DEGREE DAYS
 HEATING
  YESTERDAY        0                         0      0        0
  MONTH TO DATE    0                         0      0        0
  SINCE JUN 1      0                         5     -5        2
  SINCE JUL 1      0                         0      0        0

 COOLING
  YESTERDAY       12                        14     -2        7
  MONTH TO DATE   54                        56     -2       24
  SINCE JUN 1    439                       374     65      327
  SINCE JAN 1    583                       554     29      540
..................................................................


WIND (MPH)
  HIGHEST WIND SPEED    10   HIGHEST WIND DIRECTION     S (160)
  HIGHEST GUST SPEED    13   HIGHEST GUST DIRECTION    SE (120)
  AVERAGE WIND SPEED     5.3


SKY COVER
  AVERAGE SKY COVER 0.2


WEATHER CONDITIONS
 THE FOLLOWING WEATHER WAS RECORDED YESTERDAY.
  FOG
  HAZE


RELATIVE HUMIDITY (PERCENT)
 HIGHEST   100           500 AM
 LOWEST     48           500 PM
 AVERAGE    74

..........................................................


THE JOPLIN MO CLIMATE NORMALS FOR TODAY
                         NORMAL    RECORD    YEAR
 MAXIMUM TEMPERATURE (F)   90       105      1954
 MINIMUM TEMPERATURE (F)   70        51      1972
                                             1997


SUNRISE AND SUNSET
JULY  5 2015..........SUNRISE   603 AM CDT   SUNSET   841 PM CDT
JULY  6 2015..........SUNRISE   604 AM CDT   SUNSET   841 PM CDT


-  INDICATES NEGATIVE NUMBERS.
R  INDICATES RECORD WAS SET OR TIED.
MM INDICATES DATA IS MISSING.
T  INDICATES TRACE AMOUNT.




$$
