000
CDUS43 KSGF 270628
CLIJLN


CLIMATE REPORT
NATIONAL WEATHER SERVICE SPRINGFIELD MO
1227 AM CST THU NOV 27 2014


...................................

...THE JOPLIN MO CLIMATE SUMMARY FOR NOVEMBER 26 2014...

CLIMATE NORMAL PERIOD 1981 TO 2010
CLIMATE RECORD PERIOD 1902 TO 2014


WEATHER ITEM   OBSERVED TIME   RECORD YEAR NORMAL DEPARTURE LAST
                VALUE   (LST)  VALUE       VALUE  FROM      YEAR
                                                  NORMAL
..................................................................
TEMPERATURE (F)
 YESTERDAY
  MAXIMUM         49   1133 AM  78    1990  54     -5       43
  MINIMUM         32   1159 PM  11    1975  33     -1       24
                                      1977
  AVERAGE         41                        44     -3       34

PRECIPITATION (IN)
  YESTERDAY        T             1.25 1982   0.12  -0.12     0.00
  MONTH TO DATE    1.95                      3.31  -1.36     2.42
  SINCE SEP 1     14.43                     12.29   2.14     7.14
  SINCE JAN 1     29.87                     43.26 -13.39    42.60

DEGREE DAYS
 HEATING
  YESTERDAY       24                        22      2       31
  MONTH TO DATE  633                       415    218      504
  SINCE SEP 1    845                       666    179      781
  SINCE JUL 1    846                       667    179      781

 COOLING
  YESTERDAY        0                         0      0        0
  MONTH TO DATE    0                         5     -5        0
  SINCE SEP 1    250                       269    -19      304
  SINCE JAN 1   1583                      1696   -113     1568
..................................................................


WIND (MPH)
  HIGHEST WIND SPEED    26   HIGHEST WIND DIRECTION    NW (310)
  HIGHEST GUST SPEED    34   HIGHEST GUST DIRECTION    NW (300)
  AVERAGE WIND SPEED    13.8


SKY COVER
  AVERAGE SKY COVER 0.8


WEATHER CONDITIONS
 THE FOLLOWING WEATHER WAS RECORDED YESTERDAY.
  LIGHT RAIN


RELATIVE HUMIDITY (PERCENT)
 HIGHEST    72          1000 PM
 LOWEST     42           100 PM
 AVERAGE    57

..........................................................


THE JOPLIN MO CLIMATE NORMALS FOR TODAY
                         NORMAL    RECORD    YEAR
 MAXIMUM TEMPERATURE (F)   53        76      1960
 MINIMUM TEMPERATURE (F)   33         9      1975


SUNRISE AND SUNSET
NOVEMBER 27 2014......SUNRISE   709 AM CST   SUNSET   502 PM CST
NOVEMBER 28 2014......SUNRISE   710 AM CST   SUNSET   502 PM CST


-  INDICATES NEGATIVE NUMBERS.
R  INDICATES RECORD WAS SET OR TIED.
MM INDICATES DATA IS MISSING.
T  INDICATES TRACE AMOUNT.




$$
