000
CDUS43 KSGF 230647
CLIJLN


CLIMATE REPORT
NATIONAL WEATHER SERVICE SPRINGFIELD MO
143 AM CDT SUN APR 23 2017


...................................

...THE JOPLIN MO CLIMATE SUMMARY FOR APRIL 22 2017...

CLIMATE NORMAL PERIOD 1981 TO 2010
CLIMATE RECORD PERIOD 1902 TO 2017


WEATHER ITEM   OBSERVED TIME   RECORD YEAR NORMAL DEPARTURE LAST
                VALUE   (LST)  VALUE       VALUE  FROM      YEAR
                                                  NORMAL
..................................................................
TEMPERATURE (F)
 YESTERDAY
  MAXIMUM         51    536 PM  90    1965  72    -21       74
  MINIMUM         44   1102 AM  29    1986  49     -5       48
  AVERAGE         48                        60    -12       61

PRECIPITATION (IN)
  YESTERDAY        0.10          2.36 1983   0.16  -0.06     0.00
  MONTH TO DATE    5.01                      3.02   1.99     1.86
  SINCE MAR 1      7.71                      6.44   1.27     4.43
  SINCE JAN 1     11.70                     10.79   0.91     5.10

DEGREE DAYS
 HEATING
  YESTERDAY       17                         6     11        4
  MONTH TO DATE  113                       199    -86      138
  SINCE MAR 1    493                       707   -214      500
  SINCE JUL 1   3045                      3961   -916     3250

 COOLING
  YESTERDAY        0                         2     -2        0
  MONTH TO DATE   44                        28     16        7
  SINCE MAR 1     61                        37     24       10
  SINCE JAN 1     71                        38     33       11
..................................................................


WIND (MPH)
  HIGHEST WIND SPEED    20   HIGHEST WIND DIRECTION    NE (40)
  HIGHEST GUST SPEED    26   HIGHEST GUST DIRECTION    NE (50)
  AVERAGE WIND SPEED     8.9


SKY COVER
  AVERAGE SKY COVER 0.9


WEATHER CONDITIONS
 THE FOLLOWING WEATHER WAS RECORDED YESTERDAY.
  LIGHT RAIN
  FOG


RELATIVE HUMIDITY (PERCENT)
 HIGHEST   100           200 AM
 LOWEST     68           500 PM
 AVERAGE    84

..........................................................


THE JOPLIN MO CLIMATE NORMALS FOR TODAY
                         NORMAL    RECORD    YEAR
 MAXIMUM TEMPERATURE (F)   72        90      1989
 MINIMUM TEMPERATURE (F)   49        35      1956


SUNRISE AND SUNSET
APRIL 23 2017.........SUNRISE   633 AM CDT   SUNSET   800 PM CDT
APRIL 24 2017.........SUNRISE   631 AM CDT   SUNSET   801 PM CDT


-  INDICATES NEGATIVE NUMBERS.
R  INDICATES RECORD WAS SET OR TIED.
MM INDICATES DATA IS MISSING.
T  INDICATES TRACE AMOUNT.




$$
