000
CDUS43 KSGF 200625
CLIJLN


CLIMATE REPORT
NATIONAL WEATHER SERVICE SPRINGFIELD MO
125 AM CDT SUN APR 20 2014


...................................

...THE JOPLIN MO CLIMATE SUMMARY FOR APRIL 19 2014...

CLIMATE NORMAL PERIOD 1981 TO 2010
CLIMATE RECORD PERIOD 1902 TO 2014


WEATHER ITEM   OBSERVED TIME   RECORD YEAR NORMAL DEPARTURE LAST
                VALUE   (LST)  VALUE       VALUE  FROM      YEAR
                                                  NORMAL
..................................................................
TEMPERATURE (F)
 YESTERDAY
  MAXIMUM         76    425 PM  93    1987  71      5       55
  MINIMUM         51    551 AM  31    1953  48      3       33
                                      1988
  AVERAGE         64                        60      4       44

PRECIPITATION (IN)
  YESTERDAY        0.00          1.31 1976   0.15  -0.15      T
  MONTH TO DATE    0.55                      2.54  -1.99     3.62
  SINCE MAR 1      2.43                      5.96  -3.53     6.32
  SINCE JAN 1      3.28                     10.31  -7.03    11.47

DEGREE DAYS
 HEATING
  YESTERDAY        1                         7     -6       21
  MONTH TO DATE  214                       179     35      221
  SINCE MAR 1    877                       687    190      878
  SINCE JUL 1   4726                      3941    785     3994

 COOLING
  YESTERDAY        0                         2     -2        0
  MONTH TO DATE   10                        22    -12       14
  SINCE MAR 1     10                        31    -21       14
  SINCE JAN 1     10                        32    -22       15
..................................................................


WIND (MPH)
  HIGHEST WIND SPEED    20   HIGHEST WIND DIRECTION     S (200)
  HIGHEST GUST SPEED    26   HIGHEST GUST DIRECTION     S (180)
  AVERAGE WIND SPEED     9.8


SKY COVER
  AVERAGE SKY COVER 0.0


WEATHER CONDITIONS
 THE FOLLOWING WEATHER WAS RECORDED YESTERDAY.
  NO SIGNIFICANT WEATHER WAS OBSERVED.


RELATIVE HUMIDITY (PERCENT)
 HIGHEST    71           500 AM
 LOWEST     33           100 PM
 AVERAGE    52

..........................................................


THE JOPLIN MO CLIMATE NORMALS FOR TODAY
                         NORMAL    RECORD    YEAR
 MAXIMUM TEMPERATURE (F)   72        92      1987
 MINIMUM TEMPERATURE (F)   48        29      1953


SUNRISE AND SUNSET
APRIL 20 2014.........SUNRISE   637 AM CDT   SUNSET   757 PM CDT
APRIL 21 2014.........SUNRISE   636 AM CDT   SUNSET   758 PM CDT


-  INDICATES NEGATIVE NUMBERS.
R  INDICATES RECORD WAS SET OR TIED.
MM INDICATES DATA IS MISSING.
T  INDICATES TRACE AMOUNT.




$$
