000
CDUS43 KSGF 022226
CLIJLN


CLIMATE REPORT
NATIONAL WEATHER SERVICE SPRINGFIELD MO
426 PM CST MON MAR 2 2015


...................................

...THE JOPLIN MO CLIMATE SUMMARY FOR MARCH 2 2015...
VALID AS OF 0400 PM LOCAL TIME.

CLIMATE NORMAL PERIOD 1981 TO 2010
CLIMATE RECORD PERIOD 1902 TO 2015


WEATHER ITEM   OBSERVED TIME   RECORD YEAR NORMAL DEPARTURE LAST
                VALUE   (LST)  VALUE       VALUE  FROM      YEAR
                                                  NORMAL
..................................................................
TEMPERATURE (F)
 TODAY
  MAXIMUM         37    304 PM  80    1983  55    -18       22
  MINIMUM         20    550 AM   3    1980  34    -14        4
  AVERAGE         29                        44    -15       13

PRECIPITATION (IN)
  TODAY            0.00          1.02 1988   0.10  -0.10     0.16
  MONTH TO DATE    T                         0.20  -0.20     0.16
  SINCE MAR 1      T                         0.20  -0.20     0.16
  SINCE JAN 1      1.52                      4.55  -3.03     1.01

DEGREE DAYS
 HEATING
  TODAY           36                        21     15       52
  MONTH TO DATE   72                        42     30       83
  SINCE MAR 1     72                        42     30       83
  SINCE JUL 1   3608                      3296    312     3932

 COOLING
  TODAY            0                         0      0        0
  MONTH TO DATE    0                         0      0        0
  SINCE MAR 1      0                         0      0        0
  SINCE JAN 1      0                         1     -1        0
..................................................................


WIND (MPH)
  HIGHEST WIND SPEED    20   HIGHEST WIND DIRECTION     E (110)
  HIGHEST GUST SPEED    25   HIGHEST GUST DIRECTION     E (110)


SKY COVER
  AVERAGE SKY COVER 0.3


WEATHER CONDITIONS
 THE FOLLOWING WEATHER WAS RECORDED TODAY.
  FOG
  HAZE


RELATIVE HUMIDITY (PERCENT)
 HIGHEST    88           100 AM
 LOWEST     47          1100 AM
 AVERAGE    68

..........................................................


THE JOPLIN MO CLIMATE NORMALS FOR TOMORROW
                         NORMAL    RECORD    YEAR
 MAXIMUM TEMPERATURE (F)   56        81      1983
 MINIMUM TEMPERATURE (F)   34         0      2002


SUNRISE AND SUNSET
MARCH  2 2015.........SUNRISE   648 AM CST   SUNSET   613 PM CST
MARCH  3 2015.........SUNRISE   647 AM CST   SUNSET   614 PM CST


-  INDICATES NEGATIVE NUMBERS.
R  INDICATES RECORD WAS SET OR TIED.
MM INDICATES DATA IS MISSING.
T  INDICATES TRACE AMOUNT.




$$
