000
CDUS43 KSGF 012126
CLIJLN


CLIMATE REPORT
NATIONAL WEATHER SERVICE SPRINGFIELD MO
426 PM CDT MON SEP 1 2014


...................................

...THE JOPLIN MO CLIMATE SUMMARY FOR SEPTEMBER 1 2014...
VALID AS OF 0400 PM LOCAL TIME.

CLIMATE NORMAL PERIOD 1981 TO 2010
CLIMATE RECORD PERIOD 1902 TO 2014


WEATHER ITEM   OBSERVED TIME   RECORD YEAR NORMAL DEPARTURE LAST
                VALUE   (LST)  VALUE       VALUE  FROM      YEAR
                                                  NORMAL
..................................................................
TEMPERATURE (F)
 TODAY
  MAXIMUM         88    224 PM 105    2000  88      0       85
  MINIMUM         63    425 AM  45    1949  65     -2       72
  AVERAGE         76                        77     -1       79

PRECIPITATION (IN)
  TODAY            0.93          2.12 2003   0.16   0.77      T
  MONTH TO DATE    0.93                      0.16   0.77      T
  SINCE SEP 1      0.93                      0.16   0.77      T
  SINCE JAN 1     16.37                     31.13 -14.76    35.46

DEGREE DAYS
 HEATING
  TODAY            0                         0      0        0
  MONTH TO DATE    0                         0      0        0
  SINCE SEP 1      0                         0      0        0
  SINCE JUL 1      1                         1      0        0

 COOLING
  TODAY           11                        12     -1       14
  MONTH TO DATE   11                        12     -1       14
  SINCE SEP 1     11                        12     -1       14
  SINCE JAN 1   1344                      1439    -95     1278
..................................................................


WIND (MPH)
  HIGHEST WIND SPEED    38   HIGHEST WIND DIRECTION    NW (310)
  HIGHEST GUST SPEED    50   HIGHEST GUST DIRECTION    NW (300)


SKY COVER
  AVERAGE SKY COVER 0.7


WEATHER CONDITIONS
 THE FOLLOWING WEATHER WAS RECORDED TODAY.
  THUNDERSTORM
  HEAVY RAIN
  RAIN
  LIGHT RAIN
  FOG


RELATIVE HUMIDITY (PERCENT)
 HIGHEST    93           700 AM
 LOWEST     55           200 PM
 AVERAGE    74

..........................................................


THE JOPLIN MO CLIMATE NORMALS FOR TOMORROW
                         NORMAL    RECORD    YEAR
 MAXIMUM TEMPERATURE (F)   88       105      2000
 MINIMUM TEMPERATURE (F)   65        48      1974


SUNRISE AND SUNSET
SEPTEMBER  1 2014.....SUNRISE   649 AM CDT   SUNSET   747 PM CDT
SEPTEMBER  2 2014.....SUNRISE   649 AM CDT   SUNSET   745 PM CDT


-  INDICATES NEGATIVE NUMBERS.
R  INDICATES RECORD WAS SET OR TIED.
MM INDICATES DATA IS MISSING.
T  INDICATES TRACE AMOUNT.




$$
