000
CDUS43 KSGF 192227
CLIJLN


CLIMATE REPORT
NATIONAL WEATHER SERVICE SPRINGFIELD MO
526 PM CDT TUE AUG 19 2014


...................................

...THE JOPLIN MO CLIMATE SUMMARY FOR AUGUST 19 2014...
VALID TODAY AS OF 0500 PM LOCAL TIME.

CLIMATE NORMAL PERIOD 1981 TO 2010
CLIMATE RECORD PERIOD 1902 TO 2014


WEATHER ITEM   OBSERVED TIME   RECORD YEAR NORMAL DEPARTURE LAST
                VALUE   (LST)  VALUE       VALUE  FROM      YEAR
                                                  NORMAL
..................................................................
TEMPERATURE (F)
 TODAY
  MAXIMUM         98    231 PM 101    1962  91      7       86
                                      2003
  MINIMUM         72    411 AM  55    1950  68      4       60
  AVERAGE         85                        80      5       73

PRECIPITATION (IN)
  TODAY            0.00          3.13 2009   0.11  -0.11     0.00
  MONTH TO DATE    1.49                      1.94  -0.45     4.60
  SINCE JUN 1      6.66                     11.61  -4.95    13.07
  SINCE JAN 1     15.41                     29.56 -14.15    35.46

DEGREE DAYS
 HEATING
  TODAY            0                         0      0        0
  MONTH TO DATE    0                         0      0        0
  SINCE JUN 1      3                         5     -2       12
  SINCE JUL 1      1                         0      1        0

 COOLING
  TODAY           20                        15      5        8
  MONTH TO DATE  242                       296    -54      190
  SINCE JUN 1    875                      1087   -212      921
  SINCE JAN 1   1088                      1267   -179     1065
..................................................................


WIND (MPH)
  HIGHEST WIND SPEED    20   HIGHEST WIND DIRECTION     S (200)
  HIGHEST GUST SPEED    24   HIGHEST GUST DIRECTION    SW (220)


SKY COVER
  AVERAGE SKY COVER 0.1


WEATHER CONDITIONS
 THE FOLLOWING WEATHER WAS RECORDED TODAY.
  NO SIGNIFICANT WEATHER WAS OBSERVED.


RELATIVE HUMIDITY (PERCENT)
 HIGHEST    87           500 AM
 LOWEST     35           200 PM
 AVERAGE    61

..........................................................


THE JOPLIN MO CLIMATE NORMALS FOR TOMORROW
                         NORMAL    RECORD    YEAR
 MAXIMUM TEMPERATURE (F)   91       101      2003
 MINIMUM TEMPERATURE (F)   68        50      1950


SUNRISE AND SUNSET
AUGUST 19 2014........SUNRISE   638 AM CDT   SUNSET   805 PM CDT
AUGUST 20 2014........SUNRISE   639 AM CDT   SUNSET   803 PM CDT


-  INDICATES NEGATIVE NUMBERS.
R  INDICATES RECORD WAS SET OR TIED.
MM INDICATES DATA IS MISSING.
T  INDICATES TRACE AMOUNT.




$$
