601
CDUS43 KSGF 150630
CLIJLN


CLIMATE REPORT
NATIONAL WEATHER SERVICE SPRINGFIELD MO
130 AM CDT TUE AUG 15 2017


...................................

...THE JOPLIN MO CLIMATE SUMMARY FOR AUGUST 14 2017...

CLIMATE NORMAL PERIOD 1981 TO 2010
CLIMATE RECORD PERIOD 1902 TO 2017


WEATHER ITEM   OBSERVED TIME   RECORD YEAR NORMAL DEPARTURE LAST
                VALUE   (LST)  VALUE       VALUE  FROM      YEAR
                                                  NORMAL
..................................................................
TEMPERATURE (F)
 YESTERDAY
  MAXIMUM         87    318 PM 103    2007  92     -5       83
  MINIMUM         70    634 AM  54    2004  69      1       65
  AVERAGE         79                        80     -1       74

PRECIPITATION (IN)
  YESTERDAY        0.00          4.91 1980   0.10  -0.10     0.00
  MONTH TO DATE    2.25                      1.42   0.83     2.67
  SINCE JUN 1      9.54                     11.09  -1.55    14.09
  SINCE JAN 1     35.47                     29.04   6.43    28.19

DEGREE DAYS
 HEATING
  YESTERDAY        0                         0      0        0
  MONTH TO DATE    0                         0      0        0
  SINCE JUN 1      0                         5     -5        0
  SINCE JUL 1      0                         0      0        0

 COOLING
  YESTERDAY       14                        15     -1        9
  MONTH TO DATE  159                       221    -62      249
  SINCE JUN 1   1025                      1012     13     1167
  SINCE JAN 1   1232                      1192     40     1281
..................................................................


WIND (MPH)
  HIGHEST WIND SPEED    14   HIGHEST WIND DIRECTION     S (180)
  HIGHEST GUST SPEED    16   HIGHEST GUST DIRECTION     S (180)
  AVERAGE WIND SPEED     4.5


SKY COVER
  AVERAGE SKY COVER 0.4


WEATHER CONDITIONS
 THE FOLLOWING WEATHER WAS RECORDED YESTERDAY.
  NO SIGNIFICANT WEATHER WAS OBSERVED.


RELATIVE HUMIDITY (PERCENT)
 HIGHEST   100           600 AM
 LOWEST     55           300 PM
 AVERAGE    78

..........................................................


THE JOPLIN MO CLIMATE NORMALS FOR TODAY
                         NORMAL    RECORD    YEAR
 MAXIMUM TEMPERATURE (F)   92       104      1956
 MINIMUM TEMPERATURE (F)   69        49      1994


SUNRISE AND SUNSET
AUGUST 15 2017........SUNRISE   635 AM CDT   SUNSET   809 PM CDT
AUGUST 16 2017........SUNRISE   636 AM CDT   SUNSET   808 PM CDT


-  INDICATES NEGATIVE NUMBERS.
R  INDICATES RECORD WAS SET OR TIED.
MM INDICATES DATA IS MISSING.
T  INDICATES TRACE AMOUNT.




$$
