000
CDUS43 KSGF 230629
CLIJLN


CLIMATE REPORT
NATIONAL WEATHER SERVICE SPRINGFIELD MO
1229 AM CST TUE DEC 23 2014


...................................

...THE JOPLIN MO CLIMATE SUMMARY FOR DECEMBER 22 2014...

CLIMATE NORMAL PERIOD 1981 TO 2010
CLIMATE RECORD PERIOD 1902 TO 2014


WEATHER ITEM   OBSERVED TIME   RECORD YEAR NORMAL DEPARTURE LAST
                VALUE   (LST)  VALUE       VALUE  FROM      YEAR
                                                  NORMAL
..................................................................
TEMPERATURE (F)
 YESTERDAY
  MAXIMUM         50    205 PM  71    1982  45      5       32
  MINIMUM         37   1159 PM -15    1989  26     11       24
  AVERAGE         44                        36      8       28

PRECIPITATION (IN)
  YESTERDAY        0.09          2.29 1988   0.09   0.00      T
  MONTH TO DATE    1.69                      2.11  -0.42     1.38
  SINCE DEC 1      1.69                      2.11  -0.42     1.38
  SINCE JAN 1     31.56                     45.84 -14.28    43.98

DEGREE DAYS
 HEATING
  YESTERDAY       21                        29     -8       37
  MONTH TO DATE  506                       592    -86      686
  SINCE DEC 1    506                       592    -86      686
  SINCE JUL 1   1419                      1349     70     1574

 COOLING
  YESTERDAY        0                         0      0        0
  MONTH TO DATE    0                         0      0        0
  SINCE DEC 1      0                         0      0        0
  SINCE JAN 1   1583                      1698   -115     1568
..................................................................


WIND (MPH)
  HIGHEST WIND SPEED    20   HIGHEST WIND DIRECTION     W (260)
  HIGHEST GUST SPEED    28   HIGHEST GUST DIRECTION     W (270)
  AVERAGE WIND SPEED     8.9


SKY COVER
  AVERAGE SKY COVER 0.8


WEATHER CONDITIONS
 THE FOLLOWING WEATHER WAS RECORDED YESTERDAY.
  LIGHT RAIN
  FOG


RELATIVE HUMIDITY (PERCENT)
 HIGHEST   100           600 PM
 LOWEST     83          1200 AM
 AVERAGE    92

..........................................................


THE JOPLIN MO CLIMATE NORMALS FOR TODAY
                         NORMAL    RECORD    YEAR
 MAXIMUM TEMPERATURE (F)   45        73      1982
 MINIMUM TEMPERATURE (F)   26       -15      1989


SUNRISE AND SUNSET
DECEMBER 23 2014......SUNRISE   729 AM CST   SUNSET   505 PM CST
DECEMBER 24 2014......SUNRISE   729 AM CST   SUNSET   506 PM CST


-  INDICATES NEGATIVE NUMBERS.
R  INDICATES RECORD WAS SET OR TIED.
MM INDICATES DATA IS MISSING.
T  INDICATES TRACE AMOUNT.




$$
