000
CDUS43 KSGF 310647
CLIJLN


CLIMATE REPORT
NATIONAL WEATHER SERVICE SPRINGFIELD MO
146 AM CDT MON AUG 31 2015


...................................

...THE JOPLIN MO CLIMATE SUMMARY FOR AUGUST 30 2015...

CLIMATE NORMAL PERIOD 1981 TO 2010
CLIMATE RECORD PERIOD 1902 TO 2015


WEATHER ITEM   OBSERVED TIME   RECORD YEAR NORMAL DEPARTURE LAST
                VALUE   (LST)  VALUE       VALUE  FROM      YEAR
                                                  NORMAL
..................................................................
TEMPERATURE (F)
 YESTERDAY
  MAXIMUM         87    243 PM 103    2000  89     -2       93
  MINIMUM         66    440 AM  50    1988  66      0       71
  AVERAGE         77                        77      0       82

PRECIPITATION (IN)
  YESTERDAY        T             1.26 1994   0.13  -0.13     0.00
  MONTH TO DATE    8.23                      3.22   5.01     1.52
  SINCE JUN 1     20.99                     12.89   8.10     6.69
  SINCE JAN 1     38.70                     30.84   7.86    15.44

DEGREE DAYS
 HEATING
  YESTERDAY        0                         0      0        0
  MONTH TO DATE    1                         0      1        0
  SINCE JUN 1      1                         5     -4        3
  SINCE JUL 1      1                         0      1        1

 COOLING
  YESTERDAY       12                        12      0       17
  MONTH TO DATE  338                       446   -108      468
  SINCE JUN 1   1227                      1237    -10     1101
  SINCE JAN 1   1371                      1417    -46     1314
..................................................................


WIND (MPH)
  HIGHEST WIND SPEED    12   HIGHEST WIND DIRECTION     E (80)
  HIGHEST GUST SPEED    24   HIGHEST GUST DIRECTION     S (180)
  AVERAGE WIND SPEED     4.2


SKY COVER
  AVERAGE SKY COVER 0.5


WEATHER CONDITIONS
 THE FOLLOWING WEATHER WAS RECORDED YESTERDAY.
  THUNDERSTORM
  FOG
  FOG W/VISIBILITY <= 1/4 MILE
  HAZE


RELATIVE HUMIDITY (PERCENT)
 HIGHEST   100           200 AM
 LOWEST     57           100 PM
 AVERAGE    79

..........................................................


THE JOPLIN MO CLIMATE NORMALS FOR TODAY
                         NORMAL    RECORD    YEAR
 MAXIMUM TEMPERATURE (F)   89       105      2000
 MINIMUM TEMPERATURE (F)   66        49      2009


SUNRISE AND SUNSET
AUGUST 31 2015........SUNRISE   648 AM CDT   SUNSET   748 PM CDT
SEPTEMBER  1 2015.....SUNRISE   648 AM CDT   SUNSET   747 PM CDT


-  INDICATES NEGATIVE NUMBERS.
R  INDICATES RECORD WAS SET OR TIED.
MM INDICATES DATA IS MISSING.
T  INDICATES TRACE AMOUNT.




$$
