000
CDUS43 KSGF 250629
CLIJLN


CLIMATE REPORT
NATIONAL WEATHER SERVICE SPRINGFIELD MO
1226 AM CST TUE NOV 25 2014


...................................

...THE JOPLIN MO CLIMATE SUMMARY FOR NOVEMBER 24 2014...

CLIMATE NORMAL PERIOD 1981 TO 2010
CLIMATE RECORD PERIOD 1902 TO 2014


WEATHER ITEM   OBSERVED TIME   RECORD YEAR NORMAL DEPARTURE LAST
                VALUE   (LST)  VALUE       VALUE  FROM      YEAR
                                                  NORMAL
..................................................................
TEMPERATURE (F)
 YESTERDAY
  MAXIMUM         50    327 PM  76    2006  55     -5       31
  MINIMUM         30   1133 PM  10    1950  34     -4       16
  AVERAGE         40                        44     -4       24

PRECIPITATION (IN)
  YESTERDAY        T             3.35 1987   0.12  -0.12     0.00
  MONTH TO DATE    1.95                      3.06  -1.11     2.42
  SINCE SEP 1     14.43                     12.04   2.39     7.14
  SINCE JAN 1     29.87                     43.01 -13.14    42.60

DEGREE DAYS
 HEATING
  YESTERDAY       25                        21      4       41
  MONTH TO DATE  578                       372    206      441
  SINCE SEP 1    790                       623    167      718
  SINCE JUL 1    791                       624    167      718

 COOLING
  YESTERDAY        0                         0      0        0
  MONTH TO DATE    0                         5     -5        0
  SINCE SEP 1    250                       269    -19      304
  SINCE JAN 1   1583                      1696   -113     1568
..................................................................


WIND (MPH)
  HIGHEST WIND SPEED    24   HIGHEST WIND DIRECTION     W (280)
  HIGHEST GUST SPEED    32   HIGHEST GUST DIRECTION     W (290)
  AVERAGE WIND SPEED    12.7


SKY COVER
  AVERAGE SKY COVER 0.1


WEATHER CONDITIONS
 THE FOLLOWING WEATHER WAS RECORDED YESTERDAY.
  LIGHT RAIN


RELATIVE HUMIDITY (PERCENT)
 HIGHEST    82           700 AM
 LOWEST     39           200 PM
 AVERAGE    61

..........................................................


THE JOPLIN MO CLIMATE NORMALS FOR TODAY
                         NORMAL    RECORD    YEAR
 MAXIMUM TEMPERATURE (F)   54        78      1965
 MINIMUM TEMPERATURE (F)   34        14      1950


SUNRISE AND SUNSET
NOVEMBER 25 2014......SUNRISE   707 AM CST   SUNSET   503 PM CST
NOVEMBER 26 2014......SUNRISE   708 AM CST   SUNSET   502 PM CST


-  INDICATES NEGATIVE NUMBERS.
R  INDICATES RECORD WAS SET OR TIED.
MM INDICATES DATA IS MISSING.
T  INDICATES TRACE AMOUNT.




$$
