000
CDUS43 KSGF 210637
CLIJLN


CLIMATE REPORT
NATIONAL WEATHER SERVICE SPRINGFIELD MO
136 AM CDT WED JUN 21 2017


...................................

...THE JOPLIN MO CLIMATE SUMMARY FOR JUNE 20 2017...

CLIMATE NORMAL PERIOD 1981 TO 2010
CLIMATE RECORD PERIOD 1902 TO 2017


WEATHER ITEM   OBSERVED TIME   RECORD YEAR NORMAL DEPARTURE LAST
                VALUE   (LST)  VALUE       VALUE  FROM      YEAR
                                                  NORMAL
..................................................................
TEMPERATURE (F)
 YESTERDAY
  MAXIMUM         90    412 PM  99    1953  87      3       93
  MINIMUM         61    404 AM  47    1976  67     -6       72
  AVERAGE         76                        77     -1       83

PRECIPITATION (IN)
  YESTERDAY        0.00          4.55 1977   0.21  -0.21     0.00
  MONTH TO DATE    2.47                      4.04  -1.57     1.19
  SINCE JUN 1      2.47                      4.04  -1.57     1.19
  SINCE JAN 1     28.40                     21.99   6.41    15.29

DEGREE DAYS
 HEATING
  YESTERDAY        0                         0      0        0
  MONTH TO DATE    0                         2     -2        0
  SINCE JUN 1      0                         2     -2        0
  SINCE JUL 1   3169                      4071   -902     3389

 COOLING
  YESTERDAY       11                        12     -1       18
  MONTH TO DATE  213                       188     25      255
  SINCE JUN 1    213                       188     25      255
  SINCE JAN 1    420                       368     52      369
..................................................................


WIND (MPH)
  HIGHEST WIND SPEED    13   HIGHEST WIND DIRECTION    SW (220)
  HIGHEST GUST SPEED    16   HIGHEST GUST DIRECTION     W (250)
  AVERAGE WIND SPEED     6.2


SKY COVER
  AVERAGE SKY COVER 0.0


WEATHER CONDITIONS
 THE FOLLOWING WEATHER WAS RECORDED YESTERDAY.
  FOG


RELATIVE HUMIDITY (PERCENT)
 HIGHEST   100           200 AM
 LOWEST     52           200 PM
 AVERAGE    76

..........................................................


THE JOPLIN MO CLIMATE NORMALS FOR TODAY
                         NORMAL    RECORD    YEAR
 MAXIMUM TEMPERATURE (F)   87       101      1953
 MINIMUM TEMPERATURE (F)   67        52      1976


SUNRISE AND SUNSET
JUNE 21 2017..........SUNRISE   558 AM CDT   SUNSET   842 PM CDT
JUNE 22 2017..........SUNRISE   558 AM CDT   SUNSET   842 PM CDT


-  INDICATES NEGATIVE NUMBERS.
R  INDICATES RECORD WAS SET OR TIED.
MM INDICATES DATA IS MISSING.
T  INDICATES TRACE AMOUNT.




$$
