000
CDUS43 KSGF 272131
CLIJLN


CLIMATE REPORT
NATIONAL WEATHER SERVICE SPRINGFIELD MO
431 PM CDT MON OCT 27 2014


...................................

...THE JOPLIN MO CLIMATE SUMMARY FOR OCTOBER 27 2014...
VALID AS OF 0400 PM LOCAL TIME.

CLIMATE NORMAL PERIOD 1981 TO 2010
CLIMATE RECORD PERIOD 1902 TO 2014


WEATHER ITEM   OBSERVED TIME   RECORD YEAR NORMAL DEPARTURE LAST
                VALUE   (LST)  VALUE       VALUE  FROM      YEAR
                                                  NORMAL
..................................................................
TEMPERATURE (F)
 TODAY
  MAXIMUM         80    210 PM  85    1999  68     12       64
                                      1977
  MINIMUM         67    654 AM  24    1957  45     22       30
  AVERAGE         74                        57     17       47

PRECIPITATION (IN)
  TODAY            0.00          2.57 1996   0.13  -0.13     0.00
  MONTH TO DATE    7.61                      3.52   4.09     1.52
  SINCE SEP 1     12.14                      8.47   3.67     1.52
  SINCE JAN 1     27.58                     39.44 -11.86    36.98

DEGREE DAYS
 HEATING
  TODAY            0                         9     -9       18
  MONTH TO DATE  129                       170    -41      246
  SINCE SEP 1    156                       211    -55      257
  SINCE JUL 1    157                       212    -55      257

 COOLING
  TODAY            9                         1      8        0
  MONTH TO DATE   58                        45     13       51
  SINCE SEP 1    254                       260     -6      302
  SINCE JAN 1   1587                      1687   -100     1566
..................................................................


WIND (MPH)
  HIGHEST WIND SPEED    30   HIGHEST WIND DIRECTION     S (190)
  HIGHEST GUST SPEED    38   HIGHEST GUST DIRECTION     S (180)


SKY COVER
  AVERAGE SKY COVER 0.0


WEATHER CONDITIONS
 THE FOLLOWING WEATHER WAS RECORDED TODAY.
  NO SIGNIFICANT WEATHER WAS OBSERVED.


RELATIVE HUMIDITY (PERCENT)
 HIGHEST    66          1200 AM
 LOWEST     50           100 PM
 AVERAGE    58

..........................................................


THE JOPLIN MO CLIMATE NORMALS FOR TOMORROW
                         NORMAL    RECORD    YEAR
 MAXIMUM TEMPERATURE (F)   68        84      1950
 MINIMUM TEMPERATURE (F)   45        25      2012


SUNRISE AND SUNSET
OCTOBER 27 2014.......SUNRISE   737 AM CDT   SUNSET   626 PM CDT
OCTOBER 28 2014.......SUNRISE   738 AM CDT   SUNSET   625 PM CDT


-  INDICATES NEGATIVE NUMBERS.
R  INDICATES RECORD WAS SET OR TIED.
MM INDICATES DATA IS MISSING.
T  INDICATES TRACE AMOUNT.




$$
