572
CDUS43 KSGF 210631
CLIJLN


CLIMATE REPORT
NATIONAL WEATHER SERVICE SPRINGFIELD MO
1231 AM CST WED FEB 21 2018


...................................

...THE JOPLIN MO CLIMATE SUMMARY FOR FEBRUARY 20 2018...

CLIMATE NORMAL PERIOD 1981 TO 2010
CLIMATE RECORD PERIOD 1902 TO 2018


WEATHER ITEM   OBSERVED TIME   RECORD YEAR NORMAL DEPARTURE LAST
                VALUE   (LST)  VALUE       VALUE  FROM      YEAR
                                                  NORMAL
..................................................................
TEMPERATURE (F)
 YESTERDAY
  MAXIMUM         69    834 AM  78    2016  52     17       67
                                      1981
  MINIMUM         26   1159 PM  16    1963  31     -5       56
                                      1978
  AVERAGE         48                        41      7       62

PRECIPITATION (IN)
  YESTERDAY        1.19          2.08 1997   0.09   1.10     0.13
  MONTH TO DATE    2.46                      1.58   0.88     0.26
  SINCE DEC 1      4.30                      6.43  -2.13     4.50
  SINCE JAN 1      2.93                      3.61  -0.68     3.91

DEGREE DAYS
 HEATING
  YESTERDAY       17                        24     -7        3
  MONTH TO DATE  547                       527     20      345
  SINCE DEC 1   2371                      2319     52     2002
  SINCE JUL 1   3016                      3076    -60     2457

 COOLING
  YESTERDAY        0                         0      0        0
  MONTH TO DATE    0                         0      0        3
  SINCE DEC 1      0                         0      0        3
  SINCE JAN 1      0                         0      0        3
..................................................................


WIND (MPH)
  HIGHEST WIND SPEED    32   HIGHEST WIND DIRECTION    NW (320)
  HIGHEST GUST SPEED    41   HIGHEST GUST DIRECTION    NW (330)
  AVERAGE WIND SPEED    16.6


SKY COVER
  AVERAGE SKY COVER 0.8


WEATHER CONDITIONS
 THE FOLLOWING WEATHER WAS RECORDED YESTERDAY.
  THUNDERSTORM
  HEAVY RAIN
  RAIN
  LIGHT RAIN
  FREEZING RAIN
  LT FREEZING RAIN
  FOG


RELATIVE HUMIDITY (PERCENT)
 HIGHEST   100           900 AM
 LOWEST     78           300 AM
 AVERAGE    89

..........................................................


THE JOPLIN MO CLIMATE NORMALS FOR TODAY
                         NORMAL    RECORD    YEAR
 MAXIMUM TEMPERATURE (F)   52        76      1996
 MINIMUM TEMPERATURE (F)   31         9      1963
                                             1978


SUNRISE AND SUNSET
FEBRUARY 21 2018......SUNRISE   659 AM CST   SUNSET   604 PM CST
FEBRUARY 22 2018......SUNRISE   658 AM CST   SUNSET   605 PM CST


-  INDICATES NEGATIVE NUMBERS.
R  INDICATES RECORD WAS SET OR TIED.
MM INDICATES DATA IS MISSING.
T  INDICATES TRACE AMOUNT.




$$
