000
CDUS43 KSGF 182230
CLIJLN


CLIMATE REPORT
NATIONAL WEATHER SERVICE SPRINGFIELD MO
529 PM CDT SAT OCT 18 2014


...................................

...THE JOPLIN MO CLIMATE SUMMARY FOR OCTOBER 18 2014...
VALID TODAY AS OF 0500 PM LOCAL TIME.

CLIMATE NORMAL PERIOD 1981 TO 2010
CLIMATE RECORD PERIOD 1902 TO 2014


WEATHER ITEM   OBSERVED TIME   RECORD YEAR NORMAL DEPARTURE LAST
                VALUE   (LST)  VALUE       VALUE  FROM      YEAR
                                                  NORMAL
..................................................................
TEMPERATURE (F)
 TODAY
  MAXIMUM         64    333 PM  90    2005  71     -7       53
  MINIMUM         45    714 AM  28    1948  48     -3       37
  AVERAGE         55                        59     -4       45

PRECIPITATION (IN)
  TODAY            0.00          1.80 1985   0.13  -0.13     0.28
  MONTH TO DATE    7.59                      2.34   5.25     1.52
  SINCE SEP 1     12.12                      7.29   4.83     1.52
  SINCE JAN 1     27.56                     38.26 -10.70    36.98

DEGREE DAYS
 HEATING
  TODAY           10                         7      3       20
  MONTH TO DATE  104                        97      7      101
  SINCE SEP 1    131                       138     -7      112
  SINCE JUL 1    132                       139     -7      112

 COOLING
  TODAY            0                         1     -1        0
  MONTH TO DATE   33                        36     -3       51
  SINCE SEP 1    229                       251    -22      302
  SINCE JAN 1   1562                      1678   -116     1566
..................................................................


WIND (MPH)
  HIGHEST WIND SPEED    13   HIGHEST WIND DIRECTION     N (360)
  HIGHEST GUST SPEED    16   HIGHEST GUST DIRECTION     N (20)


SKY COVER
  AVERAGE SKY COVER 0.0


WEATHER CONDITIONS
 THE FOLLOWING WEATHER WAS RECORDED TODAY.
  FOG


RELATIVE HUMIDITY (PERCENT)
 HIGHEST   100          1200 AM
 LOWEST     52           200 PM
 AVERAGE    76

..........................................................


THE JOPLIN MO CLIMATE NORMALS FOR TOMORROW
                         NORMAL    RECORD    YEAR
 MAXIMUM TEMPERATURE (F)   71        93      2005
 MINIMUM TEMPERATURE (F)   47        27      1989


SUNRISE AND SUNSET
OCTOBER 18 2014.......SUNRISE   729 AM CDT   SUNSET   637 PM CDT
OCTOBER 19 2014.......SUNRISE   730 AM CDT   SUNSET   636 PM CDT


-  INDICATES NEGATIVE NUMBERS.
R  INDICATES RECORD WAS SET OR TIED.
MM INDICATES DATA IS MISSING.
T  INDICATES TRACE AMOUNT.




$$
