000
CDUS43 KSGF 182226
CLIJLN


CLIMATE REPORT
NATIONAL WEATHER SERVICE SPRINGFIELD MO
526 PM CDT FRI AUG 18 2017


...................................

...THE JOPLIN MO CLIMATE SUMMARY FOR AUGUST 18 2017...
VALID TODAY AS OF 0500 PM LOCAL TIME.

CLIMATE NORMAL PERIOD 1981 TO 2010
CLIMATE RECORD PERIOD 1902 TO 2017


WEATHER ITEM   OBSERVED TIME   RECORD YEAR NORMAL DEPARTURE LAST
                VALUE   (LST)  VALUE       VALUE  FROM      YEAR
                                                  NORMAL
..................................................................
TEMPERATURE (F)
 TODAY
  MAXIMUM         89    359 PM 103    1970  91     -2       88
  MINIMUM         64    156 AM  56    1992  69     -5       69
  AVERAGE         77                        80     -3       79

PRECIPITATION (IN)
  TODAY            0.00          1.33 2015   0.10  -0.10     0.00
  MONTH TO DATE    4.03                      1.83   2.20     2.67
  SINCE JUN 1     11.32                     11.50  -0.18    14.09
  SINCE JAN 1     37.25                     29.45   7.80    28.19

DEGREE DAYS
 HEATING
  TODAY            0                         0      0        0
  MONTH TO DATE    0                         0      0        0
  SINCE JUN 1      0                         5     -5        0
  SINCE JUL 1      0                         0      0        0

 COOLING
  TODAY           12                        15     -3       14
  MONTH TO DATE  211                       281    -70      290
  SINCE JUN 1   1077                      1072      5     1208
  SINCE JAN 1   1284                      1252     32     1322
..................................................................


WIND (MPH)
  HIGHEST WIND SPEED    15   HIGHEST WIND DIRECTION    SW (230)
  HIGHEST GUST SPEED    19   HIGHEST GUST DIRECTION    SW (240)


SKY COVER
  AVERAGE SKY COVER 0.3


WEATHER CONDITIONS
 THE FOLLOWING WEATHER WAS RECORDED TODAY.
  FOG


RELATIVE HUMIDITY (PERCENT)
 HIGHEST   100          1200 AM
 LOWEST     59           400 PM
 AVERAGE    80

..........................................................


THE JOPLIN MO CLIMATE NORMALS FOR TOMORROW
                         NORMAL    RECORD    YEAR
 MAXIMUM TEMPERATURE (F)   91       101      1962
                                             2003
 MINIMUM TEMPERATURE (F)   68        55      1950


SUNRISE AND SUNSET
AUGUST 18 2017........SUNRISE   637 AM CDT   SUNSET   806 PM CDT
AUGUST 19 2017........SUNRISE   638 AM CDT   SUNSET   804 PM CDT


-  INDICATES NEGATIVE NUMBERS.
R  INDICATES RECORD WAS SET OR TIED.
MM INDICATES DATA IS MISSING.
T  INDICATES TRACE AMOUNT.




$$
