000
CDUS43 KSGF 260625
CLIJLN


CLIMATE REPORT
NATIONAL WEATHER SERVICE SPRINGFIELD MO
125 AM CDT THU MAR 26 2015


...................................

...THE JOPLIN MO CLIMATE SUMMARY FOR MARCH 25 2015...

CLIMATE NORMAL PERIOD 1981 TO 2010
CLIMATE RECORD PERIOD 1902 TO 2015


WEATHER ITEM   OBSERVED TIME   RECORD YEAR NORMAL DEPARTURE LAST
                VALUE   (LST)  VALUE       VALUE  FROM      YEAR
                                                  NORMAL
..................................................................
TEMPERATURE (F)
 YESTERDAY
  MAXIMUM         68   1037 AM  83    1989  63      5       44
  MINIMUM         43    622 AM  12    1955  40      3       28
  AVERAGE         56                        52      4       36

PRECIPITATION (IN)
  YESTERDAY        0.44          1.93 2010   0.12   0.32     0.00
  MONTH TO DATE    1.80                      2.68  -0.88     1.74
  SINCE MAR 1      1.80                      2.68  -0.88     1.74
  SINCE JAN 1      3.32                      7.03  -3.71     2.59

DEGREE DAYS
 HEATING
  YESTERDAY        9                        14     -5       29
  MONTH TO DATE  408                       431    -23      578
  SINCE MAR 1    408                       431    -23      578
  SINCE JUL 1   3944                      3685    259     4427

 COOLING
  YESTERDAY        0                         0      0        0
  MONTH TO DATE    0                         0      0        0
  SINCE MAR 1      0                         0      0        0
  SINCE JAN 1      0                         1     -1        0
..................................................................


WIND (MPH)
  HIGHEST WIND SPEED    22   HIGHEST WIND DIRECTION     N (20)
  HIGHEST GUST SPEED    40   HIGHEST GUST DIRECTION     W (280)
  AVERAGE WIND SPEED    10.2


SKY COVER
  AVERAGE SKY COVER 0.6


WEATHER CONDITIONS
 THE FOLLOWING WEATHER WAS RECORDED YESTERDAY.
  THUNDERSTORM
  RAIN
  LIGHT RAIN
  HAIL
  FOG
  HAZE


RELATIVE HUMIDITY (PERCENT)
 HIGHEST   100           400 AM
 LOWEST     45          1000 AM
 AVERAGE    73

..........................................................


THE JOPLIN MO CLIMATE NORMALS FOR TODAY
                         NORMAL    RECORD    YEAR
 MAXIMUM TEMPERATURE (F)   63        85      1956
 MINIMUM TEMPERATURE (F)   41        10      1955


SUNRISE AND SUNSET
MARCH 26 2015.........SUNRISE   713 AM CDT   SUNSET   735 PM CDT
MARCH 27 2015.........SUNRISE   711 AM CDT   SUNSET   736 PM CDT


-  INDICATES NEGATIVE NUMBERS.
R  INDICATES RECORD WAS SET OR TIED.
MM INDICATES DATA IS MISSING.
T  INDICATES TRACE AMOUNT.




$$
