833
CDUS43 KSGF 232126
CLIJLN


CLIMATE REPORT
NATIONAL WEATHER SERVICE SPRINGFIELD MO
425 PM CDT SAT SEP 23 2017


...................................

...THE JOPLIN MO CLIMATE SUMMARY FOR SEPTEMBER 23 2017...
VALID AS OF 0400 PM LOCAL TIME.

CLIMATE NORMAL PERIOD 1981 TO 2010
CLIMATE RECORD PERIOD 1902 TO 2017


WEATHER ITEM   OBSERVED TIME   RECORD YEAR NORMAL DEPARTURE LAST
                VALUE   (LST)  VALUE       VALUE  FROM      YEAR
                                                  NORMAL
..................................................................
TEMPERATURE (F)
 TODAY
  MAXIMUM         90R   259 PM  89    2005  79     11       87
  MINIMUM         69    625 AM  34    1995  56     13       66
  AVERAGE         80                        68     12       77

PRECIPITATION (IN)
  TODAY            0.00          1.68 1988   0.15  -0.15     0.00
  MONTH TO DATE    1.08                      3.82  -2.74     2.62
  SINCE SEP 1      1.08                      3.82  -2.74     2.62
  SINCE JAN 1     39.76                     34.79   4.97    32.40

DEGREE DAYS
 HEATING
  TODAY            0                         2     -2        0
  MONTH TO DATE    4                        17    -13        0
  SINCE SEP 1      4                        17    -13        0
  SINCE JUL 1      4                        18    -14        0

 COOLING
  TODAY           15                         5     10       12
  MONTH TO DATE  183                       186     -3      242
  SINCE SEP 1    183                       186     -3      242
  SINCE JAN 1   1615                      1613      2     1729
..................................................................


WIND (MPH)
  HIGHEST WIND SPEED    13   HIGHEST WIND DIRECTION     S (160)
  HIGHEST GUST SPEED    17   HIGHEST GUST DIRECTION     S (160)


SKY COVER
  AVERAGE SKY COVER 0.1


WEATHER CONDITIONS
 THE FOLLOWING WEATHER WAS RECORDED TODAY.
  NO SIGNIFICANT WEATHER WAS OBSERVED.


RELATIVE HUMIDITY (PERCENT)
 HIGHEST    97           500 AM
 LOWEST     44           300 PM
 AVERAGE    71

..........................................................


THE JOPLIN MO CLIMATE NORMALS FOR TOMORROW
                         NORMAL    RECORD    YEAR
 MAXIMUM TEMPERATURE (F)   79        90      1911
 MINIMUM TEMPERATURE (F)   56        31      1989


SUNRISE AND SUNSET
SEPTEMBER 23 2017.....SUNRISE   707 AM CDT   SUNSET   713 PM CDT
SEPTEMBER 24 2017.....SUNRISE   708 AM CDT   SUNSET   711 PM CDT


-  INDICATES NEGATIVE NUMBERS.
R  INDICATES RECORD WAS SET OR TIED.
MM INDICATES DATA IS MISSING.
T  INDICATES TRACE AMOUNT.




$$
