000
CDUS43 KSGF 222226
CLIJLN


CLIMATE REPORT
NATIONAL WEATHER SERVICE SPRINGFIELD MO
526 PM CDT FRI MAY 22 2015


...................................

...THE JOPLIN MO CLIMATE SUMMARY FOR MAY 22 2015...
VALID TODAY AS OF 0500 PM LOCAL TIME.

CLIMATE NORMAL PERIOD 1981 TO 2010
CLIMATE RECORD PERIOD 1902 TO 2015


WEATHER ITEM   OBSERVED TIME   RECORD YEAR NORMAL DEPARTURE LAST
                VALUE   (LST)  VALUE       VALUE  FROM      YEAR
                                                  NORMAL
..................................................................
TEMPERATURE (F)
 TODAY
  MAXIMUM         66    324 PM  93    1953  79    -13       87
  MINIMUM         44R   443 AM  44    2001  58    -14       64
  AVERAGE         55                        68    -13       76

PRECIPITATION (IN)
  TODAY            T             1.86 1971   0.17  -0.17     0.00
  MONTH TO DATE    5.89                      4.13   1.76     1.63
  SINCE MAR 1     11.67                     12.02  -0.35     4.76
  SINCE JAN 1     13.19                     16.37  -3.18     5.61

DEGREE DAYS
 HEATING
  TODAY           10                         1      9        0
  MONTH TO DATE   63                        57      6      103
  SINCE MAR 1    750                       806    -56     1032
  SINCE JUL 1   4286                      4060    226     4881

 COOLING
  TODAY            0                         5     -5       11
  MONTH TO DATE   77                        74      3      118
  SINCE MAR 1    112                       127    -15      141
  SINCE JAN 1    112                       128    -16      141
..................................................................


WIND (MPH)
  HIGHEST WIND SPEED    14   HIGHEST WIND DIRECTION    SE (120)
  HIGHEST GUST SPEED    19   HIGHEST GUST DIRECTION    SE (120)


SKY COVER
  AVERAGE SKY COVER 0.2


WEATHER CONDITIONS
 THE FOLLOWING WEATHER WAS RECORDED TODAY.
  LIGHT RAIN
  FOG


RELATIVE HUMIDITY (PERCENT)
 HIGHEST   100           200 AM
 LOWEST     52           400 PM
 AVERAGE    76

..........................................................


THE JOPLIN MO CLIMATE NORMALS FOR TOMORROW
                         NORMAL    RECORD    YEAR
 MAXIMUM TEMPERATURE (F)   79        92      1996
 MINIMUM TEMPERATURE (F)   58        41      1963


SUNRISE AND SUNSET
MAY 22 2015...........SUNRISE   605 AM CDT   SUNSET   825 PM CDT
MAY 23 2015...........SUNRISE   604 AM CDT   SUNSET   826 PM CDT


-  INDICATES NEGATIVE NUMBERS.
R  INDICATES RECORD WAS SET OR TIED.
MM INDICATES DATA IS MISSING.
T  INDICATES TRACE AMOUNT.




$$
