848
CDUS43 KSGF 030627
CLIJLN


CLIMATE REPORT
NATIONAL WEATHER SERVICE SPRINGFIELD MO
1226 AM CST WED FEB 3 2016


...................................

...THE JOPLIN MO CLIMATE SUMMARY FOR FEBRUARY 2 2016...

CLIMATE NORMAL PERIOD 1981 TO 2010
CLIMATE RECORD PERIOD 1902 TO 2016


WEATHER ITEM   OBSERVED TIME   RECORD YEAR NORMAL DEPARTURE LAST
                VALUE   (LST)  VALUE       VALUE  FROM      YEAR
                                                  NORMAL
..................................................................
TEMPERATURE (F)
 YESTERDAY
  MAXIMUM         60    225 PM  74    2003  47     13       30
  MINIMUM         35   1130 PM  -4    1905  26      9       13
  AVERAGE         48                        37     11       22

PRECIPITATION (IN)
  YESTERDAY        0.11          0.71 1943   0.06   0.05      T
  MONTH TO DATE    0.11                      0.13  -0.02     0.39
  SINCE DEC 1     10.18                      4.98   5.20     2.93
  SINCE JAN 1      0.41                      2.16  -1.75     1.09

DEGREE DAYS
 HEATING
  YESTERDAY       17                        28    -11       43
  MONTH TO DATE   36                        57    -21       78
  SINCE DEC 1   1553                      1849   -296     1764
  SINCE JUL 1   2171                      2606   -435     2677

 COOLING
  YESTERDAY        0                         0      0        0
  MONTH TO DATE    0                         0      0        0
  SINCE DEC 1      3                         0      3        0
  SINCE JAN 1      0                         0      0        0
..................................................................


WIND (MPH)
  HIGHEST WIND SPEED    37   HIGHEST WIND DIRECTION    SW (220)
  HIGHEST GUST SPEED    49   HIGHEST GUST DIRECTION    SW (220)
  AVERAGE WIND SPEED    21.7


SKY COVER
  AVERAGE SKY COVER 0.4


WEATHER CONDITIONS
 THE FOLLOWING WEATHER WAS RECORDED YESTERDAY.
  LIGHT RAIN
  FOG


RELATIVE HUMIDITY (PERCENT)
 HIGHEST    93           500 AM
 LOWEST     28           200 PM
 AVERAGE    61

..........................................................


THE JOPLIN MO CLIMATE NORMALS FOR TODAY
                         NORMAL    RECORD    YEAR
 MAXIMUM TEMPERATURE (F)   47        74      1962
 MINIMUM TEMPERATURE (F)   26       -11      2011


SUNRISE AND SUNSET
FEBRUARY  3 2016......SUNRISE   719 AM CST   SUNSET   544 PM CST
FEBRUARY  4 2016......SUNRISE   719 AM CST   SUNSET   546 PM CST


-  INDICATES NEGATIVE NUMBERS.
R  INDICATES RECORD WAS SET OR TIED.
MM INDICATES DATA IS MISSING.
T  INDICATES TRACE AMOUNT.




$$
