000
CDUS43 KSGF 142326
CLIJLN


CLIMATE REPORT
NATIONAL WEATHER SERVICE SPRINGFIELD MO
525 PM CST SUN JAN 14 2018


...................................

...THE JOPLIN MO CLIMATE SUMMARY FOR JANUARY 14 2018...
VALID TODAY AS OF 0500 PM LOCAL TIME.

CLIMATE NORMAL PERIOD 1981 TO 2010
CLIMATE RECORD PERIOD 1902 TO 2018


WEATHER ITEM   OBSERVED TIME   RECORD YEAR NORMAL DEPARTURE LAST
                VALUE   (LST)  VALUE       VALUE  FROM      YEAR
                                                  NORMAL
..................................................................
TEMPERATURE (F)
 TODAY
  MAXIMUM         37    404 PM  71    1996  45     -8       32
  MINIMUM         24    846 AM  -7    1979  25     -1       29
  AVERAGE         31                        35     -4       31

PRECIPITATION (IN)
  TODAY            0.01          0.79 2017   0.06  -0.05     0.79
  MONTH TO DATE    0.45                      0.94  -0.49     1.47
  SINCE DEC 1      1.82                      3.76  -1.94     2.06
  SINCE JAN 1      0.45                      0.94  -0.49     1.47

DEGREE DAYS
 HEATING
  TODAY           34                        30      4       34
  MONTH TO DATE  518                       420     98      426
  SINCE DEC 1   1359                      1280     79     1303
  SINCE JUL 1   2004                      2037    -33     1758

 COOLING
  TODAY            0                         0      0        0
  MONTH TO DATE    0                         0      0        0
  SINCE DEC 1      0                         0      0        0
  SINCE JAN 1      0                         0      0        0
..................................................................


WIND (MPH)
  HIGHEST WIND SPEED    15   HIGHEST WIND DIRECTION    SW (210)
  HIGHEST GUST SPEED    20   HIGHEST GUST DIRECTION    SW (220)


SKY COVER
  AVERAGE SKY COVER 0.9


WEATHER CONDITIONS
 THE FOLLOWING WEATHER WAS RECORDED TODAY.
  SNOW
  LIGHT SNOW
  FOG


RELATIVE HUMIDITY (PERCENT)
 HIGHEST   100          1000 AM
 LOWEST     50          1200 AM
 AVERAGE    75

..........................................................


THE JOPLIN MO CLIMATE NORMALS FOR TOMORROW
                         NORMAL    RECORD    YEAR
 MAXIMUM TEMPERATURE (F)   45        68      1952
                                             1986
                                             1990
 MINIMUM TEMPERATURE (F)   25        -1      1979


SUNRISE AND SUNSET
JANUARY 14 2018.......SUNRISE   731 AM CST   SUNSET   524 PM CST
JANUARY 15 2018.......SUNRISE   731 AM CST   SUNSET   525 PM CST


-  INDICATES NEGATIVE NUMBERS.
R  INDICATES RECORD WAS SET OR TIED.
MM INDICATES DATA IS MISSING.
T  INDICATES TRACE AMOUNT.




$$
