000
CDUS43 KSGF 270627
CLIJLN


CLIMATE REPORT
NATIONAL WEATHER SERVICE SPRINGFIELD MO
1227 AM CST SUN NOV 27 2016


...................................

...THE JOPLIN MO CLIMATE SUMMARY FOR NOVEMBER 26 2016...

CLIMATE NORMAL PERIOD 1981 TO 2010
CLIMATE RECORD PERIOD 1902 TO 2016


WEATHER ITEM   OBSERVED TIME   RECORD YEAR NORMAL DEPARTURE LAST
                VALUE   (LST)  VALUE       VALUE  FROM      YEAR
                                                  NORMAL
..................................................................
TEMPERATURE (F)
 YESTERDAY
  MAXIMUM         55    341 PM  78    1990  54      1       70
  MINIMUM         28    731 AM  11    1975  33     -5       39
                                      1977
  AVERAGE         42                        44     -2       55

PRECIPITATION (IN)
  YESTERDAY        0.00          1.25 1982   0.12  -0.12     0.82
  MONTH TO DATE    0.87                      3.31  -2.44     5.64
  SINCE SEP 1      8.86                     12.29  -3.43     7.46
  SINCE JAN 1     38.64                     43.26  -4.62    46.16

DEGREE DAYS
 HEATING
  YESTERDAY       23                        22      1       10
  MONTH TO DATE  287                       415   -128      322
  SINCE SEP 1    389                       666   -277      510
  SINCE JUL 1    389                       667   -278      511

 COOLING
  YESTERDAY        0                         0      0        0
  MONTH TO DATE   27                         5     22        2
  SINCE SEP 1    391                       269    122      317
  SINCE JAN 1   1878                      1696    182     1703
..................................................................


WIND (MPH)
  HIGHEST WIND SPEED    17   HIGHEST WIND DIRECTION    SW (230)
  HIGHEST GUST SPEED    21   HIGHEST GUST DIRECTION    SW (230)
  AVERAGE WIND SPEED     7.7


SKY COVER
  AVERAGE SKY COVER 0.0


WEATHER CONDITIONS
 THE FOLLOWING WEATHER WAS RECORDED YESTERDAY.
  FOG


RELATIVE HUMIDITY (PERCENT)
 HIGHEST   100          1200 AM
 LOWEST     50           300 PM
 AVERAGE    75

..........................................................


THE JOPLIN MO CLIMATE NORMALS FOR TODAY
                         NORMAL    RECORD    YEAR
 MAXIMUM TEMPERATURE (F)   53        76      1960
 MINIMUM TEMPERATURE (F)   33         9      1975


SUNRISE AND SUNSET
NOVEMBER 27 2016......SUNRISE   710 AM CST   SUNSET   502 PM CST
NOVEMBER 28 2016......SUNRISE   711 AM CST   SUNSET   501 PM CST


-  INDICATES NEGATIVE NUMBERS.
R  INDICATES RECORD WAS SET OR TIED.
MM INDICATES DATA IS MISSING.
T  INDICATES TRACE AMOUNT.




$$
