000
CDUS43 KSGF 270626
CLIJLN


CLIMATE REPORT
NATIONAL WEATHER SERVICE SPRINGFIELD MO
126 AM CDT WED APR 27 2016


...................................

...THE JOPLIN MO CLIMATE SUMMARY FOR APRIL 26 2016...

CLIMATE NORMAL PERIOD 1981 TO 2010
CLIMATE RECORD PERIOD 1902 TO 2016


WEATHER ITEM   OBSERVED TIME   RECORD YEAR NORMAL DEPARTURE LAST
                VALUE   (LST)  VALUE       VALUE  FROM      YEAR
                                                  NORMAL
..................................................................
TEMPERATURE (F)
 YESTERDAY
  MAXIMUM         79    103 PM  90    1987  73      6       60
                                      1989
  MINIMUM         57   1159 PM  27    1976  50      7       51
  AVERAGE         68                        62      6       56

PRECIPITATION (IN)
  YESTERDAY        0.48          1.94 1999   0.18   0.30     0.00
  MONTH TO DATE    2.34                      3.74  -1.40     3.95
  SINCE MAR 1      4.91                      7.16  -2.25     5.78
  SINCE JAN 1      5.58                     11.51  -5.93     7.30

DEGREE DAYS
 HEATING
  YESTERDAY        0                         5     -5        9
  MONTH TO DATE  138                       222    -84      164
  SINCE MAR 1    500                       730   -230      654
  SINCE JUL 1   3250                      3984   -734     4190

 COOLING
  YESTERDAY        3                         2      1        0
  MONTH TO DATE   19                        36    -17       35
  SINCE MAR 1     22                        45    -23       35
  SINCE JAN 1     23                        46    -23       35
..................................................................


WIND (MPH)
  HIGHEST WIND SPEED    26   HIGHEST WIND DIRECTION     W (290)
  HIGHEST GUST SPEED    37   HIGHEST GUST DIRECTION     S (170)
  AVERAGE WIND SPEED    13.3


SKY COVER
  AVERAGE SKY COVER 0.6


WEATHER CONDITIONS
 THE FOLLOWING WEATHER WAS RECORDED YESTERDAY.
  THUNDERSTORM
  HEAVY RAIN
  LIGHT RAIN
  FOG
  HAZE


RELATIVE HUMIDITY (PERCENT)
 HIGHEST    87           400 AM
 LOWEST     67           500 PM
 AVERAGE    77

..........................................................


THE JOPLIN MO CLIMATE NORMALS FOR TODAY
                         NORMAL    RECORD    YEAR
 MAXIMUM TEMPERATURE (F)   73        88      1989
 MINIMUM TEMPERATURE (F)   51        34      1988


SUNRISE AND SUNSET
APRIL 27 2016.........SUNRISE   627 AM CDT   SUNSET   804 PM CDT
APRIL 28 2016.........SUNRISE   626 AM CDT   SUNSET   805 PM CDT


-  INDICATES NEGATIVE NUMBERS.
R  INDICATES RECORD WAS SET OR TIED.
MM INDICATES DATA IS MISSING.
T  INDICATES TRACE AMOUNT.




$$
