000
CDUS43 KSGF 272225
CLIJLN


CLIMATE REPORT
NATIONAL WEATHER SERVICE SPRINGFIELD MO
525 PM CDT WED MAY 27 2015


...................................

...THE JOPLIN MO CLIMATE SUMMARY FOR MAY 27 2015...
VALID TODAY AS OF 0500 PM LOCAL TIME.

CLIMATE NORMAL PERIOD 1981 TO 2010
CLIMATE RECORD PERIOD 1902 TO 2015


WEATHER ITEM   OBSERVED TIME   RECORD YEAR NORMAL DEPARTURE LAST
                VALUE   (LST)  VALUE       VALUE  FROM      YEAR
                                                  NORMAL
..................................................................
TEMPERATURE (F)
 TODAY
  MAXIMUM         85    354 PM  92    2012  80      5       80
  MINIMUM         65    532 AM  44    1961  59      6       63
  AVERAGE         75                        70      5       72

PRECIPITATION (IN)
  TODAY            T             1.83 1987   0.18  -0.18      T
  MONTH TO DATE    8.98                      4.98   4.00     4.74
  SINCE MAR 1     14.76                     12.87   1.89     7.87
  SINCE JAN 1     16.28                     17.22  -0.94     8.72

DEGREE DAYS
 HEATING
  TODAY            0                         1     -1        0
  MONTH TO DATE   63                        62      1      103
  SINCE MAR 1    750                       811    -61     1032
  SINCE JUL 1   4286                      4065    221     4881

 COOLING
  TODAY           10                         6      4        7
  MONTH TO DATE  100                       101     -1      157
  SINCE MAR 1    135                       154    -19      180
  SINCE JAN 1    135                       155    -20      180
..................................................................


WIND (MPH)
  HIGHEST WIND SPEED    15   HIGHEST WIND DIRECTION    SW (220)
  HIGHEST GUST SPEED    19   HIGHEST GUST DIRECTION    SW (230)


SKY COVER
  AVERAGE SKY COVER 0.6


WEATHER CONDITIONS
 THE FOLLOWING WEATHER WAS RECORDED TODAY.
  THUNDERSTORM
  LIGHT RAIN


RELATIVE HUMIDITY (PERCENT)
 HIGHEST    93          1200 AM
 LOWEST     55           400 PM
 AVERAGE    74

..........................................................


THE JOPLIN MO CLIMATE NORMALS FOR TOMORROW
                         NORMAL    RECORD    YEAR
 MAXIMUM TEMPERATURE (F)   81        92      1983
 MINIMUM TEMPERATURE (F)   60        43      1984


SUNRISE AND SUNSET
MAY 27 2015...........SUNRISE   602 AM CDT   SUNSET   829 PM CDT
MAY 28 2015...........SUNRISE   601 AM CDT   SUNSET   830 PM CDT


-  INDICATES NEGATIVE NUMBERS.
R  INDICATES RECORD WAS SET OR TIED.
MM INDICATES DATA IS MISSING.
T  INDICATES TRACE AMOUNT.




$$
