000
CDUS43 KSGF 200626
CLIJLN


CLIMATE REPORT
NATIONAL WEATHER SERVICE SPRINGFIELD MO
126 AM CDT THU APR 20 2017


...................................

...THE JOPLIN MO CLIMATE SUMMARY FOR APRIL 19 2017...

CLIMATE NORMAL PERIOD 1981 TO 2010
CLIMATE RECORD PERIOD 1902 TO 2017


WEATHER ITEM   OBSERVED TIME   RECORD YEAR NORMAL DEPARTURE LAST
                VALUE   (LST)  VALUE       VALUE  FROM      YEAR
                                                  NORMAL
..................................................................
TEMPERATURE (F)
 YESTERDAY
  MAXIMUM         80    226 PM  93    1987  71      9       68
  MINIMUM         63    609 AM  31    1953  48     15       58
                                      1988
  AVERAGE         72                        60     12       63

PRECIPITATION (IN)
  YESTERDAY        0.00          1.31 1976   0.15  -0.15     0.42
  MONTH TO DATE    2.54                      2.54   0.00     1.85
  SINCE MAR 1      5.24                      5.96  -0.72     4.42
  SINCE JAN 1      9.23                     10.31  -1.08     5.09

DEGREE DAYS
 HEATING
  YESTERDAY        0                         7     -7        2
  MONTH TO DATE   85                       179    -94      124
  SINCE MAR 1    465                       687   -222      486
  SINCE JUL 1   3017                      3941   -924     3236

 COOLING
  YESTERDAY        7                         2      5        0
  MONTH TO DATE   43                        22     21        7
  SINCE MAR 1     60                        31     29       10
  SINCE JAN 1     70                        32     38       11
..................................................................


WIND (MPH)
  HIGHEST WIND SPEED    29   HIGHEST WIND DIRECTION     S (200)
  HIGHEST GUST SPEED    38   HIGHEST GUST DIRECTION     S (200)
  AVERAGE WIND SPEED    15.2


SKY COVER
  AVERAGE SKY COVER 0.3


WEATHER CONDITIONS
 THE FOLLOWING WEATHER WAS RECORDED YESTERDAY.
  NO SIGNIFICANT WEATHER WAS OBSERVED.


RELATIVE HUMIDITY (PERCENT)
 HIGHEST   100           600 AM
 LOWEST     54           200 PM
 AVERAGE    77

..........................................................


THE JOPLIN MO CLIMATE NORMALS FOR TODAY
                         NORMAL    RECORD    YEAR
 MAXIMUM TEMPERATURE (F)   72        92      1987
 MINIMUM TEMPERATURE (F)   48        29      1953


SUNRISE AND SUNSET
APRIL 20 2017.........SUNRISE   637 AM CDT   SUNSET   758 PM CDT
APRIL 21 2017.........SUNRISE   635 AM CDT   SUNSET   759 PM CDT


-  INDICATES NEGATIVE NUMBERS.
R  INDICATES RECORD WAS SET OR TIED.
MM INDICATES DATA IS MISSING.
T  INDICATES TRACE AMOUNT.




$$
