000
CDUS43 KSGF 252326
CLIJLN


CLIMATE REPORT
NATIONAL WEATHER SERVICE SPRINGFIELD MO
526 PM CST THU DEC 25 2014


...................................

...THE JOPLIN MO CLIMATE SUMMARY FOR DECEMBER 25 2014...
VALID TODAY AS OF 0500 PM LOCAL TIME.

CLIMATE NORMAL PERIOD 1981 TO 2010
CLIMATE RECORD PERIOD 1902 TO 2014


WEATHER ITEM   OBSERVED TIME   RECORD YEAR NORMAL DEPARTURE LAST
                VALUE   (LST)  VALUE       VALUE  FROM      YEAR
                                                  NORMAL
..................................................................
TEMPERATURE (F)
 TODAY
  MAXIMUM         56    228 PM  71    1971  45     11       39
  MINIMUM         31   1230 AM -11    1983  26      5       27
  AVERAGE         44                        35      9       33

PRECIPITATION (IN)
  TODAY            0.00          1.65 1987   0.08  -0.08      T
  MONTH TO DATE    1.70                      2.36  -0.66     1.38
  SINCE DEC 1      1.70                      2.36  -0.66     1.38
  SINCE JAN 1     31.57                     46.09 -14.52    43.98

DEGREE DAYS
 HEATING
  TODAY           21                        30     -9       32
  MONTH TO DATE  583                       681    -98      804
  SINCE DEC 1    583                       681    -98      804
  SINCE JUL 1   1496                      1438     58     1692

 COOLING
  TODAY            0                         0      0        0
  MONTH TO DATE    0                         0      0        0
  SINCE DEC 1      0                         0      0        0
  SINCE JAN 1   1583                      1698   -115     1568
..................................................................


WIND (MPH)
  HIGHEST WIND SPEED    35   HIGHEST WIND DIRECTION     S (180)
  HIGHEST GUST SPEED    44   HIGHEST GUST DIRECTION     S (190)


SKY COVER
  AVERAGE SKY COVER 0.0


WEATHER CONDITIONS
 THE FOLLOWING WEATHER WAS RECORDED TODAY.
  NO SIGNIFICANT WEATHER WAS OBSERVED.


RELATIVE HUMIDITY (PERCENT)
 HIGHEST    85          1200 AM
 LOWEST     32           200 PM
 AVERAGE    59

..........................................................


THE JOPLIN MO CLIMATE NORMALS FOR TOMORROW
                         NORMAL    RECORD    YEAR
 MAXIMUM TEMPERATURE (F)   45        71      2008
 MINIMUM TEMPERATURE (F)   26         0      1983


SUNRISE AND SUNSET
DECEMBER 25 2014......SUNRISE   730 AM CST   SUNSET   507 PM CST
DECEMBER 26 2014......SUNRISE   730 AM CST   SUNSET   507 PM CST


-  INDICATES NEGATIVE NUMBERS.
R  INDICATES RECORD WAS SET OR TIED.
MM INDICATES DATA IS MISSING.
T  INDICATES TRACE AMOUNT.




$$
