000
CDUS43 KSGF 260626
CLIJLN


CLIMATE REPORT
NATIONAL WEATHER SERVICE SPRINGFIELD MO
125 AM CDT TUE MAY 26 2015


...................................

...THE JOPLIN MO CLIMATE SUMMARY FOR MAY 25 2015...

CLIMATE NORMAL PERIOD 1981 TO 2010
CLIMATE RECORD PERIOD 1902 TO 2015


WEATHER ITEM   OBSERVED TIME   RECORD YEAR NORMAL DEPARTURE LAST
                VALUE   (LST)  VALUE       VALUE  FROM      YEAR
                                                  NORMAL
..................................................................
TEMPERATURE (F)
 YESTERDAY
  MAXIMUM         82    153 PM  92    2006  80      2       83
  MINIMUM         61    231 AM  44    1979  59      2       63
  AVERAGE         72                        69      3       73

PRECIPITATION (IN)
  YESTERDAY        0.12          2.34 1968   0.16  -0.04     0.03
  MONTH TO DATE    8.95                      4.62   4.33     3.31
  SINCE MAR 1     14.73                     12.51   2.22     6.44
  SINCE JAN 1     16.25                     16.86  -0.61     7.29

DEGREE DAYS
 HEATING
  YESTERDAY        0                         1     -1        0
  MONTH TO DATE   63                        60      3      103
  SINCE MAR 1    750                       809    -59     1032
  SINCE JUL 1   4286                      4063    223     4881

 COOLING
  YESTERDAY        7                         5      2        8
  MONTH TO DATE   85                        89     -4      142
  SINCE MAR 1    120                       142    -22      165
  SINCE JAN 1    120                       143    -23      165
..................................................................


WIND (MPH)
  HIGHEST WIND SPEED    25   HIGHEST WIND DIRECTION     S (170)
  HIGHEST GUST SPEED    35   HIGHEST GUST DIRECTION     S (200)
  AVERAGE WIND SPEED     9.6


SKY COVER
  AVERAGE SKY COVER 0.6


WEATHER CONDITIONS
 THE FOLLOWING WEATHER WAS RECORDED YESTERDAY.
  THUNDERSTORM
  LIGHT RAIN
  HAZE


RELATIVE HUMIDITY (PERCENT)
 HIGHEST   100          1200 AM
 LOWEST     58           200 PM
 AVERAGE    79

..........................................................


THE JOPLIN MO CLIMATE NORMALS FOR TODAY
                         NORMAL    RECORD    YEAR
 MAXIMUM TEMPERATURE (F)   80        94      1953
 MINIMUM TEMPERATURE (F)   59        41      1988


SUNRISE AND SUNSET
MAY 26 2015...........SUNRISE   602 AM CDT   SUNSET   828 PM CDT
MAY 27 2015...........SUNRISE   602 AM CDT   SUNSET   829 PM CDT


-  INDICATES NEGATIVE NUMBERS.
R  INDICATES RECORD WAS SET OR TIED.
MM INDICATES DATA IS MISSING.
T  INDICATES TRACE AMOUNT.




$$
