000
CDUS43 KSGF 210654
CLIJLN


CLIMATE REPORT
NATIONAL WEATHER SERVICE SPRINGFIELD MO
1253 AM CST SUN JAN 21 2018


...................................

...THE JOPLIN MO CLIMATE SUMMARY FOR JANUARY 20 2018...

CLIMATE NORMAL PERIOD 1981 TO 2010
CLIMATE RECORD PERIOD 1902 TO 2018


WEATHER ITEM   OBSERVED TIME   RECORD YEAR NORMAL DEPARTURE LAST
                VALUE   (LST)  VALUE       VALUE  FROM      YEAR
                                                  NORMAL
..................................................................
TEMPERATURE (F)
 YESTERDAY
  MAXIMUM         65    317 PM  77    1986  45     20       66
  MINIMUM         45   1220 AM -12    1985  25     20       49
  AVERAGE         55                        35     20       58

PRECIPITATION (IN)
  YESTERDAY        0.00          1.09 1973   0.07  -0.07      T
  MONTH TO DATE    0.46                      1.33  -0.87     2.47
  SINCE DEC 1      1.83                      4.15  -2.32     3.06
  SINCE JAN 1      0.46                      1.33  -0.87     2.47

DEGREE DAYS
 HEATING
  YESTERDAY       10                        30    -20        7
  MONTH TO DATE  753                       600    153      533
  SINCE DEC 1   1594                      1460    134     1410
  SINCE JUL 1   2239                      2217     22     1865

 COOLING
  YESTERDAY        0                         0      0        0
  MONTH TO DATE    0                         0      0        0
  SINCE DEC 1      0                         0      0        0
  SINCE JAN 1      0                         0      0        0
..................................................................


WIND (MPH)
  HIGHEST WIND SPEED    25   HIGHEST WIND DIRECTION     S (190)
  HIGHEST GUST SPEED    35   HIGHEST GUST DIRECTION     S (200)
  AVERAGE WIND SPEED    15.9


SKY COVER
  AVERAGE SKY COVER 0.5


WEATHER CONDITIONS
 THE FOLLOWING WEATHER WAS RECORDED YESTERDAY.
  NO SIGNIFICANT WEATHER WAS OBSERVED.


RELATIVE HUMIDITY (PERCENT)
 HIGHEST    89           900 AM
 LOWEST     52           300 PM
 AVERAGE    71

..........................................................


THE JOPLIN MO CLIMATE NORMALS FOR TODAY
                         NORMAL    RECORD    YEAR
 MAXIMUM TEMPERATURE (F)   45        73      1957
 MINIMUM TEMPERATURE (F)   25       -11      1984


SUNRISE AND SUNSET
JANUARY 21 2018.......SUNRISE   728 AM CST   SUNSET   531 PM CST
JANUARY 22 2018.......SUNRISE   728 AM CST   SUNSET   532 PM CST


-  INDICATES NEGATIVE NUMBERS.
R  INDICATES RECORD WAS SET OR TIED.
MM INDICATES DATA IS MISSING.
T  INDICATES TRACE AMOUNT.




$$
