847
CDUS43 KSGF 300630
CLIJLN


CLIMATE REPORT
NATIONAL WEATHER SERVICE SPRINGFIELD MO
130 AM CDT FRI SEP 30 2016


...................................

...THE JOPLIN MO CLIMATE SUMMARY FOR SEPTEMBER 29 2016...

CLIMATE NORMAL PERIOD 1981 TO 2010
CLIMATE RECORD PERIOD 1902 TO 2016


WEATHER ITEM   OBSERVED TIME   RECORD YEAR NORMAL DEPARTURE LAST
                VALUE   (LST)  VALUE       VALUE  FROM      YEAR
                                                  NORMAL
..................................................................
TEMPERATURE (F)
 YESTERDAY
  MAXIMUM         72    352 PM  97    1953  77     -5       85
  MINIMUM         45    626 AM  35    1984  54     -9       56
  AVERAGE         59                        65     -6       71

PRECIPITATION (IN)
  YESTERDAY        0.00          3.37 1954   0.16  -0.16     0.00
  MONTH TO DATE    2.74                      4.80  -2.06     1.12
  SINCE SEP 1      2.74                      4.80  -2.06     1.12
  SINCE JAN 1     32.52                     35.77  -3.25    39.82

DEGREE DAYS
 HEATING
  YESTERDAY        6                         3      3        0
  MONTH TO DATE   13                        34    -21        5
  SINCE SEP 1     13                        34    -21        5
  SINCE JUL 1     13                        35    -22        6

 COOLING
  YESTERDAY        0                         4     -4        6
  MONTH TO DATE  257                       211     46      267
  SINCE SEP 1    257                       211     46      267
  SINCE JAN 1   1744                      1638    106     1653
..................................................................


WIND (MPH)
  HIGHEST WIND SPEED    16   HIGHEST WIND DIRECTION     N (350)
  HIGHEST GUST SPEED    24   HIGHEST GUST DIRECTION     N (340)
  AVERAGE WIND SPEED     6.3


SKY COVER
  AVERAGE SKY COVER 0.0


WEATHER CONDITIONS
 THE FOLLOWING WEATHER WAS RECORDED YESTERDAY.
  NO SIGNIFICANT WEATHER WAS OBSERVED.


RELATIVE HUMIDITY (PERCENT)
 HIGHEST   100           600 AM
 LOWEST     41           300 PM
 AVERAGE    71

..........................................................


THE JOPLIN MO CLIMATE NORMALS FOR TODAY
                         NORMAL    RECORD    YEAR
 MAXIMUM TEMPERATURE (F)   76        93      1952
                                             1979
 MINIMUM TEMPERATURE (F)   53        30      1984


SUNRISE AND SUNSET
SEPTEMBER 30 2016.....SUNRISE   713 AM CDT   SUNSET   702 PM CDT
OCTOBER  1 2016.......SUNRISE   714 AM CDT   SUNSET   700 PM CDT


-  INDICATES NEGATIVE NUMBERS.
R  INDICATES RECORD WAS SET OR TIED.
MM INDICATES DATA IS MISSING.
T  INDICATES TRACE AMOUNT.




$$
