194
CDUS43 KSGF 200631
CLIJLN


CLIMATE REPORT
NATIONAL WEATHER SERVICE SPRINGFIELD MO
130 AM CDT FRI OCT 20 2017


...................................

...THE JOPLIN MO CLIMATE SUMMARY FOR OCTOBER 19 2017...

CLIMATE NORMAL PERIOD 1981 TO 2010
CLIMATE RECORD PERIOD 1902 TO 2017


WEATHER ITEM   OBSERVED TIME   RECORD YEAR NORMAL DEPARTURE LAST
                VALUE   (LST)  VALUE       VALUE  FROM      YEAR
                                                  NORMAL
..................................................................
TEMPERATURE (F)
 YESTERDAY
  MAXIMUM         79    213 PM  93    2005  71      8       78
  MINIMUM         52    609 AM  27    1989  47      5       60
  AVERAGE         66                        59      7       69

PRECIPITATION (IN)
  YESTERDAY        0.00          1.91 1983   0.13  -0.13     0.96
  MONTH TO DATE    2.80                      2.47   0.33     5.04
  SINCE SEP 1      4.29                      7.42  -3.13     7.78
  SINCE JAN 1     42.97                     38.39   4.58    37.56

DEGREE DAYS
 HEATING
  YESTERDAY        0                         7     -7        0
  MONTH TO DATE   57                       104    -47       51
  SINCE SEP 1     64                       145    -81       68
  SINCE JUL 1     64                       146    -82       68

 COOLING
  YESTERDAY        1                         1      0        4
  MONTH TO DATE   89                        37     52       79
  SINCE SEP 1    311                       252     59      336
  SINCE JAN 1   1743                      1679     64     1823
..................................................................


WIND (MPH)
  HIGHEST WIND SPEED    18   HIGHEST WIND DIRECTION    SW (210)
  HIGHEST GUST SPEED    24   HIGHEST GUST DIRECTION    SW (220)
  AVERAGE WIND SPEED     8.2


SKY COVER
  AVERAGE SKY COVER 0.0


WEATHER CONDITIONS
 THE FOLLOWING WEATHER WAS RECORDED YESTERDAY.
  NO SIGNIFICANT WEATHER WAS OBSERVED.


RELATIVE HUMIDITY (PERCENT)
 HIGHEST    83           100 AM
 LOWEST     43           100 PM
 AVERAGE    63

..........................................................


THE JOPLIN MO CLIMATE NORMALS FOR TODAY
                         NORMAL    RECORD    YEAR
 MAXIMUM TEMPERATURE (F)   70        89      1979
 MINIMUM TEMPERATURE (F)   47        24      1989


SUNRISE AND SUNSET
OCTOBER 20 2017.......SUNRISE   731 AM CDT   SUNSET   634 PM CDT
OCTOBER 21 2017.......SUNRISE   732 AM CDT   SUNSET   633 PM CDT


-  INDICATES NEGATIVE NUMBERS.
R  INDICATES RECORD WAS SET OR TIED.
MM INDICATES DATA IS MISSING.
T  INDICATES TRACE AMOUNT.




$$
