000
CDUS43 KSGF 200732
CLIJLN


CLIMATE REPORT
NATIONAL WEATHER SERVICE SPRINGFIELD MO
232 AM CDT TUE JUN 20 2017


...................................

...THE JOPLIN MO CLIMATE SUMMARY FOR JUNE 19 2017...

CLIMATE NORMAL PERIOD 1981 TO 2010
CLIMATE RECORD PERIOD 1902 TO 2017


WEATHER ITEM   OBSERVED TIME   RECORD YEAR NORMAL DEPARTURE LAST
                VALUE   (LST)  VALUE       VALUE  FROM      YEAR
                                                  NORMAL
..................................................................
TEMPERATURE (F)
 YESTERDAY
  MAXIMUM         80    619 PM 101    1953  87     -7       90
  MINIMUM         59    505 AM  49    1976  66     -7       65
  AVERAGE         70                        77     -7       78

PRECIPITATION (IN)
  YESTERDAY        0.00          1.44 1977   0.19  -0.19     0.00
  MONTH TO DATE    2.47                      3.83  -1.36     1.19
  SINCE JUN 1      2.47                      3.83  -1.36     1.19
  SINCE JAN 1     28.40                     21.78   6.62    15.29

DEGREE DAYS
 HEATING
  YESTERDAY        0                         0      0        0
  MONTH TO DATE    0                         2     -2        0
  SINCE JUN 1      0                         2     -2        0
  SINCE JUL 1   3169                      4071   -902     3389

 COOLING
  YESTERDAY        5                        12     -7       13
  MONTH TO DATE  202                       176     26      237
  SINCE JUN 1    202                       176     26      237
  SINCE JAN 1    409                       356     53      351
..................................................................


WIND (MPH)
  HIGHEST WIND SPEED     7   HIGHEST WIND DIRECTION     W (250)
  HIGHEST GUST SPEED     9   HIGHEST GUST DIRECTION    SW (240)
  AVERAGE WIND SPEED     2.9


SKY COVER
  AVERAGE SKY COVER 0.2


WEATHER CONDITIONS
 THE FOLLOWING WEATHER WAS RECORDED YESTERDAY.
  FOG


RELATIVE HUMIDITY (PERCENT)
 HIGHEST   100          1200 AM
 LOWEST     58           600 PM
 AVERAGE    79

..........................................................


THE JOPLIN MO CLIMATE NORMALS FOR TODAY
                         NORMAL    RECORD    YEAR
 MAXIMUM TEMPERATURE (F)   87        99      1953
 MINIMUM TEMPERATURE (F)   67        47      1976


SUNRISE AND SUNSET
JUNE 20 2017..........SUNRISE   558 AM CDT   SUNSET   841 PM CDT
JUNE 21 2017..........SUNRISE   558 AM CDT   SUNSET   842 PM CDT


-  INDICATES NEGATIVE NUMBERS.
R  INDICATES RECORD WAS SET OR TIED.
MM INDICATES DATA IS MISSING.
T  INDICATES TRACE AMOUNT.




$$
