000
CDUS43 KSGF 050630
CLIJLN


CLIMATE REPORT
NATIONAL WEATHER SERVICE SPRINGFIELD MO
1229 AM CST TUE DEC 5 2017


...................................

...THE JOPLIN MO CLIMATE SUMMARY FOR DECEMBER 4 2017...

CLIMATE NORMAL PERIOD 1981 TO 2010
CLIMATE RECORD PERIOD 1902 TO 2017


WEATHER ITEM   OBSERVED TIME   RECORD YEAR NORMAL DEPARTURE LAST
                VALUE   (LST)  VALUE       VALUE  FROM      YEAR
                                                  NORMAL
..................................................................
TEMPERATURE (F)
 YESTERDAY
  MAXIMUM         73    321 PM  74    2001  50     23       47
  MINIMUM         40   1159 PM  11    2006  30     10       30
  AVERAGE         57                        40     17       39

PRECIPITATION (IN)
  YESTERDAY        0.16          3.59 1999   0.10   0.06     0.15
  MONTH TO DATE    0.16                      0.43  -0.27     0.21
  SINCE DEC 1      0.16                      0.43  -0.27     0.21
  SINCE JAN 1     45.16                     44.16   1.00    38.85

DEGREE DAYS
 HEATING
  YESTERDAY        8                        25    -17       26
  MONTH TO DATE   40                        97    -57       87
  SINCE DEC 1     40                        97    -57       87
  SINCE JUL 1    685                       854   -169      542

 COOLING
  YESTERDAY        0                         0      0        0
  MONTH TO DATE    0                         0      0        0
  SINCE DEC 1      0                         0      0        0
  SINCE JAN 1   1750                      1698     52     1878
..................................................................


WIND (MPH)
  HIGHEST WIND SPEED    37   HIGHEST WIND DIRECTION     S (190)
  HIGHEST GUST SPEED    50   HIGHEST GUST DIRECTION     S (200)
  AVERAGE WIND SPEED    20.4


SKY COVER
  AVERAGE SKY COVER 0.4


WEATHER CONDITIONS
 THE FOLLOWING WEATHER WAS RECORDED YESTERDAY.
  THUNDERSTORM
  HEAVY RAIN
  LIGHT RAIN
  FOG


RELATIVE HUMIDITY (PERCENT)
 HIGHEST    90           900 AM
 LOWEST     54           800 PM
 AVERAGE    72

..........................................................


THE JOPLIN MO CLIMATE NORMALS FOR TODAY
                         NORMAL    RECORD    YEAR
 MAXIMUM TEMPERATURE (F)   50        76      1998
 MINIMUM TEMPERATURE (F)   30         9      1950


SUNRISE AND SUNSET
DECEMBER  5 2017......SUNRISE   717 AM CST   SUNSET   501 PM CST
DECEMBER  6 2017......SUNRISE   718 AM CST   SUNSET   501 PM CST


-  INDICATES NEGATIVE NUMBERS.
R  INDICATES RECORD WAS SET OR TIED.
MM INDICATES DATA IS MISSING.
T  INDICATES TRACE AMOUNT.




$$
