000
CDUS43 KSGF 090627
CLIJLN


CLIMATE REPORT
NATIONAL WEATHER SERVICE SPRINGFIELD MO
126 AM CDT MON OCT 9 2017


...................................

...THE JOPLIN MO CLIMATE SUMMARY FOR OCTOBER 8 2017...

CLIMATE NORMAL PERIOD 1981 TO 2010
CLIMATE RECORD PERIOD 1902 TO 2017


WEATHER ITEM   OBSERVED TIME   RECORD YEAR NORMAL DEPARTURE LAST
                VALUE   (LST)  VALUE       VALUE  FROM      YEAR
                                                  NORMAL
..................................................................
TEMPERATURE (F)
 YESTERDAY
  MAXIMUM         81    403 PM  93    1979  74      7       72
  MINIMUM         52    313 AM  25    2000  51      1       40
  AVERAGE         67                        62      5       56

PRECIPITATION (IN)
  YESTERDAY        0.00          5.35 2009   0.13  -0.13     0.00
  MONTH TO DATE    0.66                      1.07  -0.41     3.04
  SINCE SEP 1      2.15                      6.02  -3.87     5.78
  SINCE JAN 1     40.83                     36.99   3.84    35.56

DEGREE DAYS
 HEATING
  YESTERDAY        0                         5     -5        9
  MONTH TO DATE    0                        36    -36       24
  SINCE SEP 1      7                        77    -70       41
  SINCE JUL 1      7                        78    -71       41

 COOLING
  YESTERDAY        2                         2      0        0
  MONTH TO DATE   62                        21     41       26
  SINCE SEP 1    284                       236     48      283
  SINCE JAN 1   1716                      1663     53     1770
..................................................................


WIND (MPH)
  HIGHEST WIND SPEED    14   HIGHEST WIND DIRECTION    SW (210)
  HIGHEST GUST SPEED    20   HIGHEST GUST DIRECTION     S (200)
  AVERAGE WIND SPEED     3.8


SKY COVER
  AVERAGE SKY COVER 0.0


WEATHER CONDITIONS
 THE FOLLOWING WEATHER WAS RECORDED YESTERDAY.
  HAZE


RELATIVE HUMIDITY (PERCENT)
 HIGHEST   100           200 AM
 LOWEST     36           300 PM
 AVERAGE    68

..........................................................


THE JOPLIN MO CLIMATE NORMALS FOR TODAY
                         NORMAL    RECORD    YEAR
 MAXIMUM TEMPERATURE (F)   73        92      1963
                                             1980
 MINIMUM TEMPERATURE (F)   50        24      2000


SUNRISE AND SUNSET
OCTOBER  9 2017.......SUNRISE   721 AM CDT   SUNSET   649 PM CDT
OCTOBER 10 2017.......SUNRISE   722 AM CDT   SUNSET   648 PM CDT


-  INDICATES NEGATIVE NUMBERS.
R  INDICATES RECORD WAS SET OR TIED.
MM INDICATES DATA IS MISSING.
T  INDICATES TRACE AMOUNT.




$$
