000
CDUS43 KSGF 152227
CLIJLN


CLIMATE REPORT
NATIONAL WEATHER SERVICE SPRINGFIELD MO
526 PM CDT TUE AUG 15 2017


...................................

...THE JOPLIN MO CLIMATE SUMMARY FOR AUGUST 15 2017...
VALID TODAY AS OF 0500 PM LOCAL TIME.

CLIMATE NORMAL PERIOD 1981 TO 2010
CLIMATE RECORD PERIOD 1902 TO 2017


WEATHER ITEM   OBSERVED TIME   RECORD YEAR NORMAL DEPARTURE LAST
                VALUE   (LST)  VALUE       VALUE  FROM      YEAR
                                                  NORMAL
..................................................................
TEMPERATURE (F)
 TODAY
  MAXIMUM         91    232 PM 104    1956  92     -1       77
  MINIMUM         68    600 AM  49    1994  69     -1       63
  AVERAGE         80                        80      0       70

PRECIPITATION (IN)
  TODAY            0.00          2.68 2005   0.10  -0.10     0.00
  MONTH TO DATE    2.25                      1.52   0.73     2.67
  SINCE JUN 1      9.54                     11.19  -1.65    14.09
  SINCE JAN 1     35.47                     29.14   6.33    28.19

DEGREE DAYS
 HEATING
  TODAY            0                         0      0        0
  MONTH TO DATE    0                         0      0        0
  SINCE JUN 1      0                         5     -5        0
  SINCE JUL 1      0                         0      0        0

 COOLING
  TODAY           15                        15      0        5
  MONTH TO DATE  174                       236    -62      254
  SINCE JUN 1   1040                      1027     13     1172
  SINCE JAN 1   1247                      1207     40     1286
..................................................................


WIND (MPH)
  HIGHEST WIND SPEED    10   HIGHEST WIND DIRECTION     E (110)
  HIGHEST GUST SPEED    14   HIGHEST GUST DIRECTION    SE (140)


SKY COVER
  AVERAGE SKY COVER 0.3


WEATHER CONDITIONS
 THE FOLLOWING WEATHER WAS RECORDED TODAY.
  NO SIGNIFICANT WEATHER WAS OBSERVED.


RELATIVE HUMIDITY (PERCENT)
 HIGHEST   100           200 AM
 LOWEST     59           200 PM
 AVERAGE    80

..........................................................


THE JOPLIN MO CLIMATE NORMALS FOR TOMORROW
                         NORMAL    RECORD    YEAR
 MAXIMUM TEMPERATURE (F)   92       105      1956
 MINIMUM TEMPERATURE (F)   69        49      1992


SUNRISE AND SUNSET
AUGUST 15 2017........SUNRISE   635 AM CDT   SUNSET   809 PM CDT
AUGUST 16 2017........SUNRISE   636 AM CDT   SUNSET   808 PM CDT


-  INDICATES NEGATIVE NUMBERS.
R  INDICATES RECORD WAS SET OR TIED.
MM INDICATES DATA IS MISSING.
T  INDICATES TRACE AMOUNT.




$$
