000
CDUS43 KSGF 220626
CLIJLN


CLIMATE REPORT
NATIONAL WEATHER SERVICE SPRINGFIELD MO
125 AM CDT WED OCT 22 2014


...................................

...THE JOPLIN MO CLIMATE SUMMARY FOR OCTOBER 21 2014...

CLIMATE NORMAL PERIOD 1981 TO 2010
CLIMATE RECORD PERIOD 1902 TO 2014


WEATHER ITEM   OBSERVED TIME   RECORD YEAR NORMAL DEPARTURE LAST
                VALUE   (LST)  VALUE       VALUE  FROM      YEAR
                                                  NORMAL
..................................................................
TEMPERATURE (F)
 YESTERDAY
  MAXIMUM         76    401 PM  89    1978  70      6       57
  MINIMUM         48    636 AM  27    1987  47      1       38
  AVERAGE         62                        58      4       48

PRECIPITATION (IN)
  YESTERDAY        0.00          1.48 1972   0.14  -0.14     0.00
  MONTH TO DATE    7.60                      2.75   4.85     1.52
  SINCE SEP 1     12.13                      7.70   4.43     1.52
  SINCE JAN 1     27.57                     38.67 -11.10    36.98

DEGREE DAYS
 HEATING
  YESTERDAY        3                         8     -5       17
  MONTH TO DATE  119                       119      0      144
  SINCE SEP 1    146                       160    -14      155
  SINCE JUL 1    147                       161    -14      155

 COOLING
  YESTERDAY        0                         1     -1        0
  MONTH TO DATE   33                        39     -6       51
  SINCE SEP 1    229                       254    -25      302
  SINCE JAN 1   1562                      1681   -119     1566
..................................................................


WIND (MPH)
  HIGHEST WIND SPEED     9   HIGHEST WIND DIRECTION     E (90)
  HIGHEST GUST SPEED    10   HIGHEST GUST DIRECTION     E (90)
  AVERAGE WIND SPEED     3.0


SKY COVER
  AVERAGE SKY COVER 0.1


WEATHER CONDITIONS
 THE FOLLOWING WEATHER WAS RECORDED YESTERDAY.
  FOG
  FOG W/VISIBILITY <= 1/4 MILE


RELATIVE HUMIDITY (PERCENT)
 HIGHEST   100          1200 AM
 LOWEST     36           400 PM
 AVERAGE    68

..........................................................


THE JOPLIN MO CLIMATE NORMALS FOR TODAY
                         NORMAL    RECORD    YEAR
 MAXIMUM TEMPERATURE (F)   70        84      1963
 MINIMUM TEMPERATURE (F)   47        27      1982


SUNRISE AND SUNSET
OCTOBER 22 2014.......SUNRISE   732 AM CDT   SUNSET   632 PM CDT
OCTOBER 23 2014.......SUNRISE   733 AM CDT   SUNSET   631 PM CDT


-  INDICATES NEGATIVE NUMBERS.
R  INDICATES RECORD WAS SET OR TIED.
MM INDICATES DATA IS MISSING.
T  INDICATES TRACE AMOUNT.




$$
