000
CDUS43 KSGF 160640
CLIJLN


CLIMATE REPORT
NATIONAL WEATHER SERVICE SPRINGFIELD MO
139 AM CDT SAT JUL 16 2016


...................................

...THE JOPLIN MO CLIMATE SUMMARY FOR JULY 15 2016...

CLIMATE NORMAL PERIOD 1981 TO 2010
CLIMATE RECORD PERIOD 1902 TO 2016


WEATHER ITEM   OBSERVED TIME   RECORD YEAR NORMAL DEPARTURE LAST
                VALUE   (LST)  VALUE       VALUE  FROM      YEAR
                                                  NORMAL
..................................................................
TEMPERATURE (F)
 YESTERDAY
  MAXIMUM         87    457 PM 105    1954  91     -4       94
  MINIMUM         65    554 AM  53    2014  70     -5       76
                                      1967
  AVERAGE         76                        80     -4       85

PRECIPITATION (IN)
  YESTERDAY        0.00          1.20 1989   0.12  -0.12     0.00
  MONTH TO DATE    4.77                      2.06   2.71     4.90
  SINCE JUN 1     10.89                      7.92   2.97    12.57
  SINCE JAN 1     24.99                     25.87  -0.88    30.28

DEGREE DAYS
 HEATING
  YESTERDAY        0                         0      0        0
  MONTH TO DATE    0                         0      0        0
  SINCE JUN 1      0                         5     -5        0
  SINCE JUL 1      0                         0      0        0

 COOLING
  YESTERDAY       11                        15     -4       20
  MONTH TO DATE  210                       221    -11      210
  SINCE JUN 1    633                       539     94      595
  SINCE JAN 1    747                       719     28      739
..................................................................


WIND (MPH)
  HIGHEST WIND SPEED    10   HIGHEST WIND DIRECTION    NW (310)
  HIGHEST GUST SPEED    14   HIGHEST GUST DIRECTION    NW (320)
  AVERAGE WIND SPEED     2.9


SKY COVER
  AVERAGE SKY COVER 0.1


WEATHER CONDITIONS
 THE FOLLOWING WEATHER WAS RECORDED YESTERDAY.
  NO SIGNIFICANT WEATHER WAS OBSERVED.


RELATIVE HUMIDITY (PERCENT)
 HIGHEST   100           300 AM
 LOWEST     50           500 PM
 AVERAGE    75

..........................................................


THE JOPLIN MO CLIMATE NORMALS FOR TODAY
                         NORMAL    RECORD    YEAR
 MAXIMUM TEMPERATURE (F)   91       106      1980
 MINIMUM TEMPERATURE (F)   70        50      2014


SUNRISE AND SUNSET
JULY 16 2016..........SUNRISE   611 AM CDT   SUNSET   837 PM CDT
JULY 17 2016..........SUNRISE   612 AM CDT   SUNSET   836 PM CDT


-  INDICATES NEGATIVE NUMBERS.
R  INDICATES RECORD WAS SET OR TIED.
MM INDICATES DATA IS MISSING.
T  INDICATES TRACE AMOUNT.




$$
