000
CDUS43 KSGF 032326
CLIJLN


CLIMATE REPORT
NATIONAL WEATHER SERVICE SPRINGFIELD MO
526 PM CST WED FEB 3 2016


...................................

...THE JOPLIN MO CLIMATE SUMMARY FOR FEBRUARY 3 2016...
VALID TODAY AS OF 0500 PM LOCAL TIME.

CLIMATE NORMAL PERIOD 1981 TO 2010
CLIMATE RECORD PERIOD 1902 TO 2016


WEATHER ITEM   OBSERVED TIME   RECORD YEAR NORMAL DEPARTURE LAST
                VALUE   (LST)  VALUE       VALUE  FROM      YEAR
                                                  NORMAL
..................................................................
TEMPERATURE (F)
 TODAY
  MAXIMUM         40    314 PM  74    1962  47     -7       54
  MINIMUM         32    827 AM -11    2011  26      6       24
  AVERAGE         36                        37     -1       39

PRECIPITATION (IN)
  TODAY            0.00          1.82 1986   0.07  -0.07     0.00
  MONTH TO DATE    0.11                      0.20  -0.09     0.39
  SINCE DEC 1     10.18                      5.05   5.13     2.93
  SINCE JAN 1      0.41                      2.23  -1.82     1.09

DEGREE DAYS
 HEATING
  TODAY           29                        28      1       26
  MONTH TO DATE   65                        85    -20      104
  SINCE DEC 1   1582                      1877   -295     1790
  SINCE JUL 1   2200                      2634   -434     2703

 COOLING
  TODAY            0                         0      0        0
  MONTH TO DATE    0                         0      0        0
  SINCE DEC 1      3                         0      3        0
  SINCE JAN 1      0                         0      0        0
..................................................................


WIND (MPH)
  HIGHEST WIND SPEED    29   HIGHEST WIND DIRECTION     W (260)
  HIGHEST GUST SPEED    38   HIGHEST GUST DIRECTION     W (260)


SKY COVER
  AVERAGE SKY COVER 0.9


WEATHER CONDITIONS
 THE FOLLOWING WEATHER WAS RECORDED TODAY.
  NO SIGNIFICANT WEATHER WAS OBSERVED.


RELATIVE HUMIDITY (PERCENT)
 HIGHEST    72           700 AM
 LOWEST     52           300 PM
 AVERAGE    62

..........................................................


THE JOPLIN MO CLIMATE NORMALS FOR TOMORROW
                         NORMAL    RECORD    YEAR
 MAXIMUM TEMPERATURE (F)   47        78      2008
 MINIMUM TEMPERATURE (F)   27        -4      1996


SUNRISE AND SUNSET
FEBRUARY  3 2016......SUNRISE   719 AM CST   SUNSET   544 PM CST
FEBRUARY  4 2016......SUNRISE   719 AM CST   SUNSET   546 PM CST


-  INDICATES NEGATIVE NUMBERS.
R  INDICATES RECORD WAS SET OR TIED.
MM INDICATES DATA IS MISSING.
T  INDICATES TRACE AMOUNT.




$$
