000
CDUS43 KSGF 251245
CLIJLN


CLIMATE REPORT
NATIONAL WEATHER SERVICE SPRINGFIELD MO
745 AM CDT TUE AUG 25 2015


...................................

...THE JOPLIN MO CLIMATE SUMMARY FOR AUGUST 24 2015...

CLIMATE NORMAL PERIOD 1981 TO 2010
CLIMATE RECORD PERIOD 1902 TO 2015


WEATHER ITEM   OBSERVED TIME   RECORD YEAR NORMAL DEPARTURE LAST
                VALUE   (LST)  VALUE       VALUE  FROM      YEAR
                                                  NORMAL
..................................................................
TEMPERATURE (F)
 YESTERDAY
  MAXIMUM         80    412 PM 102    1947  90    -10      100
  MINIMUM         57    618 AM  53    1961  67    -10       73
  AVERAGE         69                        79    -10       87

PRECIPITATION (IN)
  YESTERDAY        0.00          1.54 2007   0.11  -0.11     0.00
  MONTH TO DATE    8.23                      2.48   5.75     1.49
  SINCE JUN 1     20.99                     12.15   8.84     6.66
  SINCE JAN 1     38.70                     30.10   8.60    15.41

DEGREE DAYS
 HEATING
  YESTERDAY        0                         0      0        0
  MONTH TO DATE    1                         0      1        0
  SINCE JUN 1      1                         5     -4        3
  SINCE JUL 1      1                         0      1        1

 COOLING
  YESTERDAY        4                        14    -10       22
  MONTH TO DATE  290                       368    -78      353
  SINCE JUN 1   1179                      1159     20      986
  SINCE JAN 1   1323                      1339    -16     1199
..................................................................


WIND (MPH)
  HIGHEST WIND SPEED    12   HIGHEST WIND DIRECTION    NE (40)
  HIGHEST GUST SPEED    15   HIGHEST GUST DIRECTION    NE (40)
  AVERAGE WIND SPEED     3.9


SKY COVER
  AVERAGE SKY COVER 0.0


WEATHER CONDITIONS
 THE FOLLOWING WEATHER WAS RECORDED YESTERDAY.
  NO SIGNIFICANT WEATHER WAS OBSERVED.


RELATIVE HUMIDITY (PERCENT)
 HIGHEST   100          1200 AM
 LOWEST     37           300 PM
 AVERAGE    69

..........................................................


THE JOPLIN MO CLIMATE NORMALS FOR TODAY
                         NORMAL    RECORD    YEAR
 MAXIMUM TEMPERATURE (F)   90       101      1983
                                             2003
 MINIMUM TEMPERATURE (F)   67        53      1958


SUNRISE AND SUNSET
AUGUST 25 2015........SUNRISE   643 AM CDT   SUNSET   757 PM CDT
AUGUST 26 2015........SUNRISE   644 AM CDT   SUNSET   755 PM CDT


-  INDICATES NEGATIVE NUMBERS.
R  INDICATES RECORD WAS SET OR TIED.
MM INDICATES DATA IS MISSING.
T  INDICATES TRACE AMOUNT.




$$
