000
CDUS43 KSGF 022245
CLIJLN


CLIMATE REPORT
NATIONAL WEATHER SERVICE SPRINGFIELD MO
445 PM CST FRI DEC 2 2016


...................................

...THE JOPLIN MO CLIMATE SUMMARY FOR DECEMBER 2 2016...
VALID AS OF 0400 PM LOCAL TIME.

CLIMATE NORMAL PERIOD 1981 TO 2010
CLIMATE RECORD PERIOD 1902 TO 2016


WEATHER ITEM   OBSERVED TIME   RECORD YEAR NORMAL DEPARTURE LAST
                VALUE   (LST)  VALUE       VALUE  FROM      YEAR
                                                  NORMAL
..................................................................
TEMPERATURE (F)
 TODAY
  MAXIMUM         58    220 PM  74    1970  51      7       46
  MINIMUM         35    731 AM   6    2006  31      4       29
  AVERAGE         47                        41      6       38

PRECIPITATION (IN)
  TODAY            0.00          0.97 1990   0.11  -0.11     0.00
  MONTH TO DATE    0.00                      0.22  -0.22     0.00
  SINCE DEC 1      0.00                      0.22  -0.22     0.00
  SINCE JAN 1     38.64                     43.95  -5.31    48.63

DEGREE DAYS
 HEATING
  TODAY           18                        24     -6       27
  MONTH TO DATE   43                        48     -5       53
  SINCE DEC 1     43                        48     -5       53
  SINCE JUL 1    498                       805   -307      671

 COOLING
  TODAY            0                         0      0        0
  MONTH TO DATE    0                         0      0        0
  SINCE DEC 1      0                         0      0        0
  SINCE JAN 1   1878                      1698    180     1703
..................................................................


WIND (MPH)
  HIGHEST WIND SPEED    14   HIGHEST WIND DIRECTION     E (90)
  HIGHEST GUST SPEED    18   HIGHEST GUST DIRECTION     E (70)


SKY COVER
  AVERAGE SKY COVER 0.5


WEATHER CONDITIONS
 THE FOLLOWING WEATHER WAS RECORDED TODAY.
  NO SIGNIFICANT WEATHER WAS OBSERVED.


RELATIVE HUMIDITY (PERCENT)
 HIGHEST    64           600 AM
 LOWEST     32          1200 PM
 AVERAGE    48

..........................................................


THE JOPLIN MO CLIMATE NORMALS FOR TOMORROW
                         NORMAL    RECORD    YEAR
 MAXIMUM TEMPERATURE (F)   51        73      2012
 MINIMUM TEMPERATURE (F)   31        10      2006


SUNRISE AND SUNSET
DECEMBER  2 2016......SUNRISE   714 AM CST   SUNSET   501 PM CST
DECEMBER  3 2016......SUNRISE   715 AM CST   SUNSET   501 PM CST


-  INDICATES NEGATIVE NUMBERS.
R  INDICATES RECORD WAS SET OR TIED.
MM INDICATES DATA IS MISSING.
T  INDICATES TRACE AMOUNT.




$$
