000
CDUS43 KSGF 240625
CLIJLN


CLIMATE REPORT
NATIONAL WEATHER SERVICE SPRINGFIELD MO
125 AM CDT TUE MAR 24 2015


...................................

...THE JOPLIN MO CLIMATE SUMMARY FOR MARCH 23 2015...

CLIMATE NORMAL PERIOD 1981 TO 2010
CLIMATE RECORD PERIOD 1902 TO 2015


WEATHER ITEM   OBSERVED TIME   RECORD YEAR NORMAL DEPARTURE LAST
                VALUE   (LST)  VALUE       VALUE  FROM      YEAR
                                                  NORMAL
..................................................................
TEMPERATURE (F)
 YESTERDAY
  MAXIMUM         70    416 PM  80    1994  62      8       46
  MINIMUM         49    611 AM  17    1974  40      9       26
  AVERAGE         60                        51      9       36

PRECIPITATION (IN)
  YESTERDAY        0.00          1.74 1969   0.11  -0.11     0.00
  MONTH TO DATE    1.26                      2.45  -1.19     1.74
  SINCE MAR 1      1.26                      2.45  -1.19     1.74
  SINCE JAN 1      2.78                      6.80  -4.02     2.59

DEGREE DAYS
 HEATING
  YESTERDAY        5                        14     -9       29
  MONTH TO DATE  398                       403     -5      522
  SINCE MAR 1    398                       403     -5      522
  SINCE JUL 1   3934                      3657    277     4371

 COOLING
  YESTERDAY        0                         0      0        0
  MONTH TO DATE    0                         0      0        0
  SINCE MAR 1      0                         0      0        0
  SINCE JAN 1      0                         1     -1        0
..................................................................


WIND (MPH)
  HIGHEST WIND SPEED    18   HIGHEST WIND DIRECTION     W (250)
  HIGHEST GUST SPEED    22   HIGHEST GUST DIRECTION     W (250)
  AVERAGE WIND SPEED     6.8


SKY COVER
  AVERAGE SKY COVER 0.4


WEATHER CONDITIONS
 THE FOLLOWING WEATHER WAS RECORDED YESTERDAY.
  NO SIGNIFICANT WEATHER WAS OBSERVED.


RELATIVE HUMIDITY (PERCENT)
 HIGHEST    89           700 AM
 LOWEST     57           400 PM
 AVERAGE    73

..........................................................


THE JOPLIN MO CLIMATE NORMALS FOR TODAY
                         NORMAL    RECORD    YEAR
 MAXIMUM TEMPERATURE (F)   63        82      2003
 MINIMUM TEMPERATURE (F)   40        11      1974


SUNRISE AND SUNSET
MARCH 24 2015.........SUNRISE   716 AM CDT   SUNSET   733 PM CDT
MARCH 25 2015.........SUNRISE   714 AM CDT   SUNSET   734 PM CDT


-  INDICATES NEGATIVE NUMBERS.
R  INDICATES RECORD WAS SET OR TIED.
MM INDICATES DATA IS MISSING.
T  INDICATES TRACE AMOUNT.




$$
