000
CDUS43 KSGF 110633
CLIJLN


CLIMATE REPORT
NATIONAL WEATHER SERVICE SPRINGFIELD MO
1233 AM CST SAT NOV 11 2017


...................................

...THE JOPLIN MO CLIMATE SUMMARY FOR NOVEMBER 10 2017...

CLIMATE NORMAL PERIOD 1981 TO 2010
CLIMATE RECORD PERIOD 1902 TO 2017


WEATHER ITEM   OBSERVED TIME   RECORD YEAR NORMAL DEPARTURE LAST
                VALUE   (LST)  VALUE       VALUE  FROM      YEAR
                                                  NORMAL
..................................................................
TEMPERATURE (F)
 YESTERDAY
  MAXIMUM         58    351 PM  79    1949  62     -4       66
                                      1964
  MINIMUM         32    731 AM  19    1960  40     -8       35
  AVERAGE         45                        51     -6       51

PRECIPITATION (IN)
  YESTERDAY        0.00          0.89 2004   0.14  -0.14     0.00
  MONTH TO DATE    T                         1.32  -1.32     0.74
  SINCE SEP 1      5.80                     10.30  -4.50     8.73
  SINCE JAN 1     44.48                     41.27   3.21    38.51

DEGREE DAYS
 HEATING
  YESTERDAY       20                        14      6       14
  MONTH TO DATE  139                       125     14       60
  SINCE SEP 1    370                       376     -6      162
  SINCE JUL 1    370                       377     -7      162

 COOLING
  YESTERDAY        0                         0      0        0
  MONTH TO DATE    1                         5     -4       20
  SINCE SEP 1    318                       269     49      384
  SINCE JAN 1   1750                      1696     54     1871
..................................................................


WIND (MPH)
  HIGHEST WIND SPEED    15   HIGHEST WIND DIRECTION    SE (150)
  HIGHEST GUST SPEED    24   HIGHEST GUST DIRECTION    SE (150)
  AVERAGE WIND SPEED     8.7


SKY COVER
  AVERAGE SKY COVER 0.2


WEATHER CONDITIONS
 THE FOLLOWING WEATHER WAS RECORDED YESTERDAY.
  NO SIGNIFICANT WEATHER WAS OBSERVED.


RELATIVE HUMIDITY (PERCENT)
 HIGHEST    82           300 AM
 LOWEST     43           300 PM
 AVERAGE    63

..........................................................


THE JOPLIN MO CLIMATE NORMALS FOR TODAY
                         NORMAL    RECORD    YEAR
 MAXIMUM TEMPERATURE (F)   61        81      1949
 MINIMUM TEMPERATURE (F)   40        19      1950


SUNRISE AND SUNSET
NOVEMBER 11 2017......SUNRISE   653 AM CST   SUNSET   511 PM CST
NOVEMBER 12 2017......SUNRISE   654 AM CST   SUNSET   510 PM CST


-  INDICATES NEGATIVE NUMBERS.
R  INDICATES RECORD WAS SET OR TIED.
MM INDICATES DATA IS MISSING.
T  INDICATES TRACE AMOUNT.




$$
