000
CDUS43 KSGF 180629
CLIJLN


CLIMATE REPORT
NATIONAL WEATHER SERVICE SPRINGFIELD MO
129 AM CDT SUN SEP 18 2016


...................................

...THE JOPLIN MO CLIMATE SUMMARY FOR SEPTEMBER 17 2016...

CLIMATE NORMAL PERIOD 1981 TO 2010
CLIMATE RECORD PERIOD 1902 TO 2016


WEATHER ITEM   OBSERVED TIME   RECORD YEAR NORMAL DEPARTURE LAST
                VALUE   (LST)  VALUE       VALUE  FROM      YEAR
                                                  NORMAL
..................................................................
TEMPERATURE (F)
 YESTERDAY
  MAXIMUM         81    458 PM  95    1953  82     -1       90
  MINIMUM         60    141 AM  41    1981  59      1       72
  AVERAGE         71                        70      1       81

PRECIPITATION (IN)
  YESTERDAY        0.00          3.02 2011   0.18  -0.18     0.00
  MONTH TO DATE    2.62                      2.82  -0.20     0.96
  SINCE SEP 1      2.62                      2.82  -0.20     0.96
  SINCE JAN 1     32.40                     33.79  -1.39    39.66

DEGREE DAYS
 HEATING
  YESTERDAY        0                         1     -1        0
  MONTH TO DATE    0                         6     -6        5
  SINCE SEP 1      0                         6     -6        5
  SINCE JUL 1      0                         7     -7        6

 COOLING
  YESTERDAY        6                         6      0       16
  MONTH TO DATE  164                       153     11      190
  SINCE SEP 1    164                       153     11      190
  SINCE JAN 1   1651                      1580     71     1576
..................................................................


WIND (MPH)
  HIGHEST WIND SPEED     7   HIGHEST WIND DIRECTION    NE (60)
  HIGHEST GUST SPEED     8   HIGHEST GUST DIRECTION    NW (330)
  AVERAGE WIND SPEED     1.0


SKY COVER
  AVERAGE SKY COVER 0.5


WEATHER CONDITIONS
 THE FOLLOWING WEATHER WAS RECORDED YESTERDAY.
  FOG
  FOG W/VISIBILITY <= 1/4 MILE


RELATIVE HUMIDITY (PERCENT)
 HIGHEST   100          1200 AM
 LOWEST     58           500 PM
 AVERAGE    79

..........................................................


THE JOPLIN MO CLIMATE NORMALS FOR TODAY
                         NORMAL    RECORD    YEAR
 MAXIMUM TEMPERATURE (F)   81        96      1952
 MINIMUM TEMPERATURE (F)   58        37      1981


SUNRISE AND SUNSET
SEPTEMBER 18 2016.....SUNRISE   703 AM CDT   SUNSET   720 PM CDT
SEPTEMBER 19 2016.....SUNRISE   704 AM CDT   SUNSET   719 PM CDT


-  INDICATES NEGATIVE NUMBERS.
R  INDICATES RECORD WAS SET OR TIED.
MM INDICATES DATA IS MISSING.
T  INDICATES TRACE AMOUNT.




$$
