000
CDUS43 KSGF 010629
CLIJLN


CLIMATE REPORT
NATIONAL WEATHER SERVICE SPRINGFIELD MO
1229 AM CST MON FEB 1 2016


...................................

...THE JOPLIN MO CLIMATE SUMMARY FOR JANUARY 31 2016...

CLIMATE NORMAL PERIOD 1981 TO 2010
CLIMATE RECORD PERIOD 1902 TO 2016


WEATHER ITEM   OBSERVED TIME   RECORD YEAR NORMAL DEPARTURE LAST
                VALUE   (LST)  VALUE       VALUE  FROM      YEAR
                                                  NORMAL
..................................................................
TEMPERATURE (F)
 YESTERDAY
  MAXIMUM         62   1051 AM  75    1989  47     15       49
  MINIMUM         41    955 PM  -4    1979  26     15       38
  AVERAGE         52                        36     16       44

PRECIPITATION (IN)
  YESTERDAY        0.00          0.60 1981   0.07  -0.07     0.25
  MONTH TO DATE    0.30                      2.03  -1.73     0.70
  SINCE DEC 1     10.07                      4.85   5.22     2.54
  SINCE JAN 1      0.30                      2.03  -1.73     0.70

DEGREE DAYS
 HEATING
  YESTERDAY       13                        29    -16       21
  MONTH TO DATE  880                       925    -45      913
  SINCE DEC 1   1517                      1792   -275     1686
  SINCE JUL 1   2135                      2549   -414     2599

 COOLING
  YESTERDAY        0                         0      0        0
  MONTH TO DATE    0                         0      0        0
  SINCE DEC 1      3                         0      3        0
  SINCE JAN 1      0                         0      0        0
..................................................................


WIND (MPH)
  HIGHEST WIND SPEED    30   HIGHEST WIND DIRECTION     S (180)
  HIGHEST GUST SPEED    39   HIGHEST GUST DIRECTION     S (190)
  AVERAGE WIND SPEED    12.8


SKY COVER
  AVERAGE SKY COVER 0.0


WEATHER CONDITIONS
 THE FOLLOWING WEATHER WAS RECORDED YESTERDAY.
  NO SIGNIFICANT WEATHER WAS OBSERVED.


RELATIVE HUMIDITY (PERCENT)
 HIGHEST    79          1000 PM
 LOWEST     46          1200 AM
 AVERAGE    63

..........................................................


THE JOPLIN MO CLIMATE NORMALS FOR TODAY
                         NORMAL    RECORD    YEAR
 MAXIMUM TEMPERATURE (F)   47        70      1974
                                             1992
 MINIMUM TEMPERATURE (F)   26        -7      1979


SUNRISE AND SUNSET
FEBRUARY  1 2016......SUNRISE   721 AM CST   SUNSET   542 PM CST
FEBRUARY  2 2016......SUNRISE   720 AM CST   SUNSET   543 PM CST


-  INDICATES NEGATIVE NUMBERS.
R  INDICATES RECORD WAS SET OR TIED.
MM INDICATES DATA IS MISSING.
T  INDICATES TRACE AMOUNT.




$$
