000
CDUS43 KSGF 230626
CLIJLN


CLIMATE REPORT
NATIONAL WEATHER SERVICE SPRINGFIELD MO
1225 AM CST WED NOV 23 2016


...................................

...THE JOPLIN MO CLIMATE SUMMARY FOR NOVEMBER 22 2016...

CLIMATE NORMAL PERIOD 1981 TO 2010
CLIMATE RECORD PERIOD 1902 TO 2016


WEATHER ITEM   OBSERVED TIME   RECORD YEAR NORMAL DEPARTURE LAST
                VALUE   (LST)  VALUE       VALUE  FROM      YEAR
                                                  NORMAL
..................................................................
TEMPERATURE (F)
 YESTERDAY
  MAXIMUM         62    229 PM  77    1955  56      6       49
                                      1983
  MINIMUM         50    433 AM  19    1964  35     15       23
  AVERAGE         56                        45     11       36

PRECIPITATION (IN)
  YESTERDAY        0.11          2.03 1992   0.12  -0.01     0.00
  MONTH TO DATE    0.86                      2.82  -1.96     4.82
  SINCE SEP 1      8.85                     11.80  -2.95     6.64
  SINCE JAN 1     38.63                     42.77  -4.14    45.34

DEGREE DAYS
 HEATING
  YESTERDAY        9                        20    -11       29
  MONTH TO DATE  211                       331   -120      279
  SINCE SEP 1    313                       582   -269      467
  SINCE JUL 1    313                       583   -270      468

 COOLING
  YESTERDAY        0                         0      0        0
  MONTH TO DATE   27                         5     22        2
  SINCE SEP 1    391                       269    122      317
  SINCE JAN 1   1878                      1696    182     1703
..................................................................


WIND (MPH)
  HIGHEST WIND SPEED    22   HIGHEST WIND DIRECTION     S (180)
  HIGHEST GUST SPEED    29   HIGHEST GUST DIRECTION    SE (140)
  AVERAGE WIND SPEED    12.7


SKY COVER
  AVERAGE SKY COVER 0.7


WEATHER CONDITIONS
 THE FOLLOWING WEATHER WAS RECORDED YESTERDAY.
  HEAVY RAIN
  RAIN
  LIGHT RAIN
  FOG


RELATIVE HUMIDITY (PERCENT)
 HIGHEST    93           700 PM
 LOWEST     54          1200 AM
 AVERAGE    74

..........................................................


THE JOPLIN MO CLIMATE NORMALS FOR TODAY
                         NORMAL    RECORD    YEAR
 MAXIMUM TEMPERATURE (F)   55        76      2006
                                             1966
 MINIMUM TEMPERATURE (F)   35        13      1950


SUNRISE AND SUNSET
NOVEMBER 23 2016......SUNRISE   706 AM CST   SUNSET   503 PM CST
NOVEMBER 24 2016......SUNRISE   707 AM CST   SUNSET   503 PM CST


-  INDICATES NEGATIVE NUMBERS.
R  INDICATES RECORD WAS SET OR TIED.
MM INDICATES DATA IS MISSING.
T  INDICATES TRACE AMOUNT.




$$
