000
CDUS43 KSGF 200645
CLIJLN


CLIMATE REPORT
NATIONAL WEATHER SERVICE SPRINGFIELD MO
145 AM CDT WED MAY 20 2015


...................................

...THE JOPLIN MO CLIMATE SUMMARY FOR MAY 19 2015...

CLIMATE NORMAL PERIOD 1981 TO 2010
CLIMATE RECORD PERIOD 1902 TO 2015


WEATHER ITEM   OBSERVED TIME   RECORD YEAR NORMAL DEPARTURE LAST
                VALUE   (LST)  VALUE       VALUE  FROM      YEAR
                                                  NORMAL
..................................................................
TEMPERATURE (F)
 YESTERDAY
  MAXIMUM         68    357 PM  91    1987  78    -10       83
                                      2006
  MINIMUM         51    553 AM  43    1993  57     -6       58
                                      2002
  AVERAGE         60                        68     -8       71

PRECIPITATION (IN)
  YESTERDAY        0.07          1.75 1949   0.19  -0.12     0.00
  MONTH TO DATE    5.37                      3.59   1.78     1.63
  SINCE MAR 1     11.15                     11.48  -0.33     4.76
  SINCE JAN 1     12.67                     15.83  -3.16     5.61

DEGREE DAYS
 HEATING
  YESTERDAY        5                         2      3        0
  MONTH TO DATE   37                        53    -16      103
  SINCE MAR 1    724                       802    -78     1032
  SINCE JUL 1   4260                      4056    204     4881

 COOLING
  YESTERDAY        0                         4     -4        6
  MONTH TO DATE   77                        60     17       85
  SINCE MAR 1    112                       113     -1      108
  SINCE JAN 1    112                       114     -2      108
..................................................................


WIND (MPH)
  HIGHEST WIND SPEED    17   HIGHEST WIND DIRECTION     E (90)
  HIGHEST GUST SPEED    23   HIGHEST GUST DIRECTION     E (80)
  AVERAGE WIND SPEED     9.5


SKY COVER
  AVERAGE SKY COVER 0.2


WEATHER CONDITIONS
 THE FOLLOWING WEATHER WAS RECORDED YESTERDAY.
  RAIN
  LIGHT RAIN
  FOG


RELATIVE HUMIDITY (PERCENT)
 HIGHEST    83           500 AM
 LOWEST     55           200 PM
 AVERAGE    69

..........................................................


THE JOPLIN MO CLIMATE NORMALS FOR TODAY
                         NORMAL    RECORD    YEAR
 MAXIMUM TEMPERATURE (F)   79        92      1956
 MINIMUM TEMPERATURE (F)   57        40      1981


SUNRISE AND SUNSET
MAY 20 2015...........SUNRISE   606 AM CDT   SUNSET   824 PM CDT
MAY 21 2015...........SUNRISE   605 AM CDT   SUNSET   824 PM CDT


-  INDICATES NEGATIVE NUMBERS.
R  INDICATES RECORD WAS SET OR TIED.
MM INDICATES DATA IS MISSING.
T  INDICATES TRACE AMOUNT.




$$
