000
CDUS43 KSGF 140645
CLIJLN


CLIMATE REPORT
NATIONAL WEATHER SERVICE SPRINGFIELD MO
1244 AM CST TUE NOV 14 2017


...................................

...THE JOPLIN MO CLIMATE SUMMARY FOR NOVEMBER 13 2017...

CLIMATE NORMAL PERIOD 1981 TO 2010
CLIMATE RECORD PERIOD 1902 TO 2017


WEATHER ITEM   OBSERVED TIME   RECORD YEAR NORMAL DEPARTURE LAST
                VALUE   (LST)  VALUE       VALUE  FROM      YEAR
                                                  NORMAL
..................................................................
TEMPERATURE (F)
 YESTERDAY
  MAXIMUM         58    510 PM  82    1999  60     -2       62
  MINIMUM         46    749 AM   9    1986  39      7       33
  AVERAGE         52                        50      2       48

PRECIPITATION (IN)
  YESTERDAY        0.00          2.62 1985   0.13  -0.13     0.00
  MONTH TO DATE    0.01                      1.72  -1.71     0.74
  SINCE SEP 1      5.81                     10.70  -4.89     8.73
  SINCE JAN 1     44.49                     41.67   2.82    38.51

DEGREE DAYS
 HEATING
  YESTERDAY       13                        16     -3       17
  MONTH TO DATE  184                       171     13      107
  SINCE SEP 1    415                       422     -7      209
  SINCE JUL 1    415                       423     -8      209

 COOLING
  YESTERDAY        0                         0      0        0
  MONTH TO DATE    1                         5     -4       20
  SINCE SEP 1    318                       269     49      384
  SINCE JAN 1   1750                      1696     54     1871
..................................................................


WIND (MPH)
  HIGHEST WIND SPEED    13   HIGHEST WIND DIRECTION    SE (150)
  HIGHEST GUST SPEED    18   HIGHEST GUST DIRECTION     S (160)
  AVERAGE WIND SPEED     5.1


SKY COVER
  AVERAGE SKY COVER 1.0


WEATHER CONDITIONS
 THE FOLLOWING WEATHER WAS RECORDED YESTERDAY.
  NO SIGNIFICANT WEATHER WAS OBSERVED.


RELATIVE HUMIDITY (PERCENT)
 HIGHEST    93           400 AM
 LOWEST     72           100 PM
 AVERAGE    83

..........................................................


THE JOPLIN MO CLIMATE NORMALS FOR TODAY
                         NORMAL    RECORD    YEAR
 MAXIMUM TEMPERATURE (F)   60        79      1964
 MINIMUM TEMPERATURE (F)   39        14      2014


SUNRISE AND SUNSET
NOVEMBER 14 2017......SUNRISE   656 AM CST   SUNSET   508 PM CST
NOVEMBER 15 2017......SUNRISE   657 AM CST   SUNSET   508 PM CST


-  INDICATES NEGATIVE NUMBERS.
R  INDICATES RECORD WAS SET OR TIED.
MM INDICATES DATA IS MISSING.
T  INDICATES TRACE AMOUNT.




$$
