000
CDUS43 KSGF 260628
CLIJLN


CLIMATE REPORT
NATIONAL WEATHER SERVICE SPRINGFIELD MO
128 AM CDT FRI SEP 26 2014


...................................

...THE JOPLIN MO CLIMATE SUMMARY FOR SEPTEMBER 25 2014...

CLIMATE NORMAL PERIOD 1981 TO 2010
CLIMATE RECORD PERIOD 1902 TO 2014


WEATHER ITEM   OBSERVED TIME   RECORD YEAR NORMAL DEPARTURE LAST
                VALUE   (LST)  VALUE       VALUE  FROM      YEAR
                                                  NORMAL
..................................................................
TEMPERATURE (F)
 YESTERDAY
  MAXIMUM         81    249 PM  90    1958  78      3       81
  MINIMUM         58    440 AM  37    1989  55      3       53
  AVERAGE         70                        67      3       67

PRECIPITATION (IN)
  YESTERDAY        0.00          3.18 1993   0.17  -0.17     0.00
  MONTH TO DATE    4.53                      4.15   0.38      T
  SINCE SEP 1      4.53                      4.15   0.38      T
  SINCE JAN 1     19.97                     35.12 -15.15    35.46

DEGREE DAYS
 HEATING
  YESTERDAY        0                         3     -3        0
  MONTH TO DATE   27                        22      5        9
  SINCE SEP 1     27                        22      5        9
  SINCE JUL 1     28                        23      5        9

 COOLING
  YESTERDAY        5                         4      1        2
  MONTH TO DATE  166                       195    -29      230
  SINCE SEP 1    166                       195    -29      230
  SINCE JAN 1   1499                      1622   -123     1494
..................................................................


WIND (MPH)
  HIGHEST WIND SPEED    10   HIGHEST WIND DIRECTION     S (180)
  HIGHEST GUST SPEED    MM   HIGHEST GUST DIRECTION    MM
  AVERAGE WIND SPEED     4.3


SKY COVER
  AVERAGE SKY COVER 0.2


WEATHER CONDITIONS
 THE FOLLOWING WEATHER WAS RECORDED YESTERDAY.
  NO SIGNIFICANT WEATHER WAS OBSERVED.


RELATIVE HUMIDITY (PERCENT)
 HIGHEST    87          1000 PM
 LOWEST     42          1200 PM
 AVERAGE    65

..........................................................


THE JOPLIN MO CLIMATE NORMALS FOR TODAY
                         NORMAL    RECORD    YEAR
 MAXIMUM TEMPERATURE (F)   78        93      1953
 MINIMUM TEMPERATURE (F)   55        38      2000


SUNRISE AND SUNSET
SEPTEMBER 26 2014.....SUNRISE   709 AM CDT   SUNSET   709 PM CDT
SEPTEMBER 27 2014.....SUNRISE   710 AM CDT   SUNSET   707 PM CDT


-  INDICATES NEGATIVE NUMBERS.
R  INDICATES RECORD WAS SET OR TIED.
MM INDICATES DATA IS MISSING.
T  INDICATES TRACE AMOUNT.




$$
