000
CDUS43 KSGF 180625
CLIJLN


CLIMATE REPORT
NATIONAL WEATHER SERVICE SPRINGFIELD MO
1225 AM CST WED JAN 18 2017


...................................

...THE JOPLIN MO CLIMATE SUMMARY FOR JANUARY 17 2017...

CLIMATE NORMAL PERIOD 1981 TO 2010
CLIMATE RECORD PERIOD 1902 TO 2017


WEATHER ITEM   OBSERVED TIME   RECORD YEAR NORMAL DEPARTURE LAST
                VALUE   (LST)  VALUE       VALUE  FROM      YEAR
                                                  NORMAL
..................................................................
TEMPERATURE (F)
 YESTERDAY
  MAXIMUM         41   1259 AM  68    1952  45     -4       23
                                      1996
  MINIMUM         37   1015 AM  -7    1978  25     12       14
  AVERAGE         39                        35      4       19

PRECIPITATION (IN)
  YESTERDAY        0.00          1.47 2004   0.06  -0.06      T
  MONTH TO DATE    2.47                      1.13   1.34     0.30
  SINCE DEC 1      3.06                      3.95  -0.89    10.07
  SINCE JAN 1      2.47                      1.13   1.34     0.30

DEGREE DAYS
 HEATING
  YESTERDAY       26                        30     -4       46
  MONTH TO DATE  490                       510    -20      489
  SINCE DEC 1   1367                      1370     -3     1126
  SINCE JUL 1   1822                      2127   -305     1744

 COOLING
  YESTERDAY        0                         0      0        0
  MONTH TO DATE    0                         0      0        0
  SINCE DEC 1      0                         0      0        3
  SINCE JAN 1      0                         0      0        0
..................................................................


WIND (MPH)
  HIGHEST WIND SPEED    13   HIGHEST WIND DIRECTION     W (280)
  HIGHEST GUST SPEED    15   HIGHEST GUST DIRECTION     W (280)
  AVERAGE WIND SPEED     6.8


SKY COVER
  AVERAGE SKY COVER 1.0


WEATHER CONDITIONS
 THE FOLLOWING WEATHER WAS RECORDED YESTERDAY.
  FOG


RELATIVE HUMIDITY (PERCENT)
 HIGHEST   100          1100 PM
 LOWEST     85           400 AM
 AVERAGE    93

..........................................................


THE JOPLIN MO CLIMATE NORMALS FOR TODAY
                         NORMAL    RECORD    YEAR
 MAXIMUM TEMPERATURE (F)   45        66      1951
 MINIMUM TEMPERATURE (F)   25        -8      1984


SUNRISE AND SUNSET
JANUARY 18 2017.......SUNRISE   729 AM CST   SUNSET   528 PM CST
JANUARY 19 2017.......SUNRISE   729 AM CST   SUNSET   529 PM CST


-  INDICATES NEGATIVE NUMBERS.
R  INDICATES RECORD WAS SET OR TIED.
MM INDICATES DATA IS MISSING.
T  INDICATES TRACE AMOUNT.




$$
