000
CDUS43 KSGF 270634
CLIJLN


CLIMATE REPORT
NATIONAL WEATHER SERVICE SPRINGFIELD MO
133 AM CDT THU AUG 27 2015


...................................

...THE JOPLIN MO CLIMATE SUMMARY FOR AUGUST 26 2015...

CLIMATE NORMAL PERIOD 1981 TO 2010
CLIMATE RECORD PERIOD 1902 TO 2015


WEATHER ITEM   OBSERVED TIME   RECORD YEAR NORMAL DEPARTURE LAST
                VALUE   (LST)  VALUE       VALUE  FROM      YEAR
                                                  NORMAL
..................................................................
TEMPERATURE (F)
 YESTERDAY
  MAXIMUM         85    341 PM 101    1983  90     -5       99
                                      2000
                                      2003
  MINIMUM         57    539 AM  51    1962  67    -10       72
  AVERAGE         71                        78     -7       86

PRECIPITATION (IN)
  YESTERDAY        0.00          3.16 1950   0.13  -0.13     0.03
  MONTH TO DATE    8.23                      2.73   5.50     1.52
  SINCE JUN 1     20.99                     12.40   8.59     6.69
  SINCE JAN 1     38.70                     30.35   8.35    15.44

DEGREE DAYS
 HEATING
  YESTERDAY        0                         0      0        0
  MONTH TO DATE    1                         0      1        0
  SINCE JUN 1      1                         5     -4        3
  SINCE JUL 1      1                         0      1        1

 COOLING
  YESTERDAY        6                        13     -7       21
  MONTH TO DATE  300                       395    -95      395
  SINCE JUN 1   1189                      1186      3     1028
  SINCE JAN 1   1333                      1366    -33     1241
..................................................................


WIND (MPH)
  HIGHEST WIND SPEED     8   HIGHEST WIND DIRECTION    SE (150)
  HIGHEST GUST SPEED    13   HIGHEST GUST DIRECTION    SE (140)
  AVERAGE WIND SPEED     0.5


SKY COVER
  AVERAGE SKY COVER 0.0


WEATHER CONDITIONS
 THE FOLLOWING WEATHER WAS RECORDED YESTERDAY.
  NO SIGNIFICANT WEATHER WAS OBSERVED.


RELATIVE HUMIDITY (PERCENT)
 HIGHEST   100           500 AM
 LOWEST     37           200 PM
 AVERAGE    69

..........................................................


THE JOPLIN MO CLIMATE NORMALS FOR TODAY
                         NORMAL    RECORD    YEAR
 MAXIMUM TEMPERATURE (F)   90       103      1954
                                             2000
 MINIMUM TEMPERATURE (F)   67        52      1962
                                             1967
                                             1992


SUNRISE AND SUNSET
AUGUST 27 2015........SUNRISE   644 AM CDT   SUNSET   754 PM CDT
AUGUST 28 2015........SUNRISE   645 AM CDT   SUNSET   753 PM CDT


-  INDICATES NEGATIVE NUMBERS.
R  INDICATES RECORD WAS SET OR TIED.
MM INDICATES DATA IS MISSING.
T  INDICATES TRACE AMOUNT.




$$
