000
CDUS43 KSGF 162237
CLIJLN


CLIMATE REPORT
NATIONAL WEATHER SERVICE SPRINGFIELD MO
537 PM CDT SUN JUL 16 2017


...................................

...THE JOPLIN MO CLIMATE SUMMARY FOR JULY 16 2017...
VALID TODAY AS OF 0500 PM LOCAL TIME.

CLIMATE NORMAL PERIOD 1981 TO 2010
CLIMATE RECORD PERIOD 1902 TO 2017


WEATHER ITEM   OBSERVED TIME   RECORD YEAR NORMAL DEPARTURE LAST
                VALUE   (LST)  VALUE       VALUE  FROM      YEAR
                                                  NORMAL
..................................................................
TEMPERATURE (F)
 TODAY
  MAXIMUM         94    349 PM 106    1980  91      3       89
  MINIMUM         69    500 AM  50    2014  70     -1       69
  AVERAGE         82                        80      2       79

PRECIPITATION (IN)
  TODAY            0.00          2.23 1958   0.12  -0.12     0.00
  MONTH TO DATE    2.06                      2.18  -0.12     4.77
  SINCE JUN 1      6.24                      8.04  -1.80    10.89
  SINCE JAN 1     32.17                     25.99   6.18    24.99

DEGREE DAYS
 HEATING
  TODAY            0                         0      0        0
  MONTH TO DATE    0                         0      0        0
  SINCE JUN 1      0                         5     -5        0
  SINCE JUL 1      0                         0      0        0

 COOLING
  TODAY           17                        15      2       14
  MONTH TO DATE  253                       236     17      224
  SINCE JUN 1    582                       554     28      647
  SINCE JAN 1    789                       734     55      761
..................................................................


WIND (MPH)
  HIGHEST WIND SPEED     8   HIGHEST WIND DIRECTION     W (290)
  HIGHEST GUST SPEED    12   HIGHEST GUST DIRECTION     E (110)


SKY COVER
  AVERAGE SKY COVER 0.1


WEATHER CONDITIONS
 THE FOLLOWING WEATHER WAS RECORDED TODAY.
  NO SIGNIFICANT WEATHER WAS OBSERVED.


RELATIVE HUMIDITY (PERCENT)
 HIGHEST    97           500 AM
 LOWEST     41           300 PM
 AVERAGE    69

..........................................................


THE JOPLIN MO CLIMATE NORMALS FOR TOMORROW
                         NORMAL    RECORD    YEAR
 MAXIMUM TEMPERATURE (F)   91       109      1954
 MINIMUM TEMPERATURE (F)   70        53      1967


SUNRISE AND SUNSET
JULY 16 2017..........SUNRISE   611 AM CDT   SUNSET   837 PM CDT
JULY 17 2017..........SUNRISE   611 AM CDT   SUNSET   837 PM CDT


-  INDICATES NEGATIVE NUMBERS.
R  INDICATES RECORD WAS SET OR TIED.
MM INDICATES DATA IS MISSING.
T  INDICATES TRACE AMOUNT.




$$
