000
CDUS43 KSGF 152126
CLIJLN


CLIMATE REPORT
NATIONAL WEATHER SERVICE SPRINGFIELD MO
426 PM CDT SAT APR 15 2017


...................................

...THE JOPLIN MO CLIMATE SUMMARY FOR APRIL 15 2017...
VALID AS OF 0400 PM LOCAL TIME.

CLIMATE NORMAL PERIOD 1981 TO 2010
CLIMATE RECORD PERIOD 1902 TO 2017


WEATHER ITEM   OBSERVED TIME   RECORD YEAR NORMAL DEPARTURE LAST
                VALUE   (LST)  VALUE       VALUE  FROM      YEAR
                                                  NORMAL
..................................................................
TEMPERATURE (F)
 TODAY
  MAXIMUM         82    235 PM  86    2006  70     12       72
                                      2002
  MINIMUM         64    602 AM  25    2014  47     17       48
  AVERAGE         73                        58     15       60

PRECIPITATION (IN)
  TODAY            0.00          1.34 1973   0.15  -0.15     0.00
  MONTH TO DATE    1.47                      1.94  -0.47     0.95
  SINCE MAR 1      4.17                      5.36  -1.19     3.52
  SINCE JAN 1      8.16                      9.71  -1.55     4.19

DEGREE DAYS
 HEATING
  TODAY            0                         8     -8        5
  MONTH TO DATE   85                       149    -64      121
  SINCE MAR 1    465                       657   -192      483
  SINCE JUL 1   3017                      3911   -894     3233

 COOLING
  TODAY            8                         1      7        0
  MONTH TO DATE   30                        15     15        3
  SINCE MAR 1     47                        24     23        6
  SINCE JAN 1     57                        25     32        7
..................................................................


WIND (MPH)
  HIGHEST WIND SPEED    30   HIGHEST WIND DIRECTION     S (190)
  HIGHEST GUST SPEED    37   HIGHEST GUST DIRECTION     S (200)


SKY COVER
  AVERAGE SKY COVER 0.2


WEATHER CONDITIONS
 THE FOLLOWING WEATHER WAS RECORDED TODAY.
  NO SIGNIFICANT WEATHER WAS OBSERVED.


RELATIVE HUMIDITY (PERCENT)
 HIGHEST    68           700 AM
 LOWEST     45          1200 PM
 AVERAGE    57

..........................................................


THE JOPLIN MO CLIMATE NORMALS FOR TOMORROW
                         NORMAL    RECORD    YEAR
 MAXIMUM TEMPERATURE (F)   70        91      2006
 MINIMUM TEMPERATURE (F)   47        29      1953


SUNRISE AND SUNSET
APRIL 15 2017.........SUNRISE   643 AM CDT   SUNSET   753 PM CDT
APRIL 16 2017.........SUNRISE   642 AM CDT   SUNSET   754 PM CDT


-  INDICATES NEGATIVE NUMBERS.
R  INDICATES RECORD WAS SET OR TIED.
MM INDICATES DATA IS MISSING.
T  INDICATES TRACE AMOUNT.




$$
