211
CDUS43 KSGF 190659
CLIJLN


CLIMATE REPORT
NATIONAL WEATHER SERVICE SPRINGFIELD MO
1259 AM CST SUN FEB 19 2017


...................................

...THE JOPLIN MO CLIMATE SUMMARY FOR FEBRUARY 18 2017...

CLIMATE NORMAL PERIOD 1981 TO 2010
CLIMATE RECORD PERIOD 1902 TO 2017


WEATHER ITEM   OBSERVED TIME   RECORD YEAR NORMAL DEPARTURE LAST
                VALUE   (LST)  VALUE       VALUE  FROM      YEAR
                                                  NORMAL
..................................................................
TEMPERATURE (F)
 YESTERDAY
  MAXIMUM         66    502 PM  78    1986  52     14       76
  MINIMUM         46   1159 PM  -3    1993  30     16       48
  AVERAGE         56                        41     15       62

PRECIPITATION (IN)
  YESTERDAY        0.00          1.84 1974   0.09  -0.09     0.00
  MONTH TO DATE    0.13                      1.40  -1.27     0.11
  SINCE DEC 1      4.37                      6.25  -1.88    10.18
  SINCE JAN 1      3.78                      3.43   0.35     0.41

DEGREE DAYS
 HEATING
  YESTERDAY        9                        24    -15        3
  MONTH TO DATE  337                       479   -142      444
  SINCE DEC 1   1994                      2271   -277     1961
  SINCE JUL 1   2449                      3028   -579     2579

 COOLING
  YESTERDAY        0                         0      0        0
  MONTH TO DATE    3                         0      3        0
  SINCE DEC 1      3                         0      3        3
  SINCE JAN 1      3                         0      3        0
..................................................................


WIND (MPH)
  HIGHEST WIND SPEED    17   HIGHEST WIND DIRECTION    SW (220)
  HIGHEST GUST SPEED    25   HIGHEST GUST DIRECTION    SW (230)
  AVERAGE WIND SPEED     6.3


SKY COVER
  AVERAGE SKY COVER 0.5


WEATHER CONDITIONS
 THE FOLLOWING WEATHER WAS RECORDED YESTERDAY.
  FOG


RELATIVE HUMIDITY (PERCENT)
 HIGHEST   100          1100 PM
 LOWEST     58           500 PM
 AVERAGE    79

..........................................................


THE JOPLIN MO CLIMATE NORMALS FOR TODAY
                         NORMAL    RECORD    YEAR
 MAXIMUM TEMPERATURE (F)   52        75      2011
 MINIMUM TEMPERATURE (F)   30        -1      1978


SUNRISE AND SUNSET
FEBRUARY 19 2017......SUNRISE   702 AM CST   SUNSET   602 PM CST
FEBRUARY 20 2017......SUNRISE   700 AM CST   SUNSET   603 PM CST


-  INDICATES NEGATIVE NUMBERS.
R  INDICATES RECORD WAS SET OR TIED.
MM INDICATES DATA IS MISSING.
T  INDICATES TRACE AMOUNT.




$$
