000
CDUS43 KSGF 220626
CLIJLN


CLIMATE REPORT
NATIONAL WEATHER SERVICE SPRINGFIELD MO
1226 AM CST SAT NOV 22 2014


...................................

...THE JOPLIN MO CLIMATE SUMMARY FOR NOVEMBER 21 2014...

CLIMATE NORMAL PERIOD 1981 TO 2010
CLIMATE RECORD PERIOD 1902 TO 2014


WEATHER ITEM   OBSERVED TIME   RECORD YEAR NORMAL DEPARTURE LAST
                VALUE   (LST)  VALUE       VALUE  FROM      YEAR
                                                  NORMAL
..................................................................
TEMPERATURE (F)
 YESTERDAY
  MAXIMUM         59    155 PM  75    1966  56      3       57
  MINIMUM         33    206 AM  16    1964  36     -3       34
                                      2000
  AVERAGE         46                        46      0       46

PRECIPITATION (IN)
  YESTERDAY        0.02          0.76 1979   0.11  -0.09     0.74
  MONTH TO DATE    1.44                      2.70  -1.26     2.42
  SINCE SEP 1     13.92                     11.68   2.24     7.14
  SINCE JAN 1     29.36                     42.65 -13.29    42.60

DEGREE DAYS
 HEATING
  YESTERDAY       19                        19      0       19
  MONTH TO DATE  531                       311    220      330
  SINCE SEP 1    743                       562    181      607
  SINCE JUL 1    744                       563    181      607

 COOLING
  YESTERDAY        0                         0      0        0
  MONTH TO DATE    0                         5     -5        0
  SINCE SEP 1    250                       269    -19      304
  SINCE JAN 1   1583                      1696   -113     1568
..................................................................


WIND (MPH)
  HIGHEST WIND SPEED    21   HIGHEST WIND DIRECTION     S (170)
  HIGHEST GUST SPEED    27   HIGHEST GUST DIRECTION     S (180)
  AVERAGE WIND SPEED    10.5


SKY COVER
  AVERAGE SKY COVER 0.8


WEATHER CONDITIONS
 THE FOLLOWING WEATHER WAS RECORDED YESTERDAY.
  LIGHT RAIN
  FOG


RELATIVE HUMIDITY (PERCENT)
 HIGHEST    89          1000 PM
 LOWEST     57           200 PM
 AVERAGE    73

..........................................................


THE JOPLIN MO CLIMATE NORMALS FOR TODAY
                         NORMAL    RECORD    YEAR
 MAXIMUM TEMPERATURE (F)   56        77      1955
                                             1983
 MINIMUM TEMPERATURE (F)   35        19      1964


SUNRISE AND SUNSET
NOVEMBER 22 2014......SUNRISE   704 AM CST   SUNSET   504 PM CST
NOVEMBER 23 2014......SUNRISE   705 AM CST   SUNSET   503 PM CST


-  INDICATES NEGATIVE NUMBERS.
R  INDICATES RECORD WAS SET OR TIED.
MM INDICATES DATA IS MISSING.
T  INDICATES TRACE AMOUNT.




$$
