000
CDUS43 KSGF 132226
CLIJLN


CLIMATE REPORT
NATIONAL WEATHER SERVICE SPRINGFIELD MO
525 PM CDT SUN AUG 13 2017


...................................

...THE JOPLIN MO CLIMATE SUMMARY FOR AUGUST 13 2017...
VALID TODAY AS OF 0500 PM LOCAL TIME.

CLIMATE NORMAL PERIOD 1981 TO 2010
CLIMATE RECORD PERIOD 1902 TO 2017


WEATHER ITEM   OBSERVED TIME   RECORD YEAR NORMAL DEPARTURE LAST
                VALUE   (LST)  VALUE       VALUE  FROM      YEAR
                                                  NORMAL
..................................................................
TEMPERATURE (F)
 TODAY
  MAXIMUM         79   1126 AM 103    1956  92    -13       86
  MINIMUM         67    610 AM  49    2004  69     -2       68
  AVERAGE         73                        80     -7       77

PRECIPITATION (IN)
  TODAY            T             1.97 1982   0.10  -0.10     0.00
  MONTH TO DATE    2.25                      1.32   0.93     2.67
  SINCE JUN 1      9.54                     10.99  -1.45    14.09
  SINCE JAN 1     35.47                     28.94   6.53    28.19

DEGREE DAYS
 HEATING
  TODAY            0                         0      0        0
  MONTH TO DATE    0                         0      0        0
  SINCE JUN 1      0                         5     -5        0
  SINCE JUL 1      0                         0      0        0

 COOLING
  TODAY            8                        15     -7       12
  MONTH TO DATE  145                       206    -61      240
  SINCE JUN 1   1011                       997     14     1158
  SINCE JAN 1   1218                      1177     41     1272
..................................................................


WIND (MPH)
  HIGHEST WIND SPEED    16   HIGHEST WIND DIRECTION    SE (120)
  HIGHEST GUST SPEED    21   HIGHEST GUST DIRECTION    SE (120)


SKY COVER
  AVERAGE SKY COVER 0.8


WEATHER CONDITIONS
 THE FOLLOWING WEATHER WAS RECORDED TODAY.
  FOG


RELATIVE HUMIDITY (PERCENT)
 HIGHEST    93           200 AM
 LOWEST     67          1200 PM
 AVERAGE    80

..........................................................


THE JOPLIN MO CLIMATE NORMALS FOR TOMORROW
                         NORMAL    RECORD    YEAR
 MAXIMUM TEMPERATURE (F)   92       103      2007
 MINIMUM TEMPERATURE (F)   69        54      2004


SUNRISE AND SUNSET
AUGUST 13 2017........SUNRISE   633 AM CDT   SUNSET   812 PM CDT
AUGUST 14 2017........SUNRISE   634 AM CDT   SUNSET   811 PM CDT


-  INDICATES NEGATIVE NUMBERS.
R  INDICATES RECORD WAS SET OR TIED.
MM INDICATES DATA IS MISSING.
T  INDICATES TRACE AMOUNT.




$$
