000
CDUS43 KSGF 072127
CLIJLN


CLIMATE REPORT
NATIONAL WEATHER SERVICE SPRINGFIELD MO
427 PM CDT MON JUL 7 2014


...................................

...THE JOPLIN MO CLIMATE SUMMARY FOR JULY 7 2014...
VALID AS OF 0400 PM LOCAL TIME.

CLIMATE NORMAL PERIOD 1981 TO 2010
CLIMATE RECORD PERIOD 1902 TO 2014


WEATHER ITEM   OBSERVED TIME   RECORD YEAR NORMAL DEPARTURE LAST
                VALUE   (LST)  VALUE       VALUE  FROM      YEAR
                                                  NORMAL
..................................................................
TEMPERATURE (F)
 TODAY
  MAXIMUM         91    259 PM 102    2012  90      1       92
  MINIMUM         76    548 AM  58    1952  70      6       72
  AVERAGE         84                        80      4       82

PRECIPITATION (IN)
  TODAY            0.00          1.57 1961   0.13  -0.13     0.00
  MONTH TO DATE    0.41                      0.98  -0.57     0.09
  SINCE JUN 1      4.34                      6.84  -2.50     5.48
  SINCE JAN 1     13.09                     24.79 -11.70    27.87

DEGREE DAYS
 HEATING
  TODAY            0                         0      0        0
  MONTH TO DATE    0                         0      0        0
  SINCE JUN 1      2                         5     -3       12
  SINCE JUL 1      0                         0      0        0

 COOLING
  TODAY           19                        15      4       17
  MONTH TO DATE   71                       101    -30       63
  SINCE JUN 1    374                       419    -45      386
  SINCE JAN 1    587                       599    -12      530
..................................................................


WIND (MPH)
  HIGHEST WIND SPEED    23   HIGHEST WIND DIRECTION     S (200)
  HIGHEST GUST SPEED    27   HIGHEST GUST DIRECTION     S (200)


SKY COVER
  AVERAGE SKY COVER 0.1


WEATHER CONDITIONS
 THE FOLLOWING WEATHER WAS RECORDED TODAY.
  NO SIGNIFICANT WEATHER WAS OBSERVED.


RELATIVE HUMIDITY (PERCENT)
 HIGHEST    74          1200 AM
 LOWEST     56           300 PM
 AVERAGE    65

..........................................................


THE JOPLIN MO CLIMATE NORMALS FOR TOMORROW
                         NORMAL    RECORD    YEAR
 MAXIMUM TEMPERATURE (F)   90       101      1980
 MINIMUM TEMPERATURE (F)   70        56      1958


SUNRISE AND SUNSET
JULY  7 2014..........SUNRISE   605 AM CDT   SUNSET   841 PM CDT
JULY  8 2014..........SUNRISE   605 AM CDT   SUNSET   841 PM CDT


-  INDICATES NEGATIVE NUMBERS.
R  INDICATES RECORD WAS SET OR TIED.
MM INDICATES DATA IS MISSING.
T  INDICATES TRACE AMOUNT.




$$
