000
CDUS43 KSGF 070626
CLIJLN


CLIMATE REPORT
NATIONAL WEATHER SERVICE SPRINGFIELD MO
1225 AM CST SUN FEB 7 2016


...................................

...THE JOPLIN MO CLIMATE SUMMARY FOR FEBRUARY 6 2016...

CLIMATE NORMAL PERIOD 1981 TO 2010
CLIMATE RECORD PERIOD 1902 TO 2016


WEATHER ITEM   OBSERVED TIME   RECORD YEAR NORMAL DEPARTURE LAST
                VALUE   (LST)  VALUE       VALUE  FROM      YEAR
                                                  NORMAL
..................................................................
TEMPERATURE (F)
 YESTERDAY
  MAXIMUM         53    313 PM  69    2009  48      5       57
  MINIMUM         32    547 AM  -3    1985  27      5       28
  AVERAGE         43                        37      6       43

PRECIPITATION (IN)
  YESTERDAY        0.00          1.06 1951   0.07  -0.07     0.00
  MONTH TO DATE    0.11                      0.40  -0.29     0.39
  SINCE DEC 1     10.18                      5.25   4.93     2.93
  SINCE JAN 1      0.41                      2.43  -2.02     1.09

DEGREE DAYS
 HEATING
  YESTERDAY       22                        28     -6       22
  MONTH TO DATE  150                       169    -19      199
  SINCE DEC 1   1667                      1961   -294     1885
  SINCE JUL 1   2285                      2718   -433     2798

 COOLING
  YESTERDAY        0                         0      0        0
  MONTH TO DATE    0                         0      0        0
  SINCE DEC 1      3                         0      3        0
  SINCE JAN 1      0                         0      0        0
..................................................................


WIND (MPH)
  HIGHEST WIND SPEED    16   HIGHEST WIND DIRECTION    SW (230)
  HIGHEST GUST SPEED    20   HIGHEST GUST DIRECTION    SW (230)
  AVERAGE WIND SPEED     8.1


SKY COVER
  AVERAGE SKY COVER 0.2


WEATHER CONDITIONS
 THE FOLLOWING WEATHER WAS RECORDED YESTERDAY.
  NO SIGNIFICANT WEATHER WAS OBSERVED.


RELATIVE HUMIDITY (PERCENT)
 HIGHEST    70           900 PM
 LOWEST     36          1200 AM
 AVERAGE    53

..........................................................


THE JOPLIN MO CLIMATE NORMALS FOR TODAY
                         NORMAL    RECORD    YEAR
 MAXIMUM TEMPERATURE (F)   48        72      2015
 MINIMUM TEMPERATURE (F)   27         4      1985


SUNRISE AND SUNSET
FEBRUARY  7 2016......SUNRISE   716 AM CST   SUNSET   549 PM CST
FEBRUARY  8 2016......SUNRISE   715 AM CST   SUNSET   550 PM CST


-  INDICATES NEGATIVE NUMBERS.
R  INDICATES RECORD WAS SET OR TIED.
MM INDICATES DATA IS MISSING.
T  INDICATES TRACE AMOUNT.




$$
