000
CDUS43 KSGF 122226
CLIJLN


CLIMATE REPORT
NATIONAL WEATHER SERVICE SPRINGFIELD MO
525 PM CDT FRI MAY 12 2017


...................................

...THE JOPLIN MO CLIMATE SUMMARY FOR MAY 12 2017...
VALID TODAY AS OF 0500 PM LOCAL TIME.

CLIMATE NORMAL PERIOD 1981 TO 2010
CLIMATE RECORD PERIOD 1902 TO 2017


WEATHER ITEM   OBSERVED TIME   RECORD YEAR NORMAL DEPARTURE LAST
                VALUE   (LST)  VALUE       VALUE  FROM      YEAR
                                                  NORMAL
..................................................................
TEMPERATURE (F)
 TODAY
  MAXIMUM         75    333 PM  88    1963  77     -2       74
  MINIMUM         61    818 AM  33    1960  55      6       52
  AVERAGE         68                        66      2       63

PRECIPITATION (IN)
  TODAY            0.11          1.43 2002   0.19  -0.08     0.30
  MONTH TO DATE    3.57                      2.30   1.27     0.44
  SINCE MAR 1     17.51                     10.19   7.32     7.56
  SINCE JAN 1     21.50                     14.54   6.96     8.23

DEGREE DAYS
 HEATING
  TODAY            0                         2     -2        2
  MONTH TO DATE   44                        39      5       53
  SINCE MAR 1    599                       788   -189      569
  SINCE JUL 1   3151                      4042   -891     3319

 COOLING
  TODAY            3                         3      0        0
  MONTH TO DATE   37                        32      5       24
  SINCE MAR 1    101                        85     16       46
  SINCE JAN 1    111                        86     25       47
..................................................................


WIND (MPH)
  HIGHEST WIND SPEED    20   HIGHEST WIND DIRECTION    NE (40)
  HIGHEST GUST SPEED    27   HIGHEST GUST DIRECTION    NE (40)


SKY COVER
  AVERAGE SKY COVER 0.8


WEATHER CONDITIONS
 THE FOLLOWING WEATHER WAS RECORDED TODAY.
  HEAVY RAIN
  LIGHT RAIN
  FOG


RELATIVE HUMIDITY (PERCENT)
 HIGHEST   100          1200 AM
 LOWEST     53           200 PM
 AVERAGE    77

..........................................................


THE JOPLIN MO CLIMATE NORMALS FOR TOMORROW
                         NORMAL    RECORD    YEAR
 MAXIMUM TEMPERATURE (F)   77        90      1995
 MINIMUM TEMPERATURE (F)   55        42      1952
                                             1964


SUNRISE AND SUNSET
MAY 12 2017...........SUNRISE   612 AM CDT   SUNSET   817 PM CDT
MAY 13 2017...........SUNRISE   611 AM CDT   SUNSET   818 PM CDT


-  INDICATES NEGATIVE NUMBERS.
R  INDICATES RECORD WAS SET OR TIED.
MM INDICATES DATA IS MISSING.
T  INDICATES TRACE AMOUNT.




$$
