214
CDUS43 KSGF 230634
CLIJLN


CLIMATE REPORT
NATIONAL WEATHER SERVICE SPRINGFIELD MO
1234 AM CST THU FEB 23 2017


...................................

...THE JOPLIN MO CLIMATE SUMMARY FOR FEBRUARY 22 2017...

CLIMATE NORMAL PERIOD 1981 TO 2010
CLIMATE RECORD PERIOD 1902 TO 2017


WEATHER ITEM   OBSERVED TIME   RECORD YEAR NORMAL DEPARTURE LAST
                VALUE   (LST)  VALUE       VALUE  FROM      YEAR
                                                  NORMAL
..................................................................
TEMPERATURE (F)
 YESTERDAY
  MAXIMUM         78    418 PM  87    1996  53     25       55
  MINIMUM         49    530 AM   7    1963  31     18       33
  AVERAGE         64                        42     22       44

PRECIPITATION (IN)
  YESTERDAY        0.00          4.69 1985   0.09  -0.09     0.00
  MONTH TO DATE    0.26                      1.76  -1.50     0.11
  SINCE DEC 1      4.50                      6.61  -2.11    10.18
  SINCE JAN 1      3.91                      3.79   0.12     0.41

DEGREE DAYS
 HEATING
  YESTERDAY        1                        23    -22       21
  MONTH TO DATE  352                       573   -221      480
  SINCE DEC 1   2009                      2365   -356     1997
  SINCE JUL 1   2464                      3122   -658     2615

 COOLING
  YESTERDAY        0                         0      0        0
  MONTH TO DATE    3                         0      3        1
  SINCE DEC 1      3                         0      3        4
  SINCE JAN 1      3                         0      3        1
..................................................................


WIND (MPH)
  HIGHEST WIND SPEED    21   HIGHEST WIND DIRECTION    SW (210)
  HIGHEST GUST SPEED    25   HIGHEST GUST DIRECTION    NW (320)
  AVERAGE WIND SPEED     9.2


SKY COVER
  AVERAGE SKY COVER 0.1


WEATHER CONDITIONS
 THE FOLLOWING WEATHER WAS RECORDED YESTERDAY.
  FOG
  FOG W/VISIBILITY <= 1/4 MILE


RELATIVE HUMIDITY (PERCENT)
 HIGHEST   100           100 AM
 LOWEST     29           500 PM
 AVERAGE    65

..........................................................


THE JOPLIN MO CLIMATE NORMALS FOR TODAY
                         NORMAL    RECORD    YEAR
 MAXIMUM TEMPERATURE (F)   53        79      1982
 MINIMUM TEMPERATURE (F)   32         8      1989


SUNRISE AND SUNSET
FEBRUARY 23 2017......SUNRISE   657 AM CST   SUNSET   606 PM CST
FEBRUARY 24 2017......SUNRISE   655 AM CST   SUNSET   607 PM CST


-  INDICATES NEGATIVE NUMBERS.
R  INDICATES RECORD WAS SET OR TIED.
MM INDICATES DATA IS MISSING.
T  INDICATES TRACE AMOUNT.




$$
