000
CDUS43 KSGF 142225
CLIJLN


CLIMATE REPORT
NATIONAL WEATHER SERVICE SPRINGFIELD MO
525 PM CDT SAT MAY 14 2016


...................................

...THE JOPLIN MO CLIMATE SUMMARY FOR MAY 14 2016...
VALID TODAY AS OF 0500 PM LOCAL TIME.

CLIMATE NORMAL PERIOD 1981 TO 2010
CLIMATE RECORD PERIOD 1902 TO 2016


WEATHER ITEM   OBSERVED TIME   RECORD YEAR NORMAL DEPARTURE LAST
                VALUE   (LST)  VALUE       VALUE  FROM      YEAR
                                                  NORMAL
..................................................................
TEMPERATURE (F)
 TODAY
  MAXIMUM         60    335 PM  92    1947  77    -17       78
  MINIMUM         43    344 AM  41    2000  56    -13       57
                                      1959
  AVERAGE         52                        66    -14       68

PRECIPITATION (IN)
  TODAY            0.00          2.17 2010   0.18  -0.18     1.43
  MONTH TO DATE    0.54                      2.67  -2.13     3.87
  SINCE MAR 1      7.66                     10.56  -2.90     9.65
  SINCE JAN 1      8.33                     14.91  -6.58    11.17

DEGREE DAYS
 HEATING
  TODAY           13                         2     11        0
  MONTH TO DATE   66                        43     23       32
  SINCE MAR 1    582                       792   -210      719
  SINCE JUL 1   3332                      4046   -714     4255

 COOLING
  TODAY            0                         4     -4        3
  MONTH TO DATE   24                        40    -16       49
  SINCE MAR 1     46                        93    -47       84
  SINCE JAN 1     47                        94    -47       84
..................................................................


WIND (MPH)
  HIGHEST WIND SPEED    22   HIGHEST WIND DIRECTION     N (360)
  HIGHEST GUST SPEED    30   HIGHEST GUST DIRECTION     N (350)


SKY COVER
  AVERAGE SKY COVER 0.2


WEATHER CONDITIONS
 THE FOLLOWING WEATHER WAS RECORDED TODAY.
  NO SIGNIFICANT WEATHER WAS OBSERVED.


RELATIVE HUMIDITY (PERCENT)
 HIGHEST    83           400 AM
 LOWEST     40           400 PM
 AVERAGE    62

..........................................................


THE JOPLIN MO CLIMATE NORMALS FOR TOMORROW
                         NORMAL    RECORD    YEAR
 MAXIMUM TEMPERATURE (F)   77        87      2001
 MINIMUM TEMPERATURE (F)   56        39      1959
                                             1967
                                             1973


SUNRISE AND SUNSET
MAY 14 2016...........SUNRISE   610 AM CDT   SUNSET   819 PM CDT
MAY 15 2016...........SUNRISE   609 AM CDT   SUNSET   820 PM CDT


-  INDICATES NEGATIVE NUMBERS.
R  INDICATES RECORD WAS SET OR TIED.
MM INDICATES DATA IS MISSING.
T  INDICATES TRACE AMOUNT.




$$
