000
CDUS43 KSGF 140628
CLIJLN


CLIMATE REPORT
NATIONAL WEATHER SERVICE SPRINGFIELD MO
128 AM CDT SUN AUG 14 2016


...................................

...THE JOPLIN MO CLIMATE SUMMARY FOR AUGUST 13 2016...

CLIMATE NORMAL PERIOD 1981 TO 2010
CLIMATE RECORD PERIOD 1902 TO 2016


WEATHER ITEM   OBSERVED TIME   RECORD YEAR NORMAL DEPARTURE LAST
                VALUE   (LST)  VALUE       VALUE  FROM      YEAR
                                                  NORMAL
..................................................................
TEMPERATURE (F)
 YESTERDAY
  MAXIMUM         86    317 PM 103    1956  92     -6       87
  MINIMUM         68   1000 PM  49    2004  69     -1       62
  AVERAGE         77                        80     -3       75

PRECIPITATION (IN)
  YESTERDAY        0.00          1.97 1982   0.10  -0.10     0.00
  MONTH TO DATE    2.67                      1.32   1.35     1.65
  SINCE JUN 1     14.09                     10.99   3.10    14.41
  SINCE JAN 1     28.19                     28.94  -0.75    32.12

DEGREE DAYS
 HEATING
  YESTERDAY        0                         0      0        0
  MONTH TO DATE    0                         0      0        0
  SINCE JUN 1      0                         5     -5        0
  SINCE JUL 1      0                         0      0        0

 COOLING
  YESTERDAY       12                        15     -3       10
  MONTH TO DATE  240                       206     34      197
  SINCE JUN 1   1158                       997    161     1086
  SINCE JAN 1   1272                      1177     95     1230
..................................................................


WIND (MPH)
  HIGHEST WIND SPEED    20   HIGHEST WIND DIRECTION     N (20)
  HIGHEST GUST SPEED    28   HIGHEST GUST DIRECTION     N (10)
  AVERAGE WIND SPEED     8.1


SKY COVER
  AVERAGE SKY COVER 0.1


WEATHER CONDITIONS
 THE FOLLOWING WEATHER WAS RECORDED YESTERDAY.
  FOG


RELATIVE HUMIDITY (PERCENT)
 HIGHEST    97           300 AM
 LOWEST     45           200 PM
 AVERAGE    71

..........................................................


THE JOPLIN MO CLIMATE NORMALS FOR TODAY
                         NORMAL    RECORD    YEAR
 MAXIMUM TEMPERATURE (F)   92       103      2007
 MINIMUM TEMPERATURE (F)   69        54      2004


SUNRISE AND SUNSET
AUGUST 14 2016........SUNRISE   634 AM CDT   SUNSET   810 PM CDT
AUGUST 15 2016........SUNRISE   635 AM CDT   SUNSET   809 PM CDT


-  INDICATES NEGATIVE NUMBERS.
R  INDICATES RECORD WAS SET OR TIED.
MM INDICATES DATA IS MISSING.
T  INDICATES TRACE AMOUNT.




$$
