000
CDUS43 KSGF 120638
CLIJLN


CLIMATE REPORT
NATIONAL WEATHER SERVICE SPRINGFIELD MO
138 AM CDT THU OCT 12 2017


...................................

...THE JOPLIN MO CLIMATE SUMMARY FOR OCTOBER 11 2017...

CLIMATE NORMAL PERIOD 1981 TO 2010
CLIMATE RECORD PERIOD 1902 TO 2017


WEATHER ITEM   OBSERVED TIME   RECORD YEAR NORMAL DEPARTURE LAST
                VALUE   (LST)  VALUE       VALUE  FROM      YEAR
                                                  NORMAL
..................................................................
TEMPERATURE (F)
 YESTERDAY
  MAXIMUM         62    455 PM  90    1979  73    -11       81
  MINIMUM         46    639 AM  33    1987  50     -4       56
  AVERAGE         54                        61     -7       69

PRECIPITATION (IN)
  YESTERDAY        0.00          3.40 1954   0.12  -0.12     0.00
  MONTH TO DATE    1.64                      1.45   0.19     3.04
  SINCE SEP 1      3.13                      6.40  -3.27     5.78
  SINCE JAN 1     41.81                     37.37   4.44    35.56

DEGREE DAYS
 HEATING
  YESTERDAY       11                         6      5        0
  MONTH TO DATE   19                        52    -33       29
  SINCE SEP 1     26                        93    -67       46
  SINCE JUL 1     26                        94    -68       46

 COOLING
  YESTERDAY        0                         2     -2        4
  MONTH TO DATE   68                        27     41       31
  SINCE SEP 1    290                       242     48      288
  SINCE JAN 1   1722                      1669     53     1775
..................................................................


WIND (MPH)
  HIGHEST WIND SPEED    10   HIGHEST WIND DIRECTION    NW (330)
  HIGHEST GUST SPEED    13   HIGHEST GUST DIRECTION     E (110)
  AVERAGE WIND SPEED     4.7


SKY COVER
  AVERAGE SKY COVER 0.6


WEATHER CONDITIONS
 THE FOLLOWING WEATHER WAS RECORDED YESTERDAY.
  FOG


RELATIVE HUMIDITY (PERCENT)
 HIGHEST   100           200 AM
 LOWEST     65           400 PM
 AVERAGE    83

..........................................................


THE JOPLIN MO CLIMATE NORMALS FOR TODAY
                         NORMAL    RECORD    YEAR
 MAXIMUM TEMPERATURE (F)   73        91      1978
 MINIMUM TEMPERATURE (F)   49        32      1965
                                             1977
                                             1987


SUNRISE AND SUNSET
OCTOBER 12 2017.......SUNRISE   723 AM CDT   SUNSET   645 PM CDT
OCTOBER 13 2017.......SUNRISE   724 AM CDT   SUNSET   643 PM CDT


-  INDICATES NEGATIVE NUMBERS.
R  INDICATES RECORD WAS SET OR TIED.
MM INDICATES DATA IS MISSING.
T  INDICATES TRACE AMOUNT.




$$
