000
CDUS43 KSGF 070626
CLIJLN


CLIMATE REPORT
NATIONAL WEATHER SERVICE SPRINGFIELD MO
1226 AM CST SUN JAN 7 2018


...................................

...THE JOPLIN MO CLIMATE SUMMARY FOR JANUARY 6 2018...

CLIMATE NORMAL PERIOD 1981 TO 2010
CLIMATE RECORD PERIOD 1902 TO 2018


WEATHER ITEM   OBSERVED TIME   RECORD YEAR NORMAL DEPARTURE LAST
                VALUE   (LST)  VALUE       VALUE  FROM      YEAR
                                                  NORMAL
..................................................................
TEMPERATURE (F)
 YESTERDAY
  MAXIMUM         44    328 PM  74    2008  44      0       18
  MINIMUM         17    739 AM  -9    2014  25     -8        5
  AVERAGE         31                        35     -4       12

PRECIPITATION (IN)
  YESTERDAY        0.00          0.47 1998   0.07  -0.07     0.00
  MONTH TO DATE    0.00                      0.43  -0.43     0.04
  SINCE DEC 1      1.37                      3.25  -1.88     0.63
  SINCE JAN 1      0.00                      0.43  -0.43     0.04

DEGREE DAYS
 HEATING
  YESTERDAY       34                        30      4       53
  MONTH TO DATE  266                       180     86      206
  SINCE DEC 1   1107                      1040     67     1083
  SINCE JUL 1   1752                      1797    -45     1538

 COOLING
  YESTERDAY        0                         0      0        0
  MONTH TO DATE    0                         0      0        0
  SINCE DEC 1      0                         0      0        0
  SINCE JAN 1      0                         0      0        0
..................................................................


WIND (MPH)
  HIGHEST WIND SPEED    15   HIGHEST WIND DIRECTION    SE (140)
  HIGHEST GUST SPEED    25   HIGHEST GUST DIRECTION    SE (130)
  AVERAGE WIND SPEED     9.1


SKY COVER
  AVERAGE SKY COVER 0.0


WEATHER CONDITIONS
 THE FOLLOWING WEATHER WAS RECORDED YESTERDAY.
  NO SIGNIFICANT WEATHER WAS OBSERVED.


RELATIVE HUMIDITY (PERCENT)
 HIGHEST    74           600 AM
 LOWEST     36           400 PM
 AVERAGE    55

..........................................................


THE JOPLIN MO CLIMATE NORMALS FOR TODAY
                         NORMAL    RECORD    YEAR
 MAXIMUM TEMPERATURE (F)   44        73      1965
 MINIMUM TEMPERATURE (F)   25        -6      1968


SUNRISE AND SUNSET
JANUARY  7 2018.......SUNRISE   732 AM CST   SUNSET   517 PM CST
JANUARY  8 2018.......SUNRISE   732 AM CST   SUNSET   518 PM CST


-  INDICATES NEGATIVE NUMBERS.
R  INDICATES RECORD WAS SET OR TIED.
MM INDICATES DATA IS MISSING.
T  INDICATES TRACE AMOUNT.




$$
