000
CDUS43 KSGF 130645
CLIJLN


CLIMATE REPORT
NATIONAL WEATHER SERVICE SPRINGFIELD MO
145 AM CDT MON MAR 13 2017


...................................

...THE JOPLIN MO CLIMATE SUMMARY FOR MARCH 12 2017...

CLIMATE NORMAL PERIOD 1981 TO 2010
CLIMATE RECORD PERIOD 1902 TO 2017


WEATHER ITEM   OBSERVED TIME   RECORD YEAR NORMAL DEPARTURE LAST
                VALUE   (LST)  VALUE       VALUE  FROM      YEAR
                                                  NORMAL
..................................................................
TEMPERATURE (F)
 YESTERDAY
  MAXIMUM         49    424 PM  83    2006  59    -10       64
  MINIMUM         30   1225 AM  -5    1948  37     -7       50
  AVERAGE         40                        48     -8       57

PRECIPITATION (IN)
  YESTERDAY        0.15          0.64 1980   0.11   0.04     0.21
  MONTH TO DATE    1.24                      1.24   0.00     1.05
  SINCE MAR 1      1.24                      1.24   0.00     1.05
  SINCE JAN 1      5.23                      5.59  -0.36     1.72

DEGREE DAYS
 HEATING
  YESTERDAY       25                        17      8        8
  MONTH TO DATE  178                       230    -52      126
  SINCE MAR 1    178                       230    -52      126
  SINCE JUL 1   2730                      3484   -754     2876

 COOLING
  YESTERDAY        0                         0      0        0
  MONTH TO DATE    0                         0      0        1
  SINCE MAR 1      0                         0      0        1
  SINCE JAN 1     10                         1      9        2
..................................................................


WIND (MPH)
  HIGHEST WIND SPEED    23   HIGHEST WIND DIRECTION    SE (150)
  HIGHEST GUST SPEED    27   HIGHEST GUST DIRECTION    SE (150)
  AVERAGE WIND SPEED     6.5


SKY COVER
  AVERAGE SKY COVER 0.7


WEATHER CONDITIONS
 THE FOLLOWING WEATHER WAS RECORDED YESTERDAY.
  LIGHT RAIN
  FOG


RELATIVE HUMIDITY (PERCENT)
 HIGHEST    93          1000 PM
 LOWEST     53           200 PM
 AVERAGE    73

..........................................................


THE JOPLIN MO CLIMATE NORMALS FOR TODAY
                         NORMAL    RECORD    YEAR
 MAXIMUM TEMPERATURE (F)   59        83      2012
 MINIMUM TEMPERATURE (F)   37        13      1948


SUNRISE AND SUNSET
MARCH 13 2017.........SUNRISE   731 AM CDT   SUNSET   724 PM CDT
MARCH 14 2017.........SUNRISE   730 AM CDT   SUNSET   725 PM CDT


-  INDICATES NEGATIVE NUMBERS.
R  INDICATES RECORD WAS SET OR TIED.
MM INDICATES DATA IS MISSING.
T  INDICATES TRACE AMOUNT.




$$
