000
CDUS43 KSGF 162226
CLIJLN


CLIMATE REPORT
NATIONAL WEATHER SERVICE SPRINGFIELD MO
526 PM CDT WED JUL 16 2014


...................................

...THE JOPLIN MO CLIMATE SUMMARY FOR JULY 16 2014...
VALID TODAY AS OF 0500 PM LOCAL TIME.

CLIMATE NORMAL PERIOD 1981 TO 2010
CLIMATE RECORD PERIOD 1902 TO 2014


WEATHER ITEM   OBSERVED TIME   RECORD YEAR NORMAL DEPARTURE LAST
                VALUE   (LST)  VALUE       VALUE  FROM      YEAR
                                                  NORMAL
..................................................................
TEMPERATURE (F)
 TODAY
  MAXIMUM         78    146 PM 106    1980  91    -13       93
  MINIMUM         50R   522 AM  59    1960  70    -20       68
                                      1976
  AVERAGE         64                        80    -16       81

PRECIPITATION (IN)
  TODAY            0.00          2.23 1958   0.12  -0.12     0.00
  MONTH TO DATE    0.47                      2.18  -1.71     0.11
  SINCE JUN 1      4.40                      8.04  -3.64     5.50
  SINCE JAN 1     13.15                     25.99 -12.84    27.89

DEGREE DAYS
 HEATING
  TODAY            1                         0      1        0
  MONTH TO DATE    1                         0      1        0
  SINCE JUN 1      3                         5     -2       12
  SINCE JUL 1      1                         0      1        0

 COOLING
  TODAY            0                        15    -15       16
  MONTH TO DATE  166                       236    -70      218
  SINCE JUN 1    469                       554    -85      541
  SINCE JAN 1    682                       734    -52      685
..................................................................


WIND (MPH)
  HIGHEST WIND SPEED    10   HIGHEST WIND DIRECTION    NW (320)
  HIGHEST GUST SPEED    13   HIGHEST GUST DIRECTION    NW (310)


SKY COVER
  AVERAGE SKY COVER 0.1


WEATHER CONDITIONS
 THE FOLLOWING WEATHER WAS RECORDED TODAY.
  FOG


RELATIVE HUMIDITY (PERCENT)
 HIGHEST    96           400 AM
 LOWEST     41          1200 PM
 AVERAGE    69

..........................................................


THE JOPLIN MO CLIMATE NORMALS FOR TOMORROW
                         NORMAL    RECORD    YEAR
 MAXIMUM TEMPERATURE (F)   91       109      1954
 MINIMUM TEMPERATURE (F)   70        53      1967


SUNRISE AND SUNSET
JULY 16 2014..........SUNRISE   610 AM CDT   SUNSET   837 PM CDT
JULY 17 2014..........SUNRISE   611 AM CDT   SUNSET   837 PM CDT


-  INDICATES NEGATIVE NUMBERS.
R  INDICATES RECORD WAS SET OR TIED.
MM INDICATES DATA IS MISSING.
T  INDICATES TRACE AMOUNT.




$$
