000
CDUS43 KSGF 210629
CLIJLN


CLIMATE REPORT
NATIONAL WEATHER SERVICE SPRINGFIELD MO
1228 AM CST WED JAN 21 2015


...................................

...THE JOPLIN MO CLIMATE SUMMARY FOR JANUARY 20 2015...

CLIMATE NORMAL PERIOD 1981 TO 2010
CLIMATE RECORD PERIOD 1902 TO 2015


WEATHER ITEM   OBSERVED TIME   RECORD YEAR NORMAL DEPARTURE LAST
                VALUE   (LST)  VALUE       VALUE  FROM      YEAR
                                                  NORMAL
..................................................................
TEMPERATURE (F)
 YESTERDAY
  MAXIMUM         47   1209 PM  77    1986  45      2       58
  MINIMUM         31    456 AM -12    1985  25      6       30
  AVERAGE         39                        35      4       44

PRECIPITATION (IN)
  YESTERDAY        0.17          1.09 1973   0.07   0.10     0.00
  MONTH TO DATE    0.45                      1.33  -0.88     0.57
  SINCE DEC 1      2.29                      4.15  -1.86     1.95
  SINCE JAN 1      0.45                      1.33  -0.88     0.57

DEGREE DAYS
 HEATING
  YESTERDAY       26                        30     -4       21
  MONTH TO DATE  671                       600     71      654
  SINCE DEC 1   1444                      1460    -16     1636
  SINCE JUL 1   2357                      2217    140     2524

 COOLING
  YESTERDAY        0                         0      0        0
  MONTH TO DATE    0                         0      0        0
  SINCE DEC 1      0                         0      0        0
  SINCE JAN 1      0                         0      0        0
..................................................................


WIND (MPH)
  HIGHEST WIND SPEED    17   HIGHEST WIND DIRECTION     N (340)
  HIGHEST GUST SPEED    22   HIGHEST GUST DIRECTION    NW (330)
  AVERAGE WIND SPEED     4.3


SKY COVER
  AVERAGE SKY COVER 0.4


WEATHER CONDITIONS
 THE FOLLOWING WEATHER WAS RECORDED YESTERDAY.
  RAIN
  LIGHT RAIN
  FOG
  FOG W/VISIBILITY <= 1/4 MILE


RELATIVE HUMIDITY (PERCENT)
 HIGHEST   100           800 PM
 LOWEST     53          1100 AM
 AVERAGE    77

..........................................................


THE JOPLIN MO CLIMATE NORMALS FOR TODAY
                         NORMAL    RECORD    YEAR
 MAXIMUM TEMPERATURE (F)   45        73      1957
 MINIMUM TEMPERATURE (F)   25       -11      1984


SUNRISE AND SUNSET
JANUARY 21 2015.......SUNRISE   728 AM CST   SUNSET   531 PM CST
JANUARY 22 2015.......SUNRISE   728 AM CST   SUNSET   532 PM CST


-  INDICATES NEGATIVE NUMBERS.
R  INDICATES RECORD WAS SET OR TIED.
MM INDICATES DATA IS MISSING.
T  INDICATES TRACE AMOUNT.




$$
