000
CDUS43 KSGF 192234
CLIJLN


CLIMATE REPORT
NATIONAL WEATHER SERVICE SPRINGFIELD MO
533 PM CDT MON SEP 19 2016


...................................

...THE JOPLIN MO CLIMATE SUMMARY FOR SEPTEMBER 19 2016...
VALID TODAY AS OF 0500 PM LOCAL TIME.

CLIMATE NORMAL PERIOD 1981 TO 2010
CLIMATE RECORD PERIOD 1902 TO 2016


WEATHER ITEM   OBSERVED TIME   RECORD YEAR NORMAL DEPARTURE LAST
                VALUE   (LST)  VALUE       VALUE  FROM      YEAR
                                                  NORMAL
..................................................................
TEMPERATURE (F)
 TODAY
  MAXIMUM         90        MM  98    1954  81      9       73
  MINIMUM         67        MM  38    1991  58      9       58
  AVERAGE         79                        69     10       66

PRECIPITATION (IN)
  TODAY            0.00          1.39 1974   0.17  -0.17     0.06
  MONTH TO DATE    2.62                      3.16  -0.54     1.12
  SINCE SEP 1      2.62                      3.16  -0.54     1.12
  SINCE JAN 1     32.40                     34.13  -1.73    39.82

DEGREE DAYS
 HEATING
  TODAY            0                         2     -2        0
  MONTH TO DATE    0                         9     -9        5
  SINCE SEP 1      0                         9     -9        5
  SINCE JUL 1      0                        10    -10        6

 COOLING
  TODAY           14                         6      8        1
  MONTH TO DATE  187                       165     22      202
  SINCE SEP 1    187                       165     22      202
  SINCE JAN 1   1674                      1592     82     1588
..................................................................


WIND (MPH)
  HIGHEST WIND SPEED    10   HIGHEST WIND DIRECTION     S (200)
  HIGHEST GUST SPEED    MM   HIGHEST GUST DIRECTION    MM


SKY COVER
  AVERAGE SKY COVER 0.0


WEATHER CONDITIONS
 THE FOLLOWING WEATHER WAS RECORDED TODAY.
  NO SIGNIFICANT WEATHER WAS OBSERVED.


RELATIVE HUMIDITY (PERCENT)
 HIGHEST    MM
 LOWEST     MM
 AVERAGE    MM

..........................................................


THE JOPLIN MO CLIMATE NORMALS FOR TOMORROW
                         NORMAL    RECORD    YEAR
 MAXIMUM TEMPERATURE (F)   80        99      1954
 MINIMUM TEMPERATURE (F)   57        38      1991


SUNRISE AND SUNSET
SEPTEMBER 19 2016.....SUNRISE   704 AM CDT   SUNSET   719 PM CDT
SEPTEMBER 20 2016.....SUNRISE   705 AM CDT   SUNSET   717 PM CDT


-  INDICATES NEGATIVE NUMBERS.
R  INDICATES RECORD WAS SET OR TIED.
MM INDICATES DATA IS MISSING.
T  INDICATES TRACE AMOUNT.




$$
