000
CDUS43 KSGF 092129
CLIJLN


CLIMATE REPORT
NATIONAL WEATHER SERVICE SPRINGFIELD MO
429 PM CDT SAT SEP 9 2017


...................................

...THE JOPLIN MO CLIMATE SUMMARY FOR SEPTEMBER 9 2017...
VALID AS OF 0400 PM LOCAL TIME.

CLIMATE NORMAL PERIOD 1981 TO 2010
CLIMATE RECORD PERIOD 1902 TO 2017


WEATHER ITEM   OBSERVED TIME   RECORD YEAR NORMAL DEPARTURE LAST
                VALUE   (LST)  VALUE       VALUE  FROM      YEAR
                                                  NORMAL
..................................................................
TEMPERATURE (F)
 TODAY
  MAXIMUM         63    900 AM 100    1947  85    -22       89
  MINIMUM         57    600 AM  49    2004  62     -5       67
  AVERAGE         60                        74    -14       78

PRECIPITATION (IN)
  TODAY            0.00          2.96 1930   0.17  -0.17     0.43
  MONTH TO DATE    0.00                      1.43  -1.43     1.70
  SINCE SEP 1      0.00                      1.43  -1.43     1.70
  SINCE JAN 1     38.68                     32.40   6.28    31.48

DEGREE DAYS
 HEATING
  TODAY            5                         0      5        0
  MONTH TO DATE    8                         0      8        0
  SINCE SEP 1      8                         0      8        0
  SINCE JUL 1      8                         1      7        0

 COOLING
  TODAY            0                         9     -9       13
  MONTH TO DATE   58                        93    -35      104
  SINCE SEP 1     58                        93    -35      104
  SINCE JAN 1   1490                      1520    -30     1591
..................................................................


WIND (MPH)
  HIGHEST WIND SPEED     7   HIGHEST WIND DIRECTION     S (190)
  HIGHEST GUST SPEED    MM   HIGHEST GUST DIRECTION    MM


SKY COVER
  AVERAGE SKY COVER 0.0


WEATHER CONDITIONS
 THE FOLLOWING WEATHER WAS RECORDED TODAY.
  NO SIGNIFICANT WEATHER WAS OBSERVED.


RELATIVE HUMIDITY (PERCENT)
 HIGHEST    97           200 AM
 LOWEST     90           400 AM
 AVERAGE    94

..........................................................


THE JOPLIN MO CLIMATE NORMALS FOR TOMORROW
                         NORMAL    RECORD    YEAR
 MAXIMUM TEMPERATURE (F)   85        96      2000
 MINIMUM TEMPERATURE (F)   62        43      1976


SUNRISE AND SUNSET
SEPTEMBER  9 2017.....SUNRISE   655 AM CDT   SUNSET   734 PM CDT
SEPTEMBER 10 2017.....SUNRISE   656 AM CDT   SUNSET   733 PM CDT


-  INDICATES NEGATIVE NUMBERS.
R  INDICATES RECORD WAS SET OR TIED.
MM INDICATES DATA IS MISSING.
T  INDICATES TRACE AMOUNT.




$$
