000
CDUS43 KSGF 090653
CLIJLN


CLIMATE REPORT
NATIONAL WEATHER SERVICE SPRINGFIELD MO
1253 AM CST FRI FEB 9 2018


...................................

...THE JOPLIN MO CLIMATE SUMMARY FOR FEBRUARY 8 2018...

CLIMATE NORMAL PERIOD 1981 TO 2010
CLIMATE RECORD PERIOD 1902 TO 2018


WEATHER ITEM   OBSERVED TIME   RECORD YEAR NORMAL DEPARTURE LAST
                VALUE   (LST)  VALUE       VALUE  FROM      YEAR
                                                  NORMAL
..................................................................
TEMPERATURE (F)
 YESTERDAY
  MAXIMUM         57    428 PM  73    2015  49      8       41
                                      1999
  MINIMUM         19    318 AM  -5    1971  27     -8       21
  AVERAGE         38                        38      0       31

PRECIPITATION (IN)
  YESTERDAY        0.00          1.05 1980   0.08  -0.08     0.00
  MONTH TO DATE    0.01                      0.55  -0.54      T
  SINCE DEC 1      1.85                      5.40  -3.55     4.24
  SINCE JAN 1      0.48                      2.58  -2.10     3.65

DEGREE DAYS
 HEATING
  YESTERDAY       27                        27      0       34
  MONTH TO DATE  288                       223     65      187
  SINCE DEC 1   2112                      2015     97     1844
  SINCE JUL 1   2757                      2772    -15     2299

 COOLING
  YESTERDAY        0                         0      0        0
  MONTH TO DATE    0                         0      0        0
  SINCE DEC 1      0                         0      0        0
  SINCE JAN 1      0                         0      0        0
..................................................................


WIND (MPH)
  HIGHEST WIND SPEED    22   HIGHEST WIND DIRECTION     S (190)
  HIGHEST GUST SPEED    29   HIGHEST GUST DIRECTION     S (190)
  AVERAGE WIND SPEED    11.2


SKY COVER
  AVERAGE SKY COVER 0.0


WEATHER CONDITIONS
 THE FOLLOWING WEATHER WAS RECORDED YESTERDAY.
  NO SIGNIFICANT WEATHER WAS OBSERVED.


RELATIVE HUMIDITY (PERCENT)
 HIGHEST    84          1200 AM
 LOWEST     28           400 PM
 AVERAGE    56

..........................................................


THE JOPLIN MO CLIMATE NORMALS FOR TODAY
                         NORMAL    RECORD    YEAR
 MAXIMUM TEMPERATURE (F)   49        73      2000
                                             1996
 MINIMUM TEMPERATURE (F)   28       -12      1979


SUNRISE AND SUNSET
FEBRUARY  9 2018......SUNRISE   713 AM CST   SUNSET   552 PM CST
FEBRUARY 10 2018......SUNRISE   712 AM CST   SUNSET   553 PM CST


-  INDICATES NEGATIVE NUMBERS.
R  INDICATES RECORD WAS SET OR TIED.
MM INDICATES DATA IS MISSING.
T  INDICATES TRACE AMOUNT.




$$
