000
CDUS43 KSGF 172129
CLIJLN


CLIMATE REPORT
NATIONAL WEATHER SERVICE SPRINGFIELD MO
428 PM CDT SUN APR 17 2016


...................................

...THE JOPLIN MO CLIMATE SUMMARY FOR APRIL 17 2016...
VALID AS OF 0400 PM LOCAL TIME.

CLIMATE NORMAL PERIOD 1981 TO 2010
CLIMATE RECORD PERIOD 1902 TO 2016


WEATHER ITEM   OBSERVED TIME   RECORD YEAR NORMAL DEPARTURE LAST
                VALUE   (LST)  VALUE       VALUE  FROM      YEAR
                                                  NORMAL
..................................................................
TEMPERATURE (F)
 TODAY
  MAXIMUM         76    239 PM  91    2006  71      5       77
  MINIMUM         59    234 AM  30    1953  47     12       57
                                      1956
  AVERAGE         68                        59      9       67

PRECIPITATION (IN)
  TODAY            0.00          1.58 1991   0.15  -0.15     0.17
  MONTH TO DATE    0.95                      2.24  -1.29     2.40
  SINCE MAR 1      3.52                      5.66  -2.14     4.23
  SINCE JAN 1      4.19                     10.01  -5.82     5.75

DEGREE DAYS
 HEATING
  TODAY            0                         8     -8        0
  MONTH TO DATE  121                       165    -44       98
  SINCE MAR 1    483                       673   -190      588
  SINCE JUL 1   3233                      3927   -694     4124

 COOLING
  TODAY            3                         2      1        2
  MONTH TO DATE    7                        18    -11       34
  SINCE MAR 1     10                        27    -17       34
  SINCE JAN 1     11                        28    -17       34
..................................................................


WIND (MPH)
  HIGHEST WIND SPEED    20   HIGHEST WIND DIRECTION    SE (120)
  HIGHEST GUST SPEED    25   HIGHEST GUST DIRECTION     E (110)


SKY COVER
  AVERAGE SKY COVER 0.5


WEATHER CONDITIONS
 THE FOLLOWING WEATHER WAS RECORDED TODAY.
  NO SIGNIFICANT WEATHER WAS OBSERVED.


RELATIVE HUMIDITY (PERCENT)
 HIGHEST    84           500 AM
 LOWEST     53           300 PM
 AVERAGE    69

..........................................................


THE JOPLIN MO CLIMATE NORMALS FOR TOMORROW
                         NORMAL    RECORD    YEAR
 MAXIMUM TEMPERATURE (F)   71        95      2006
 MINIMUM TEMPERATURE (F)   48        28      1953


SUNRISE AND SUNSET
APRIL 17 2016.........SUNRISE   640 AM CDT   SUNSET   755 PM CDT
APRIL 18 2016.........SUNRISE   639 AM CDT   SUNSET   756 PM CDT


-  INDICATES NEGATIVE NUMBERS.
R  INDICATES RECORD WAS SET OR TIED.
MM INDICATES DATA IS MISSING.
T  INDICATES TRACE AMOUNT.




$$
