000
CDUS43 KSGF 092326
CLIJLN


CLIMATE REPORT
NATIONAL WEATHER SERVICE SPRINGFIELD MO
525 PM CST THU FEB 9 2017


...................................

...THE JOPLIN MO CLIMATE SUMMARY FOR FEBRUARY 9 2017...
VALID TODAY AS OF 0500 PM LOCAL TIME.

CLIMATE NORMAL PERIOD 1981 TO 2010
CLIMATE RECORD PERIOD 1902 TO 2017


WEATHER ITEM   OBSERVED TIME   RECORD YEAR NORMAL DEPARTURE LAST
                VALUE   (LST)  VALUE       VALUE  FROM      YEAR
                                                  NORMAL
..................................................................
TEMPERATURE (F)
 TODAY
  MAXIMUM         47    459 PM  73    2000  49     -2       38
                                      1996
  MINIMUM         19    722 AM -12    1979  28     -9       20
  AVERAGE         33                        38     -5       29

PRECIPITATION (IN)
  TODAY            0.00          1.96 1959   0.09  -0.09     0.00
  MONTH TO DATE    T                         0.64  -0.64     0.11
  SINCE DEC 1      4.24                      5.49  -1.25    10.18
  SINCE JAN 1      3.65                      2.67   0.98     0.41

DEGREE DAYS
 HEATING
  TODAY           32                        27      5       36
  MONTH TO DATE  219                       250    -31      236
  SINCE DEC 1   1876                      2042   -166     1753
  SINCE JUL 1   2331                      2799   -468     2371

 COOLING
  TODAY            0                         0      0        0
  MONTH TO DATE    0                         0      0        0
  SINCE DEC 1      0                         0      0        3
  SINCE JAN 1      0                         0      0        0
..................................................................


WIND (MPH)
  HIGHEST WIND SPEED    15   HIGHEST WIND DIRECTION     N (10)
  HIGHEST GUST SPEED    25   HIGHEST GUST DIRECTION     N (340)


SKY COVER
  AVERAGE SKY COVER 0.0


WEATHER CONDITIONS
 THE FOLLOWING WEATHER WAS RECORDED TODAY.
  NO SIGNIFICANT WEATHER WAS OBSERVED.


RELATIVE HUMIDITY (PERCENT)
 HIGHEST    84          1200 AM
 LOWEST     33           300 PM
 AVERAGE    59

..........................................................


THE JOPLIN MO CLIMATE NORMALS FOR TOMORROW
                         NORMAL    RECORD    YEAR
 MAXIMUM TEMPERATURE (F)   49        77      1999
 MINIMUM TEMPERATURE (F)   28        -9      2011


SUNRISE AND SUNSET
FEBRUARY  9 2017......SUNRISE   713 AM CST   SUNSET   552 PM CST
FEBRUARY 10 2017......SUNRISE   712 AM CST   SUNSET   553 PM CST


-  INDICATES NEGATIVE NUMBERS.
R  INDICATES RECORD WAS SET OR TIED.
MM INDICATES DATA IS MISSING.
T  INDICATES TRACE AMOUNT.




$$
