000
CDUS43 KSGF 172326
CLIJLN


CLIMATE REPORT
NATIONAL WEATHER SERVICE SPRINGFIELD MO
526 PM CST FRI FEB 17 2017


...................................

...THE JOPLIN MO CLIMATE SUMMARY FOR FEBRUARY 17 2017...
VALID TODAY AS OF 0500 PM LOCAL TIME.

CLIMATE NORMAL PERIOD 1981 TO 2010
CLIMATE RECORD PERIOD 1902 TO 2017


WEATHER ITEM   OBSERVED TIME   RECORD YEAR NORMAL DEPARTURE LAST
                VALUE   (LST)  VALUE       VALUE  FROM      YEAR
                                                  NORMAL
..................................................................
TEMPERATURE (F)
 TODAY
  MAXIMUM         71    350 PM  74    2011  51     20       65
  MINIMUM         46    426 AM   4    1993  30     16       26
  AVERAGE         59                        40     19       46

PRECIPITATION (IN)
  TODAY            0.00          0.63 1961   0.09  -0.09     0.00
  MONTH TO DATE    0.13                      1.31  -1.18     0.11
  SINCE DEC 1      4.37                      6.16  -1.79    10.18
  SINCE JAN 1      3.78                      3.34   0.44     0.41

DEGREE DAYS
 HEATING
  TODAY            6                        25    -19       19
  MONTH TO DATE  328                       455   -127      441
  SINCE DEC 1   1985                      2247   -262     1958
  SINCE JUL 1   2440                      3004   -564     2576

 COOLING
  TODAY            0                         0      0        0
  MONTH TO DATE    3                         0      3        0
  SINCE DEC 1      3                         0      3        3
  SINCE JAN 1      3                         0      3        0
..................................................................


WIND (MPH)
  HIGHEST WIND SPEED    25   HIGHEST WIND DIRECTION     S (200)
  HIGHEST GUST SPEED    32   HIGHEST GUST DIRECTION    SW (220)


SKY COVER
  AVERAGE SKY COVER 0.0


WEATHER CONDITIONS
 THE FOLLOWING WEATHER WAS RECORDED TODAY.
  NO SIGNIFICANT WEATHER WAS OBSERVED.


RELATIVE HUMIDITY (PERCENT)
 HIGHEST    60           400 AM
 LOWEST     25           300 PM
 AVERAGE    43

..........................................................


THE JOPLIN MO CLIMATE NORMALS FOR TOMORROW
                         NORMAL    RECORD    YEAR
 MAXIMUM TEMPERATURE (F)   52        78      1986
 MINIMUM TEMPERATURE (F)   30        -3      1993


SUNRISE AND SUNSET
FEBRUARY 17 2017......SUNRISE   704 AM CST   SUNSET   600 PM CST
FEBRUARY 18 2017......SUNRISE   703 AM CST   SUNSET   601 PM CST


-  INDICATES NEGATIVE NUMBERS.
R  INDICATES RECORD WAS SET OR TIED.
MM INDICATES DATA IS MISSING.
T  INDICATES TRACE AMOUNT.




$$
