000
CDUS43 KSGF 140639
CLIJLN


CLIMATE REPORT
NATIONAL WEATHER SERVICE SPRINGFIELD MO
139 AM CDT SAT MAY 14 2016


...................................

...THE JOPLIN MO CLIMATE SUMMARY FOR MAY 13 2016...

CLIMATE NORMAL PERIOD 1981 TO 2010
CLIMATE RECORD PERIOD 1902 TO 2016


WEATHER ITEM   OBSERVED TIME   RECORD YEAR NORMAL DEPARTURE LAST
                VALUE   (LST)  VALUE       VALUE  FROM      YEAR
                                                  NORMAL
..................................................................
TEMPERATURE (F)
 YESTERDAY
  MAXIMUM         80    316 PM  90    1995  77      3       68
  MINIMUM         49    512 AM  42    1952  55     -6       43
                                      1964
  AVERAGE         65                        66     -1       56

PRECIPITATION (IN)
  YESTERDAY        0.10          2.34 1981   0.19  -0.09     0.02
  MONTH TO DATE    0.54                      2.49  -1.95     2.44
  SINCE MAR 1      7.66                     10.38  -2.72     8.22
  SINCE JAN 1      8.33                     14.73  -6.40     9.74

DEGREE DAYS
 HEATING
  YESTERDAY        0                         2     -2        9
  MONTH TO DATE   53                        41     12       32
  SINCE MAR 1    569                       790   -221      719
  SINCE JUL 1   3319                      4044   -725     4255

 COOLING
  YESTERDAY        0                         4     -4        0
  MONTH TO DATE   24                        36    -12       46
  SINCE MAR 1     46                        89    -43       81
  SINCE JAN 1     47                        90    -43       81
..................................................................


WIND (MPH)
  HIGHEST WIND SPEED    24   HIGHEST WIND DIRECTION     S (200)
  HIGHEST GUST SPEED    33   HIGHEST GUST DIRECTION     N (10)
  AVERAGE WIND SPEED    11.3


SKY COVER
  AVERAGE SKY COVER 0.2


WEATHER CONDITIONS
 THE FOLLOWING WEATHER WAS RECORDED YESTERDAY.
  THUNDERSTORM
  LIGHT RAIN
  FOG


RELATIVE HUMIDITY (PERCENT)
 HIGHEST    89           200 AM
 LOWEST     39           100 PM
 AVERAGE    64

..........................................................


THE JOPLIN MO CLIMATE NORMALS FOR TODAY
                         NORMAL    RECORD    YEAR
 MAXIMUM TEMPERATURE (F)   77        92      1947
 MINIMUM TEMPERATURE (F)   56        41      2000
                                             1959


SUNRISE AND SUNSET
MAY 14 2016...........SUNRISE   610 AM CDT   SUNSET   819 PM CDT
MAY 15 2016...........SUNRISE   609 AM CDT   SUNSET   820 PM CDT


-  INDICATES NEGATIVE NUMBERS.
R  INDICATES RECORD WAS SET OR TIED.
MM INDICATES DATA IS MISSING.
T  INDICATES TRACE AMOUNT.




$$
