000
CDUS43 KSGF 150628
CLIJLN


CLIMATE REPORT
NATIONAL WEATHER SERVICE SPRINGFIELD MO
128 AM CDT SAT JUL 15 2017


...................................

...THE JOPLIN MO CLIMATE SUMMARY FOR JULY 14 2017...

CLIMATE NORMAL PERIOD 1981 TO 2010
CLIMATE RECORD PERIOD 1902 TO 2017


WEATHER ITEM   OBSERVED TIME   RECORD YEAR NORMAL DEPARTURE LAST
                VALUE   (LST)  VALUE       VALUE  FROM      YEAR
                                                  NORMAL
..................................................................
TEMPERATURE (F)
 YESTERDAY
  MAXIMUM         89    437 PM 115    1954  91     -2       81
  MINIMUM         72    803 AM  52    1967  70      2       66
                                      1990
  AVERAGE         81                        80      1       74

PRECIPITATION (IN)
  YESTERDAY        0.56          2.02 1959   0.13   0.43     0.99
  MONTH TO DATE    2.06                      1.94   0.12     4.77
  SINCE JUN 1      6.24                      7.80  -1.56    10.89
  SINCE JAN 1     32.17                     25.75   6.42    24.99

DEGREE DAYS
 HEATING
  YESTERDAY        0                         0      0        0
  MONTH TO DATE    0                         0      0        0
  SINCE JUN 1      0                         5     -5        0
  SINCE JUL 1      0                         0      0        0

 COOLING
  YESTERDAY       16                        15      1        9
  MONTH TO DATE  218                       206     12      199
  SINCE JUN 1    547                       524     23      622
  SINCE JAN 1    754                       704     50      736
..................................................................


WIND (MPH)
  HIGHEST WIND SPEED    16   HIGHEST WIND DIRECTION     W (260)
  HIGHEST GUST SPEED    20   HIGHEST GUST DIRECTION     W (260)
  AVERAGE WIND SPEED     4.5


SKY COVER
  AVERAGE SKY COVER 0.4


WEATHER CONDITIONS
 THE FOLLOWING WEATHER WAS RECORDED YESTERDAY.
  THUNDERSTORM
  HEAVY RAIN
  LIGHT RAIN
  FOG


RELATIVE HUMIDITY (PERCENT)
 HIGHEST   100           800 PM
 LOWEST     63           300 PM
 AVERAGE    82

..........................................................


THE JOPLIN MO CLIMATE NORMALS FOR TODAY
                         NORMAL    RECORD    YEAR
 MAXIMUM TEMPERATURE (F)   91       105      1954
 MINIMUM TEMPERATURE (F)   70        53      2014
                                             1967


SUNRISE AND SUNSET
JULY 15 2017..........SUNRISE   610 AM CDT   SUNSET   838 PM CDT
JULY 16 2017..........SUNRISE   611 AM CDT   SUNSET   837 PM CDT


-  INDICATES NEGATIVE NUMBERS.
R  INDICATES RECORD WAS SET OR TIED.
MM INDICATES DATA IS MISSING.
T  INDICATES TRACE AMOUNT.




$$
