000
CDUS43 KSGF 170626
CLIJLN


CLIMATE REPORT
NATIONAL WEATHER SERVICE SPRINGFIELD MO
126 AM CDT FRI OCT 17 2014


...................................

...THE JOPLIN MO CLIMATE SUMMARY FOR OCTOBER 16 2014...

CLIMATE NORMAL PERIOD 1981 TO 2010
CLIMATE RECORD PERIOD 1902 TO 2014


WEATHER ITEM   OBSERVED TIME   RECORD YEAR NORMAL DEPARTURE LAST
                VALUE   (LST)  VALUE       VALUE  FROM      YEAR
                                                  NORMAL
..................................................................
TEMPERATURE (F)
 YESTERDAY
  MAXIMUM         80    305 PM  88    1995  71      9       56
  MINIMUM         42    310 AM  31    1966  48     -6       39
  AVERAGE         61                        60      1       48

PRECIPITATION (IN)
  YESTERDAY        0.00          2.12 2000   0.12  -0.12     0.02
  MONTH TO DATE    7.59                      2.08   5.51     1.24
  SINCE SEP 1     12.12                      7.03   5.09     1.24
  SINCE JAN 1     27.56                     38.00 -10.44    36.70

DEGREE DAYS
 HEATING
  YESTERDAY        4                         7     -3       17
  MONTH TO DATE   87                        83      4       69
  SINCE SEP 1    114                       124    -10       80
  SINCE JUL 1    115                       125    -10       80

 COOLING
  YESTERDAY        0                         1     -1        0
  MONTH TO DATE   33                        34     -1       51
  SINCE SEP 1    229                       249    -20      302
  SINCE JAN 1   1562                      1676   -114     1566
..................................................................


WIND (MPH)
  HIGHEST WIND SPEED    21   HIGHEST WIND DIRECTION     S (180)
  HIGHEST GUST SPEED    26   HIGHEST GUST DIRECTION     S (180)
  AVERAGE WIND SPEED     8.3


SKY COVER
  AVERAGE SKY COVER 0.0


WEATHER CONDITIONS
 THE FOLLOWING WEATHER WAS RECORDED YESTERDAY.
  NO SIGNIFICANT WEATHER WAS OBSERVED.


RELATIVE HUMIDITY (PERCENT)
 HIGHEST    96           300 AM
 LOWEST     35           200 PM
 AVERAGE    66

..........................................................


THE JOPLIN MO CLIMATE NORMALS FOR TODAY
                         NORMAL    RECORD    YEAR
 MAXIMUM TEMPERATURE (F)   71        88      1964
 MINIMUM TEMPERATURE (F)   48        26      1976


SUNRISE AND SUNSET
OCTOBER 17 2014.......SUNRISE   728 AM CDT   SUNSET   638 PM CDT
OCTOBER 18 2014.......SUNRISE   729 AM CDT   SUNSET   637 PM CDT


-  INDICATES NEGATIVE NUMBERS.
R  INDICATES RECORD WAS SET OR TIED.
MM INDICATES DATA IS MISSING.
T  INDICATES TRACE AMOUNT.




$$
