000
CDUS43 KSGF 160639
CLIJLN


CLIMATE REPORT
NATIONAL WEATHER SERVICE SPRINGFIELD MO
139 AM CDT TUE MAY 16 2017


...................................

...THE JOPLIN MO CLIMATE SUMMARY FOR MAY 15 2017...

CLIMATE NORMAL PERIOD 1981 TO 2010
CLIMATE RECORD PERIOD 1902 TO 2017


WEATHER ITEM   OBSERVED TIME   RECORD YEAR NORMAL DEPARTURE LAST
                VALUE   (LST)  VALUE       VALUE  FROM      YEAR
                                                  NORMAL
..................................................................
TEMPERATURE (F)
 YESTERDAY
  MAXIMUM         86    242 PM  87    2001  77      9       67
  MINIMUM         62    522 AM  39    1959  56      6       40
                                      1967
                                      1973
  AVERAGE         74                        67      7       54

PRECIPITATION (IN)
  YESTERDAY        0.00          1.02 1958   0.18  -0.18      T
  MONTH TO DATE    3.57                      2.85   0.72     0.54
  SINCE MAR 1     17.51                     10.74   6.77     7.66
  SINCE JAN 1     21.50                     15.09   6.41     8.33

DEGREE DAYS
 HEATING
  YESTERDAY        0                         2     -2       11
  MONTH TO DATE   44                        45     -1       78
  SINCE MAR 1    599                       794   -195      594
  SINCE JUL 1   3151                      4048   -897     3344

 COOLING
  YESTERDAY        9                         4      5        0
  MONTH TO DATE   49                        44      5       24
  SINCE MAR 1    113                        97     16       46
  SINCE JAN 1    123                        98     25       47
..................................................................


WIND (MPH)
  HIGHEST WIND SPEED    18   HIGHEST WIND DIRECTION    SW (210)
  HIGHEST GUST SPEED    24   HIGHEST GUST DIRECTION    SW (210)
  AVERAGE WIND SPEED    11.0


SKY COVER
  AVERAGE SKY COVER 0.0


WEATHER CONDITIONS
 THE FOLLOWING WEATHER WAS RECORDED YESTERDAY.
  NO SIGNIFICANT WEATHER WAS OBSERVED.


RELATIVE HUMIDITY (PERCENT)
 HIGHEST    78           300 AM
 LOWEST     55           300 PM
 AVERAGE    67

..........................................................


THE JOPLIN MO CLIMATE NORMALS FOR TODAY
                         NORMAL    RECORD    YEAR
 MAXIMUM TEMPERATURE (F)   78        89      2001
                                             1971
 MINIMUM TEMPERATURE (F)   56        35      2014


SUNRISE AND SUNSET
MAY 16 2017...........SUNRISE   609 AM CDT   SUNSET   821 PM CDT
MAY 17 2017...........SUNRISE   608 AM CDT   SUNSET   821 PM CDT


-  INDICATES NEGATIVE NUMBERS.
R  INDICATES RECORD WAS SET OR TIED.
MM INDICATES DATA IS MISSING.
T  INDICATES TRACE AMOUNT.




$$
