423
CDUS43 KSGF 200637
CLIJLN


CLIMATE REPORT
NATIONAL WEATHER SERVICE SPRINGFIELD MO
137 AM CDT MON MAR 20 2017


...................................

...THE JOPLIN MO CLIMATE SUMMARY FOR MARCH 19 2017...

CLIMATE NORMAL PERIOD 1981 TO 2010
CLIMATE RECORD PERIOD 1902 TO 2017


WEATHER ITEM   OBSERVED TIME   RECORD YEAR NORMAL DEPARTURE LAST
                VALUE   (LST)  VALUE       VALUE  FROM      YEAR
                                                  NORMAL
..................................................................
TEMPERATURE (F)
 YESTERDAY
  MAXIMUM         85    326 PM  89    1912  61     24       50
  MINIMUM         56    355 AM  13    1965  39     17       29
  AVERAGE         71                        50     21       40

PRECIPITATION (IN)
  YESTERDAY        0.00          3.06 2012   0.11  -0.11     0.00
  MONTH TO DATE    1.25                      2.00  -0.75     1.30
  SINCE MAR 1      1.25                      2.00  -0.75     1.30
  SINCE JAN 1      5.24                      6.35  -1.11     1.97

DEGREE DAYS
 HEATING
  YESTERDAY        0                        15    -15       25
  MONTH TO DATE  296                       344    -48      209
  SINCE MAR 1    296                       344    -48      209
  SINCE JUL 1   2848                      3598   -750     2959

 COOLING
  YESTERDAY        6                         0      6        0
  MONTH TO DATE    6                         0      6        1
  SINCE MAR 1      6                         0      6        1
  SINCE JAN 1     16                         1     15        2
..................................................................


WIND (MPH)
  HIGHEST WIND SPEED    25   HIGHEST WIND DIRECTION     S (180)
  HIGHEST GUST SPEED    35   HIGHEST GUST DIRECTION     S (180)
  AVERAGE WIND SPEED    14.4


SKY COVER
  AVERAGE SKY COVER 0.2


WEATHER CONDITIONS
 THE FOLLOWING WEATHER WAS RECORDED YESTERDAY.
  NO SIGNIFICANT WEATHER WAS OBSERVED.


RELATIVE HUMIDITY (PERCENT)
 HIGHEST    61          1000 AM
 LOWEST     33          1200 AM
 AVERAGE    47

..........................................................


THE JOPLIN MO CLIMATE NORMALS FOR TODAY
                         NORMAL    RECORD    YEAR
 MAXIMUM TEMPERATURE (F)   61        94      1907
 MINIMUM TEMPERATURE (F)   39        12      1965


SUNRISE AND SUNSET
MARCH 20 2017.........SUNRISE   721 AM CDT   SUNSET   730 PM CDT
MARCH 21 2017.........SUNRISE   720 AM CDT   SUNSET   731 PM CDT


-  INDICATES NEGATIVE NUMBERS.
R  INDICATES RECORD WAS SET OR TIED.
MM INDICATES DATA IS MISSING.
T  INDICATES TRACE AMOUNT.




$$
