000
CDUS43 KSGF 172233
CLIJLN


CLIMATE REPORT
NATIONAL WEATHER SERVICE SPRINGFIELD MO
533 PM CDT SAT JUN 17 2017


...................................

...THE JOPLIN MO CLIMATE SUMMARY FOR JUNE 17 2017...
VALID TODAY AS OF 0500 PM LOCAL TIME.

CLIMATE NORMAL PERIOD 1981 TO 2010
CLIMATE RECORD PERIOD 1902 TO 2017


WEATHER ITEM   OBSERVED TIME   RECORD YEAR NORMAL DEPARTURE LAST
                VALUE   (LST)  VALUE       VALUE  FROM      YEAR
                                                  NORMAL
..................................................................
TEMPERATURE (F)
 TODAY
  MAXIMUM         87    302 PM 100    1953  86      1       97
  MINIMUM         68    532 AM  51    1960  66      2       75
  AVERAGE         78                        76      2       86

PRECIPITATION (IN)
  TODAY            0.88          1.50 2006   0.20   0.68     0.00
  MONTH TO DATE    2.09                      3.44  -1.35     1.19
  SINCE JUN 1      2.09                      3.44  -1.35     1.19
  SINCE JAN 1     28.02                     21.39   6.63    15.29

DEGREE DAYS
 HEATING
  TODAY            0                         0      0        0
  MONTH TO DATE    0                         2     -2        0
  SINCE JUN 1      0                         2     -2        0
  SINCE JUL 1   3169                      4071   -902     3389

 COOLING
  TODAY           13                        11      2       21
  MONTH TO DATE  192                       153     39      208
  SINCE JUN 1    192                       153     39      208
  SINCE JAN 1    399                       333     66      322
..................................................................


WIND (MPH)
  HIGHEST WIND SPEED    30   HIGHEST WIND DIRECTION     S (160)
  HIGHEST GUST SPEED    38   HIGHEST GUST DIRECTION    NE (60)


SKY COVER
  AVERAGE SKY COVER 0.0


WEATHER CONDITIONS
 THE FOLLOWING WEATHER WAS RECORDED TODAY.
  THUNDERSTORM
  HEAVY RAIN
  RAIN
  LIGHT RAIN
  FOG


RELATIVE HUMIDITY (PERCENT)
 HIGHEST    90           900 AM
 LOWEST     63           300 PM
 AVERAGE    77

..........................................................


THE JOPLIN MO CLIMATE NORMALS FOR TOMORROW
                         NORMAL    RECORD    YEAR
 MAXIMUM TEMPERATURE (F)   87       100      1952
 MINIMUM TEMPERATURE (F)   66        52      1966
                                             1999


SUNRISE AND SUNSET
JUNE 17 2017..........SUNRISE   558 AM CDT   SUNSET   841 PM CDT
JUNE 18 2017..........SUNRISE   558 AM CDT   SUNSET   841 PM CDT


-  INDICATES NEGATIVE NUMBERS.
R  INDICATES RECORD WAS SET OR TIED.
MM INDICATES DATA IS MISSING.
T  INDICATES TRACE AMOUNT.




$$
