000
CDUS43 KSGF 042127
CLIJLN


CLIMATE REPORT
NATIONAL WEATHER SERVICE SPRINGFIELD MO
427 PM CDT FRI APR 4 2014


...................................

...THE JOPLIN MO CLIMATE SUMMARY FOR APRIL 4 2014...
VALID AS OF 0400 PM LOCAL TIME.

CLIMATE NORMAL PERIOD 1981 TO 2010
CLIMATE RECORD PERIOD 1902 TO 2014


WEATHER ITEM   OBSERVED TIME   RECORD YEAR NORMAL DEPARTURE LAST
                VALUE   (LST)  VALUE       VALUE  FROM      YEAR
                                                  NORMAL
..................................................................
TEMPERATURE (F)
 TODAY
  MAXIMUM         51    237 PM  84    1988  67    -16       60
  MINIMUM         40    747 AM  24    1987  43     -3       39
  AVERAGE         46                        55     -9       50

PRECIPITATION (IN)
  TODAY            0.00          1.55 1964   0.12  -0.12     0.00
  MONTH TO DATE    0.07                      0.48  -0.41     0.14
  SINCE MAR 1      1.95                      3.90  -1.95     2.84
  SINCE JAN 1      2.80                      8.25  -5.45     7.99

DEGREE DAYS
 HEATING
  TODAY           19                        11      8       15
  MONTH TO DATE   42                        46     -4       82
  SINCE MAR 1    705                       554    151      739
  SINCE JUL 1   4554                      3808    746     3855

 COOLING
  TODAY            0                         1     -1        0
  MONTH TO DATE    0                         4     -4        0
  SINCE MAR 1      0                        13    -13        0
  SINCE JAN 1      0                        14    -14        1
..................................................................


WIND (MPH)
  HIGHEST WIND SPEED    32   HIGHEST WIND DIRECTION    NW (310)
  HIGHEST GUST SPEED    40   HIGHEST GUST DIRECTION    NW (300)


SKY COVER
  AVERAGE SKY COVER 0.9


WEATHER CONDITIONS
 THE FOLLOWING WEATHER WAS RECORDED TODAY.
  NO SIGNIFICANT WEATHER WAS OBSERVED.


RELATIVE HUMIDITY (PERCENT)
 HIGHEST    71          1200 AM
 LOWEST     50           300 PM
 AVERAGE    61

..........................................................


THE JOPLIN MO CLIMATE NORMALS FOR TOMORROW
                         NORMAL    RECORD    YEAR
 MAXIMUM TEMPERATURE (F)   67        84      2000
                                             1967
 MINIMUM TEMPERATURE (F)   44        26      1987


SUNRISE AND SUNSET
APRIL  4 2014.........SUNRISE   659 AM CDT   SUNSET   743 PM CDT
APRIL  5 2014.........SUNRISE   658 AM CDT   SUNSET   744 PM CDT


-  INDICATES NEGATIVE NUMBERS.
R  INDICATES RECORD WAS SET OR TIED.
MM INDICATES DATA IS MISSING.
T  INDICATES TRACE AMOUNT.




$$
