000
CDUS43 KSGF 040642
CLIJLN


CLIMATE REPORT
NATIONAL WEATHER SERVICE SPRINGFIELD MO
142 AM CDT FRI AUG 4 2017


...................................

...THE JOPLIN MO CLIMATE SUMMARY FOR AUGUST 3 2017...

CLIMATE NORMAL PERIOD 1981 TO 2010
CLIMATE RECORD PERIOD 1902 TO 2017


WEATHER ITEM   OBSERVED TIME   RECORD YEAR NORMAL DEPARTURE LAST
                VALUE   (LST)  VALUE       VALUE  FROM      YEAR
                                                  NORMAL
..................................................................
TEMPERATURE (F)
 YESTERDAY
  MAXIMUM         94    228 PM 105    2012  92      2       97
                                      2011
  MINIMUM         69    923 PM  53    1950  70     -1       76
  AVERAGE         82                        81      1       87

PRECIPITATION (IN)
  YESTERDAY        0.06          1.60 1990   0.10  -0.04      T
  MONTH TO DATE    0.14                      0.29  -0.15      T
  SINCE JUN 1      7.43                      9.96  -2.53    11.42
  SINCE JAN 1     33.36                     27.91   5.45    25.52

DEGREE DAYS
 HEATING
  YESTERDAY        0                         0      0        0
  MONTH TO DATE    0                         0      0        0
  SINCE JUN 1      0                         5     -5        0
  SINCE JUL 1      0                         0      0        0

 COOLING
  YESTERDAY       17                        16      1       22
  MONTH TO DATE   44                        48     -4       67
  SINCE JUN 1    910                       839     71      985
  SINCE JAN 1   1117                      1019     98     1099
..................................................................


WIND (MPH)
  HIGHEST WIND SPEED    28   HIGHEST WIND DIRECTION    NW (310)
  HIGHEST GUST SPEED    39   HIGHEST GUST DIRECTION    NW (310)
  AVERAGE WIND SPEED     6.0


SKY COVER
  AVERAGE SKY COVER 0.2


WEATHER CONDITIONS
 THE FOLLOWING WEATHER WAS RECORDED YESTERDAY.
  THUNDERSTORM
  LIGHT RAIN
  FOG


RELATIVE HUMIDITY (PERCENT)
 HIGHEST   100          1100 PM
 LOWEST     44           200 PM
 AVERAGE    72

..........................................................


THE JOPLIN MO CLIMATE NORMALS FOR TODAY
                         NORMAL    RECORD    YEAR
 MAXIMUM TEMPERATURE (F)   92       107      2012
 MINIMUM TEMPERATURE (F)   70        50      1974


SUNRISE AND SUNSET
AUGUST  4 2017........SUNRISE   626 AM CDT   SUNSET   822 PM CDT
AUGUST  5 2017........SUNRISE   626 AM CDT   SUNSET   821 PM CDT


-  INDICATES NEGATIVE NUMBERS.
R  INDICATES RECORD WAS SET OR TIED.
MM INDICATES DATA IS MISSING.
T  INDICATES TRACE AMOUNT.




$$
