000
CDUS43 KSGF 240627
CLIJLN


CLIMATE REPORT
NATIONAL WEATHER SERVICE SPRINGFIELD MO
127 AM CDT THU JUL 24 2014


...................................

...THE JOPLIN MO CLIMATE SUMMARY FOR JULY 23 2014...

CLIMATE NORMAL PERIOD 1981 TO 2010
CLIMATE RECORD PERIOD 1902 TO 2014


WEATHER ITEM   OBSERVED TIME   RECORD YEAR NORMAL DEPARTURE LAST
                VALUE   (LST)  VALUE       VALUE  FROM      YEAR
                                                  NORMAL
..................................................................
TEMPERATURE (F)
 YESTERDAY
  MAXIMUM         90    514 PM 105    2011  91     -1       98
  MINIMUM         69   1225 PM  57    1970  70     -1       72
                                      2000
  AVERAGE         80                        81     -1       85

PRECIPITATION (IN)
  YESTERDAY        0.11          3.61 1956   0.11   0.00     0.08
  MONTH TO DATE    0.62                      2.98  -2.36     0.19
  SINCE JUN 1      4.55                      8.84  -4.29     5.58
  SINCE JAN 1     13.30                     26.79 -13.49    27.97

DEGREE DAYS
 HEATING
  YESTERDAY        0                         0      0        0
  MONTH TO DATE    1                         0      1        0
  SINCE JUN 1      3                         5     -2       12
  SINCE JUL 1      1                         0      1        0

 COOLING
  YESTERDAY       15                        16     -1       20
  MONTH TO DATE  234                       347   -113      336
  SINCE JUN 1    537                       665   -128      659
  SINCE JAN 1    750                       845    -95      803
..................................................................


WIND (MPH)
  HIGHEST WIND SPEED    39   HIGHEST WIND DIRECTION    NW (310)
  HIGHEST GUST SPEED    49   HIGHEST GUST DIRECTION    NW (310)
  AVERAGE WIND SPEED     8.1


SKY COVER
  AVERAGE SKY COVER 0.2


WEATHER CONDITIONS
 THE FOLLOWING WEATHER WAS RECORDED YESTERDAY.
  THUNDERSTORM
  HEAVY RAIN
  LIGHT RAIN
  FOG
  HAZE


RELATIVE HUMIDITY (PERCENT)
 HIGHEST    94           600 AM
 LOWEST     44           500 PM
 AVERAGE    69

..........................................................


THE JOPLIN MO CLIMATE NORMALS FOR TODAY
                         NORMAL    RECORD    YEAR
 MAXIMUM TEMPERATURE (F)   91       103      2011
 MINIMUM TEMPERATURE (F)   70        57      2000


SUNRISE AND SUNSET
JULY 24 2014..........SUNRISE   616 AM CDT   SUNSET   832 PM CDT
JULY 25 2014..........SUNRISE   617 AM CDT   SUNSET   831 PM CDT


-  INDICATES NEGATIVE NUMBERS.
R  INDICATES RECORD WAS SET OR TIED.
MM INDICATES DATA IS MISSING.
T  INDICATES TRACE AMOUNT.




$$
