000
CDUS43 KSGF 052227
CLIJLN


CLIMATE REPORT
NATIONAL WEATHER SERVICE SPRINGFIELD MO
427 PM CST MON FEB 5 2018


...................................

...THE JOPLIN MO CLIMATE SUMMARY FOR FEBRUARY 5 2018...
VALID AS OF 0400 PM LOCAL TIME.

CLIMATE NORMAL PERIOD 1981 TO 2010
CLIMATE RECORD PERIOD 1902 TO 2018


WEATHER ITEM   OBSERVED TIME   RECORD YEAR NORMAL DEPARTURE LAST
                VALUE   (LST)  VALUE       VALUE  FROM      YEAR
                                                  NORMAL
..................................................................
TEMPERATURE (F)
 TODAY
  MAXIMUM         33    312 PM  69    1963  48    -15       62
  MINIMUM          4    347 AM   1    1979  27    -23       31
  AVERAGE         19                        37    -18       47

PRECIPITATION (IN)
  TODAY            0.00          1.21 1964   0.07  -0.07     0.00
  MONTH TO DATE    0.01                      0.33  -0.32     0.00
  SINCE DEC 1      1.85                      5.18  -3.33     4.24
  SINCE JAN 1      0.48                      2.36  -1.88     3.65

DEGREE DAYS
 HEATING
  TODAY           46                        28     18       18
  MONTH TO DATE  180                       141     39      138
  SINCE DEC 1   2004                      1933     71     1795
  SINCE JUL 1   2649                      2690    -41     2250

 COOLING
  TODAY            0                         0      0        0
  MONTH TO DATE    0                         0      0        0
  SINCE DEC 1      0                         0      0        0
  SINCE JAN 1      0                         0      0        0
..................................................................


WIND (MPH)
  HIGHEST WIND SPEED    14   HIGHEST WIND DIRECTION    SE (140)
  HIGHEST GUST SPEED    20   HIGHEST GUST DIRECTION     S (160)


SKY COVER
  AVERAGE SKY COVER 0.2


WEATHER CONDITIONS
 THE FOLLOWING WEATHER WAS RECORDED TODAY.
  NO SIGNIFICANT WEATHER WAS OBSERVED.


RELATIVE HUMIDITY (PERCENT)
 HIGHEST    91           300 AM
 LOWEST     63          1200 PM
 AVERAGE    77

..........................................................


THE JOPLIN MO CLIMATE NORMALS FOR TOMORROW
                         NORMAL    RECORD    YEAR
 MAXIMUM TEMPERATURE (F)   48        74      2017
 MINIMUM TEMPERATURE (F)   27        -3      1985


SUNRISE AND SUNSET
FEBRUARY  5 2018......SUNRISE   717 AM CST   SUNSET   547 PM CST
FEBRUARY  6 2018......SUNRISE   716 AM CST   SUNSET   548 PM CST


-  INDICATES NEGATIVE NUMBERS.
R  INDICATES RECORD WAS SET OR TIED.
MM INDICATES DATA IS MISSING.
T  INDICATES TRACE AMOUNT.




$$
