000
CDUS43 KSGF 070637
CLIJLN


CLIMATE REPORT
NATIONAL WEATHER SERVICE SPRINGFIELD MO
1236 AM CST THU DEC 7 2017


...................................

...THE JOPLIN MO CLIMATE SUMMARY FOR DECEMBER 6 2017...

CLIMATE NORMAL PERIOD 1981 TO 2010
CLIMATE RECORD PERIOD 1902 TO 2017


WEATHER ITEM   OBSERVED TIME   RECORD YEAR NORMAL DEPARTURE LAST
                VALUE   (LST)  VALUE       VALUE  FROM      YEAR
                                                  NORMAL
..................................................................
TEMPERATURE (F)
 YESTERDAY
  MAXIMUM         50    331 PM  71    1998  49      1       42
  MINIMUM         26    733 AM  -1    1950  30     -4       28
  AVERAGE         38                        40     -2       35

PRECIPITATION (IN)
  YESTERDAY        0.00          1.33 1974   0.10  -0.10     0.00
  MONTH TO DATE    0.16                      0.63  -0.47     0.21
  SINCE DEC 1      0.16                      0.63  -0.47     0.21
  SINCE JAN 1     45.16                     44.36   0.80    38.85

DEGREE DAYS
 HEATING
  YESTERDAY       27                        26      1       30
  MONTH TO DATE   95                       148    -53      142
  SINCE DEC 1     95                       148    -53      142
  SINCE JUL 1    740                       905   -165      597

 COOLING
  YESTERDAY        0                         0      0        0
  MONTH TO DATE    0                         0      0        0
  SINCE DEC 1      0                         0      0        0
  SINCE JAN 1   1750                      1698     52     1878
..................................................................


WIND (MPH)
  HIGHEST WIND SPEED    20   HIGHEST WIND DIRECTION    NW (300)
  HIGHEST GUST SPEED    26   HIGHEST GUST DIRECTION    SW (220)
  AVERAGE WIND SPEED     8.9


SKY COVER
  AVERAGE SKY COVER 0.1


WEATHER CONDITIONS
 THE FOLLOWING WEATHER WAS RECORDED YESTERDAY.
  NO SIGNIFICANT WEATHER WAS OBSERVED.


RELATIVE HUMIDITY (PERCENT)
 HIGHEST    69           800 AM
 LOWEST     36           200 PM
 AVERAGE    53

..........................................................


THE JOPLIN MO CLIMATE NORMALS FOR TODAY
                         NORMAL    RECORD    YEAR
 MAXIMUM TEMPERATURE (F)   49        76      1966
 MINIMUM TEMPERATURE (F)   29         1      1950


SUNRISE AND SUNSET
DECEMBER  7 2017......SUNRISE   719 AM CST   SUNSET   501 PM CST
DECEMBER  8 2017......SUNRISE   719 AM CST   SUNSET   501 PM CST


-  INDICATES NEGATIVE NUMBERS.
R  INDICATES RECORD WAS SET OR TIED.
MM INDICATES DATA IS MISSING.
T  INDICATES TRACE AMOUNT.




$$
