000
CDUS43 KSGF 150645
CLIJLN

CLIMATE REPORT
NATIONAL WEATHER SERVICE SPRINGFIELD MO
145 AM CDT THU JUN 15 2017


...................................

...THE JOPLIN MO CLIMATE SUMMARY FOR JUNE 14 2017...

CLIMATE NORMAL PERIOD: 1981 TO 2010
CLIMATE RECORD PERIOD: 1902 TO 2017


WEATHER ITEM   OBSERVED TIME   RECORD YEAR NORMAL DEPARTURE LAST
                VALUE   (LST)  VALUE       VALUE  FROM      YEAR
                                                  NORMAL
..................................................................
TEMPERATURE (F)
 YESTERDAY
  MAXIMUM         90    3:14 PM 103    1953  86      4       91
  MINIMUM         77    5:54 AM  56    1989  65     12       72
  AVERAGE         84                        75      9       82

PRECIPITATION (IN)
  YESTERDAY        0.00          2.01 1983   0.20  -0.20     0.03
  MONTH TO DATE    1.01                      2.83  -1.82     1.14
  SINCE JUN 1      1.01                      2.83  -1.82     1.14
  SINCE JAN 1     26.94                     20.78   6.16    15.24

DEGREE DAYS
 HEATING
  YESTERDAY        0                         0      0        0
  MONTH TO DATE    0                         2     -2        0
  SINCE JUN 1      0                         2     -2        0
  SINCE JUL 1   3169                      4071   -902     3389

 COOLING
  YESTERDAY       19                        10      9       17
  MONTH TO DATE  149                       120     29      148
  SINCE JUN 1    149                       120     29      148
  SINCE JAN 1    356                       300     56      262
..................................................................


WIND (MPH)
  HIGHEST WIND SPEED    22   HIGHEST WIND DIRECTION    SW (220)
  HIGHEST GUST SPEED    28   HIGHEST GUST DIRECTION     S (160)
  AVERAGE WIND SPEED    12.7


SKY COVER
  AVERAGE SKY COVER 0.3


WEATHER CONDITIONS
 THE FOLLOWING WEATHER WAS RECORDED YESTERDAY.
  NO SIGNIFICANT WEATHER WAS OBSERVED.


RELATIVE HUMIDITY (PERCENT)
 HIGHEST    88           4:00 AM
 LOWEST     59           3:00 PM
 AVERAGE    74

..........................................................


THE JOPLIN MO CLIMATE NORMALS FOR TODAY
                         NORMAL    RECORD    YEAR
 MAXIMUM TEMPERATURE (F)   86       103      1953
 MINIMUM TEMPERATURE (F)   65        49      1989


SUNRISE AND SUNSET
JUNE 15 2017..........SUNRISE   5:57 AM CDT   SUNSET   8:40 PM CDT
JUNE 16 2017..........SUNRISE   5:57 AM CDT   SUNSET   8:40 PM CDT


-  INDICATES NEGATIVE NUMBERS.
*  INDICATES RECORD WAS SET OR TIED.
MM INDICATES DATA IS MISSING.
T  INDICATES TRACE AMOUNT.




$$
