000
CDUS43 KSGF 272225
CLIJLN


CLIMATE REPORT
NATIONAL WEATHER SERVICE SPRINGFIELD MO
525 PM CDT SAT AUG 27 2016


...................................

...THE JOPLIN MO CLIMATE SUMMARY FOR AUGUST 27 2016...
VALID TODAY AS OF 0500 PM LOCAL TIME.

CLIMATE NORMAL PERIOD 1981 TO 2010
CLIMATE RECORD PERIOD 1902 TO 2016


WEATHER ITEM   OBSERVED TIME   RECORD YEAR NORMAL DEPARTURE LAST
                VALUE   (LST)  VALUE       VALUE  FROM      YEAR
                                                  NORMAL
..................................................................
TEMPERATURE (F)
 TODAY
  MAXIMUM         89    319 PM 103    1954  90     -1       81
                                      2000
  MINIMUM         68    620 AM  52    1962  67      1       65
                                      1967
                                      1992
  AVERAGE         79                        78      1       73

PRECIPITATION (IN)
  TODAY            0.00          1.66 1978   0.12  -0.12     0.00
  MONTH TO DATE    3.44                      2.85   0.59     8.23
  SINCE JUN 1     14.86                     12.52   2.34    20.99
  SINCE JAN 1     28.96                     30.47  -1.51    38.70

DEGREE DAYS
 HEATING
  TODAY            0                         0      0        0
  MONTH TO DATE    0                         0      0        1
  SINCE JUN 1      0                         5     -5        1
  SINCE JUL 1      0                         0      0        1

 COOLING
  TODAY           14                        13      1        8
  MONTH TO DATE  394                       408    -14      308
  SINCE JUN 1   1312                      1199    113     1197
  SINCE JAN 1   1426                      1379     47     1341
..................................................................


WIND (MPH)
  HIGHEST WIND SPEED    12   HIGHEST WIND DIRECTION    SW (210)
  HIGHEST GUST SPEED    14   HIGHEST GUST DIRECTION     S (190)


SKY COVER
  AVERAGE SKY COVER 0.0


WEATHER CONDITIONS
 THE FOLLOWING WEATHER WAS RECORDED TODAY.
  FOG


RELATIVE HUMIDITY (PERCENT)
 HIGHEST   100           200 AM
 LOWEST     53           200 PM
 AVERAGE    77

..........................................................


THE JOPLIN MO CLIMATE NORMALS FOR TOMORROW
                         NORMAL    RECORD    YEAR
 MAXIMUM TEMPERATURE (F)   89       105      1954
 MINIMUM TEMPERATURE (F)   66        49      1992


SUNRISE AND SUNSET
AUGUST 27 2016........SUNRISE   645 AM CDT   SUNSET   753 PM CDT
AUGUST 28 2016........SUNRISE   646 AM CDT   SUNSET   752 PM CDT


-  INDICATES NEGATIVE NUMBERS.
R  INDICATES RECORD WAS SET OR TIED.
MM INDICATES DATA IS MISSING.
T  INDICATES TRACE AMOUNT.




$$
