000
CDUS43 KSGF 130626
CLIJLN


CLIMATE REPORT
NATIONAL WEATHER SERVICE SPRINGFIELD MO
125 AM CDT MON OCT 13 2014


...................................

...THE JOPLIN MO CLIMATE SUMMARY FOR OCTOBER 12 2014...

CLIMATE NORMAL PERIOD 1981 TO 2010
CLIMATE RECORD PERIOD 1902 TO 2014


WEATHER ITEM   OBSERVED TIME   RECORD YEAR NORMAL DEPARTURE LAST
                VALUE   (LST)  VALUE       VALUE  FROM      YEAR
                                                  NORMAL
..................................................................
TEMPERATURE (F)
 YESTERDAY
  MAXIMUM         60    347 PM  91    1978  73    -13       71
  MINIMUM         52    825 PM  32    1965  49      3       53
                                      1977
                                      1987
  AVERAGE         56                        61     -5       62

PRECIPITATION (IN)
  YESTERDAY        0.05          2.32 2012   0.13  -0.08     0.68
  MONTH TO DATE    6.43                      1.58   4.85     0.68
  SINCE SEP 1     10.96                      6.53   4.43     0.68
  SINCE JAN 1     26.40                     37.50 -11.10    36.14

DEGREE DAYS
 HEATING
  YESTERDAY        9                         6      3        3
  MONTH TO DATE   60                        58      2       35
  SINCE SEP 1     87                        99    -12       46
  SINCE JUL 1     88                       100    -12       46

 COOLING
  YESTERDAY        0                         2     -2        0
  MONTH TO DATE   33                        29      4       51
  SINCE SEP 1    229                       244    -15      302
  SINCE JAN 1   1562                      1671   -109     1566
..................................................................


WIND (MPH)
  HIGHEST WIND SPEED    15   HIGHEST WIND DIRECTION     S (190)
  HIGHEST GUST SPEED    19   HIGHEST GUST DIRECTION    SW (210)
  AVERAGE WIND SPEED     6.9


SKY COVER
  AVERAGE SKY COVER 0.7


WEATHER CONDITIONS
 THE FOLLOWING WEATHER WAS RECORDED YESTERDAY.
  LIGHT RAIN
  FOG


RELATIVE HUMIDITY (PERCENT)
 HIGHEST   100           500 AM
 LOWEST     80           500 PM
 AVERAGE    90

..........................................................


THE JOPLIN MO CLIMATE NORMALS FOR TODAY
                         NORMAL    RECORD    YEAR
 MAXIMUM TEMPERATURE (F)   72        88      1952
 MINIMUM TEMPERATURE (F)   49        35      2006
                                             1977


SUNRISE AND SUNSET
OCTOBER 13 2014.......SUNRISE   724 AM CDT   SUNSET   644 PM CDT
OCTOBER 14 2014.......SUNRISE   725 AM CDT   SUNSET   642 PM CDT


-  INDICATES NEGATIVE NUMBERS.
R  INDICATES RECORD WAS SET OR TIED.
MM INDICATES DATA IS MISSING.
T  INDICATES TRACE AMOUNT.




$$
