677
CDUS43 KSGF 080626
CLIJLN


CLIMATE REPORT
NATIONAL WEATHER SERVICE SPRINGFIELD MO
1226 AM CST MON FEB 8 2016


...................................

...THE JOPLIN MO CLIMATE SUMMARY FOR FEBRUARY 7 2016...

CLIMATE NORMAL PERIOD 1981 TO 2010
CLIMATE RECORD PERIOD 1902 TO 2016


WEATHER ITEM   OBSERVED TIME   RECORD YEAR NORMAL DEPARTURE LAST
                VALUE   (LST)  VALUE       VALUE  FROM      YEAR
                                                  NORMAL
..................................................................
TEMPERATURE (F)
 YESTERDAY
  MAXIMUM         56    317 PM  72    2015  48      8       72
  MINIMUM         36   1208 AM   4    1985  27      9       39
  AVERAGE         46                        38      8       56

PRECIPITATION (IN)
  YESTERDAY        0.00          0.82 1961   0.07  -0.07     0.00
  MONTH TO DATE    0.11                      0.47  -0.36     0.39
  SINCE DEC 1     10.18                      5.32   4.86     2.93
  SINCE JAN 1      0.41                      2.50  -2.09     1.09

DEGREE DAYS
 HEATING
  YESTERDAY       19                        27     -8        9
  MONTH TO DATE  169                       196    -27      208
  SINCE DEC 1   1686                      1988   -302     1894
  SINCE JUL 1   2304                      2745   -441     2807

 COOLING
  YESTERDAY        0                         0      0        0
  MONTH TO DATE    0                         0      0        0
  SINCE DEC 1      3                         0      3        0
  SINCE JAN 1      0                         0      0        0
..................................................................


WIND (MPH)
  HIGHEST WIND SPEED    25   HIGHEST WIND DIRECTION    NW (300)
  HIGHEST GUST SPEED    32   HIGHEST GUST DIRECTION    NW (310)
  AVERAGE WIND SPEED    13.3


SKY COVER
  AVERAGE SKY COVER 0.2


WEATHER CONDITIONS
 THE FOLLOWING WEATHER WAS RECORDED YESTERDAY.
  NO SIGNIFICANT WEATHER WAS OBSERVED.


RELATIVE HUMIDITY (PERCENT)
 HIGHEST    70          1200 AM
 LOWEST     26           400 PM
 AVERAGE    48

..........................................................


THE JOPLIN MO CLIMATE NORMALS FOR TODAY
                         NORMAL    RECORD    YEAR
 MAXIMUM TEMPERATURE (F)   49        73      2015
                                             1999
 MINIMUM TEMPERATURE (F)   27        -5      1971


SUNRISE AND SUNSET
FEBRUARY  8 2016......SUNRISE   715 AM CST   SUNSET   550 PM CST
FEBRUARY  9 2016......SUNRISE   714 AM CST   SUNSET   551 PM CST


-  INDICATES NEGATIVE NUMBERS.
R  INDICATES RECORD WAS SET OR TIED.
MM INDICATES DATA IS MISSING.
T  INDICATES TRACE AMOUNT.




$$
