000
CDUS43 KSGF 062227
CLIJLN


CLIMATE REPORT
NATIONAL WEATHER SERVICE SPRINGFIELD MO
526 PM CDT SUN AUG 6 2017


...................................

...THE JOPLIN MO CLIMATE SUMMARY FOR AUGUST 6 2017...
VALID TODAY AS OF 0500 PM LOCAL TIME.

CLIMATE NORMAL PERIOD 1981 TO 2010
CLIMATE RECORD PERIOD 1902 TO 2017


WEATHER ITEM   OBSERVED TIME   RECORD YEAR NORMAL DEPARTURE LAST
                VALUE   (LST)  VALUE       VALUE  FROM      YEAR
                                                  NORMAL
..................................................................
TEMPERATURE (F)
 TODAY
  MAXIMUM         78    327 PM 105    1956  92    -14       82
  MINIMUM         65    420 AM  56    1948  70     -5       74
  AVERAGE         72                        81     -9       78

PRECIPITATION (IN)
  TODAY            1.02          1.37 2013   0.10   0.92     0.51
  MONTH TO DATE    1.53                      0.59   0.94     0.51
  SINCE JUN 1      8.82                     10.26  -1.44    11.93
  SINCE JAN 1     34.75                     28.21   6.54    26.03

DEGREE DAYS
 HEATING
  TODAY            0                         0      0        0
  MONTH TO DATE    0                         0      0        0
  SINCE JUN 1      0                         5     -5        0
  SINCE JUL 1      0                         0      0        0

 COOLING
  TODAY            7                        16     -9       13
  MONTH TO DATE   66                        96    -30      123
  SINCE JUN 1    932                       887     45     1041
  SINCE JAN 1   1139                      1067     72     1155
..................................................................


WIND (MPH)
  HIGHEST WIND SPEED    25   HIGHEST WIND DIRECTION    SE (130)
  HIGHEST GUST SPEED    33   HIGHEST GUST DIRECTION    SE (130)


SKY COVER
  AVERAGE SKY COVER 0.8


WEATHER CONDITIONS
 THE FOLLOWING WEATHER WAS RECORDED TODAY.
  THUNDERSTORM
  HEAVY RAIN
  RAIN
  LIGHT RAIN
  FOG


RELATIVE HUMIDITY (PERCENT)
 HIGHEST   100           100 AM
 LOWEST     82           200 PM
 AVERAGE    91

..........................................................


THE JOPLIN MO CLIMATE NORMALS FOR TOMORROW
                         NORMAL    RECORD    YEAR
 MAXIMUM TEMPERATURE (F)   92       107      2011
 MINIMUM TEMPERATURE (F)   70        53      1997


SUNRISE AND SUNSET
AUGUST  6 2017........SUNRISE   627 AM CDT   SUNSET   820 PM CDT
AUGUST  7 2017........SUNRISE   628 AM CDT   SUNSET   819 PM CDT


-  INDICATES NEGATIVE NUMBERS.
R  INDICATES RECORD WAS SET OR TIED.
MM INDICATES DATA IS MISSING.
T  INDICATES TRACE AMOUNT.




$$
