000
CDUS43 KSGF 280645
CLIJLN


CLIMATE REPORT
NATIONAL WEATHER SERVICE SPRINGFIELD MO
1245 AM CST TUE NOV 28 2017


...................................

...THE JOPLIN MO CLIMATE SUMMARY FOR NOVEMBER 27 2017...

CLIMATE NORMAL PERIOD 1981 TO 2010
CLIMATE RECORD PERIOD 1902 TO 2017


WEATHER ITEM   OBSERVED TIME   RECORD YEAR NORMAL DEPARTURE LAST
                VALUE   (LST)  VALUE       VALUE  FROM      YEAR
                                                  NORMAL
..................................................................
TEMPERATURE (F)
 YESTERDAY
  MAXIMUM         71    249 PM  76    1960  53     18       59
  MINIMUM         51    720 AM   9    1975  33     18       46
  AVERAGE         61                        43     18       53

PRECIPITATION (IN)
  YESTERDAY        0.00          2.16 2015   0.12  -0.12      T
  MONTH TO DATE    0.26                      3.43  -3.17     0.87
  SINCE SEP 1      6.06                     12.41  -6.35     8.86
  SINCE JAN 1     44.74                     43.38   1.36    38.64

DEGREE DAYS
 HEATING
  YESTERDAY        4                        22    -18       12
  MONTH TO DATE  385                       437    -52      299
  SINCE SEP 1    616                       688    -72      401
  SINCE JUL 1    616                       689    -73      401

 COOLING
  YESTERDAY        0                         0      0        0
  MONTH TO DATE    1                         5     -4       27
  SINCE SEP 1    318                       269     49      391
  SINCE JAN 1   1750                      1696     54     1878
..................................................................


WIND (MPH)
  HIGHEST WIND SPEED    28   HIGHEST WIND DIRECTION    SW (210)
  HIGHEST GUST SPEED    37   HIGHEST GUST DIRECTION     S (190)
  AVERAGE WIND SPEED    17.3


SKY COVER
  AVERAGE SKY COVER 0.0


WEATHER CONDITIONS
 THE FOLLOWING WEATHER WAS RECORDED YESTERDAY.
  NO SIGNIFICANT WEATHER WAS OBSERVED.


RELATIVE HUMIDITY (PERCENT)
 HIGHEST    52           600 PM
 LOWEST     39          1000 AM
 AVERAGE    46

..........................................................


THE JOPLIN MO CLIMATE NORMALS FOR TODAY
                         NORMAL    RECORD    YEAR
 MAXIMUM TEMPERATURE (F)   53        72      1949
 MINIMUM TEMPERATURE (F)   33        10      1976


SUNRISE AND SUNSET
NOVEMBER 28 2017......SUNRISE   710 AM CST   SUNSET   502 PM CST
NOVEMBER 29 2017......SUNRISE   711 AM CST   SUNSET   501 PM CST


-  INDICATES NEGATIVE NUMBERS.
R  INDICATES RECORD WAS SET OR TIED.
MM INDICATES DATA IS MISSING.
T  INDICATES TRACE AMOUNT.




$$
