000
CDUS43 KSGF 110626
CLIJLN


CLIMATE REPORT
NATIONAL WEATHER SERVICE SPRINGFIELD MO
1226 AM CST WED JAN 11 2017


...................................

...THE JOPLIN MO CLIMATE SUMMARY FOR JANUARY 10 2017...

CLIMATE NORMAL PERIOD 1981 TO 2010
CLIMATE RECORD PERIOD 1902 TO 2017


WEATHER ITEM   OBSERVED TIME   RECORD YEAR NORMAL DEPARTURE LAST
                VALUE   (LST)  VALUE       VALUE  FROM      YEAR
                                                  NORMAL
..................................................................
TEMPERATURE (F)
 YESTERDAY
  MAXIMUM         67    127 PM  69    1990  44     23       24
  MINIMUM         42    907 PM -10    1982  25     17        7
  AVERAGE         55                        34     21       16

PRECIPITATION (IN)
  YESTERDAY        0.00          1.04 1949   0.07  -0.07     0.00
  MONTH TO DATE    0.04                      0.70  -0.66     0.27
  SINCE DEC 1      0.63                      3.52  -2.89    10.04
  SINCE JAN 1      0.04                      0.70  -0.66     0.27

DEGREE DAYS
 HEATING
  YESTERDAY       10                        30    -20       49
  MONTH TO DATE  323                       300     23      276
  SINCE DEC 1   1200                      1160     40      913
  SINCE JUL 1   1655                      1917   -262     1531

 COOLING
  YESTERDAY        0                         0      0        0
  MONTH TO DATE    0                         0      0        0
  SINCE DEC 1      0                         0      0        3
  SINCE JAN 1      0                         0      0        0
..................................................................


WIND (MPH)
  HIGHEST WIND SPEED    43   HIGHEST WIND DIRECTION    SW (210)
  HIGHEST GUST SPEED    55   HIGHEST GUST DIRECTION     S (190)
  AVERAGE WIND SPEED    18.2


SKY COVER
  AVERAGE SKY COVER 0.1


WEATHER CONDITIONS
 THE FOLLOWING WEATHER WAS RECORDED YESTERDAY.
  NO SIGNIFICANT WEATHER WAS OBSERVED.


RELATIVE HUMIDITY (PERCENT)
 HIGHEST    83           200 AM
 LOWEST     27           400 PM
 AVERAGE    55

..........................................................


THE JOPLIN MO CLIMATE NORMALS FOR TODAY
                         NORMAL    RECORD    YEAR
 MAXIMUM TEMPERATURE (F)   44        71      1995
 MINIMUM TEMPERATURE (F)   25        -8      1977


SUNRISE AND SUNSET
JANUARY 11 2017.......SUNRISE   732 AM CST   SUNSET   521 PM CST
JANUARY 12 2017.......SUNRISE   731 AM CST   SUNSET   522 PM CST


-  INDICATES NEGATIVE NUMBERS.
R  INDICATES RECORD WAS SET OR TIED.
MM INDICATES DATA IS MISSING.
T  INDICATES TRACE AMOUNT.




$$
