667
CDUS43 KSGF 212132
CLIJLN


CLIMATE REPORT
NATIONAL WEATHER SERVICE SPRINGFIELD MO
431 PM CDT WED SEP 21 2016


...................................

...THE JOPLIN MO CLIMATE SUMMARY FOR SEPTEMBER 21 2016...
VALID AS OF 0400 PM LOCAL TIME.

CLIMATE NORMAL PERIOD 1981 TO 2010
CLIMATE RECORD PERIOD 1902 TO 2016


WEATHER ITEM   OBSERVED TIME   RECORD YEAR NORMAL DEPARTURE LAST
                VALUE   (LST)  VALUE       VALUE  FROM      YEAR
                                                  NORMAL
..................................................................
TEMPERATURE (F)
 TODAY
  MAXIMUM         87    121 PM  95    1956  80      7       80
  MINIMUM         69    559 AM  35    1983  57     12       58
  AVERAGE         78                        68     10       69

PRECIPITATION (IN)
  TODAY            0.00          4.10 1965   0.17  -0.17     0.00
  MONTH TO DATE    2.62                      3.50  -0.88     1.12
  SINCE SEP 1      2.62                      3.50  -0.88     1.12
  SINCE JAN 1     32.40                     34.47  -2.07    39.82

DEGREE DAYS
 HEATING
  TODAY            0                         2     -2        0
  MONTH TO DATE    0                        13    -13        5
  SINCE SEP 1      0                        13    -13        5
  SINCE JUL 1      0                        14    -14        6

 COOLING
  TODAY           13                         5      8        4
  MONTH TO DATE  218                       176     42      206
  SINCE SEP 1    218                       176     42      206
  SINCE JAN 1   1705                      1603    102     1592
..................................................................


WIND (MPH)
  HIGHEST WIND SPEED    13   HIGHEST WIND DIRECTION     S (190)
  HIGHEST GUST SPEED    20   HIGHEST GUST DIRECTION     S (170)


SKY COVER
  AVERAGE SKY COVER 0.0


WEATHER CONDITIONS
 THE FOLLOWING WEATHER WAS RECORDED TODAY.
  NO SIGNIFICANT WEATHER WAS OBSERVED.


RELATIVE HUMIDITY (PERCENT)
 HIGHEST   100           500 AM
 LOWEST     55           200 PM
 AVERAGE    78

..........................................................


THE JOPLIN MO CLIMATE NORMALS FOR TOMORROW
                         NORMAL    RECORD    YEAR
 MAXIMUM TEMPERATURE (F)   80        95      1956
 MINIMUM TEMPERATURE (F)   57        33      1995


SUNRISE AND SUNSET
SEPTEMBER 21 2016.....SUNRISE   705 AM CDT   SUNSET   716 PM CDT
SEPTEMBER 22 2016.....SUNRISE   706 AM CDT   SUNSET   714 PM CDT


-  INDICATES NEGATIVE NUMBERS.
R  INDICATES RECORD WAS SET OR TIED.
MM INDICATES DATA IS MISSING.
T  INDICATES TRACE AMOUNT.




$$
