000
CDUS43 KSGF 150631
CLIJLN


CLIMATE REPORT
NATIONAL WEATHER SERVICE SPRINGFIELD MO
131 AM CDT MON SEP 15 2014


...................................

...THE JOPLIN MO CLIMATE SUMMARY FOR SEPTEMBER 14 2014...

CLIMATE NORMAL PERIOD 1981 TO 2010
CLIMATE RECORD PERIOD 1902 TO 2014


WEATHER ITEM   OBSERVED TIME   RECORD YEAR NORMAL DEPARTURE LAST
                VALUE   (LST)  VALUE       VALUE  FROM      YEAR
                                                  NORMAL
..................................................................
TEMPERATURE (F)
 YESTERDAY
  MAXIMUM         77    424 PM 100    1956  83     -6       82
  MINIMUM         49    520 AM  41    1974  60    -11       52
  AVERAGE         63                        72     -9       67

PRECIPITATION (IN)
  YESTERDAY        0.00          2.18 1972   0.17  -0.17     0.00
  MONTH TO DATE    3.05                      2.29   0.76      T
  SINCE SEP 1      3.05                      2.29   0.76      T
  SINCE JAN 1     18.49                     33.26 -14.77    35.46

DEGREE DAYS
 HEATING
  YESTERDAY        2                         1      1        0
  MONTH TO DATE   22                         3     19        0
  SINCE SEP 1     22                         3     19        0
  SINCE JUL 1     23                         4     19        0

 COOLING
  YESTERDAY        0                         7     -7        2
  MONTH TO DATE  110                       133    -23      169
  SINCE SEP 1    110                       133    -23      169
  SINCE JAN 1   1443                      1560   -117     1433
..................................................................


WIND (MPH)
  HIGHEST WIND SPEED    13   HIGHEST WIND DIRECTION     S (190)
  HIGHEST GUST SPEED    17   HIGHEST GUST DIRECTION    NE (40)
  AVERAGE WIND SPEED     5.8


SKY COVER
  AVERAGE SKY COVER 0.3


WEATHER CONDITIONS
 THE FOLLOWING WEATHER WAS RECORDED YESTERDAY.
  NO SIGNIFICANT WEATHER WAS OBSERVED.


RELATIVE HUMIDITY (PERCENT)
 HIGHEST    96           600 AM
 LOWEST     50           300 PM
 AVERAGE    73

..........................................................


THE JOPLIN MO CLIMATE NORMALS FOR TODAY
                         NORMAL    RECORD    YEAR
 MAXIMUM TEMPERATURE (F)   83        98      1956
 MINIMUM TEMPERATURE (F)   60        41      1961
                                             1993


SUNRISE AND SUNSET
SEPTEMBER 15 2014.....SUNRISE   700 AM CDT   SUNSET   726 PM CDT
SEPTEMBER 16 2014.....SUNRISE   701 AM CDT   SUNSET   724 PM CDT


-  INDICATES NEGATIVE NUMBERS.
R  INDICATES RECORD WAS SET OR TIED.
MM INDICATES DATA IS MISSING.
T  INDICATES TRACE AMOUNT.




$$
