000
CDUS43 KSGF 150626
CLIJLN


CLIMATE REPORT
NATIONAL WEATHER SERVICE SPRINGFIELD MO
126 AM CDT MON AUG 15 2016


...................................

...THE JOPLIN MO CLIMATE SUMMARY FOR AUGUST 14 2016...

CLIMATE NORMAL PERIOD 1981 TO 2010
CLIMATE RECORD PERIOD 1902 TO 2016


WEATHER ITEM   OBSERVED TIME   RECORD YEAR NORMAL DEPARTURE LAST
                VALUE   (LST)  VALUE       VALUE  FROM      YEAR
                                                  NORMAL
..................................................................
TEMPERATURE (F)
 YESTERDAY
  MAXIMUM         83    239 PM 103    2007  92     -9       87
  MINIMUM         65    558 AM  54    2004  69     -4       63
  AVERAGE         74                        80     -6       75

PRECIPITATION (IN)
  YESTERDAY        0.00          4.91 1980   0.10  -0.10     0.00
  MONTH TO DATE    2.67                      1.42   1.25     1.65
  SINCE JUN 1     14.09                     11.09   3.00    14.41
  SINCE JAN 1     28.19                     29.04  -0.85    32.12

DEGREE DAYS
 HEATING
  YESTERDAY        0                         0      0        0
  MONTH TO DATE    0                         0      0        0
  SINCE JUN 1      0                         5     -5        0
  SINCE JUL 1      0                         0      0        0

 COOLING
  YESTERDAY        9                        15     -6       10
  MONTH TO DATE  249                       221     28      207
  SINCE JUN 1   1167                      1012    155     1096
  SINCE JAN 1   1281                      1192     89     1240
..................................................................


WIND (MPH)
  HIGHEST WIND SPEED    16   HIGHEST WIND DIRECTION    NE (50)
  HIGHEST GUST SPEED    23   HIGHEST GUST DIRECTION    NE (50)
  AVERAGE WIND SPEED     6.6


SKY COVER
  AVERAGE SKY COVER 0.0


WEATHER CONDITIONS
 THE FOLLOWING WEATHER WAS RECORDED YESTERDAY.
  NO SIGNIFICANT WEATHER WAS OBSERVED.


RELATIVE HUMIDITY (PERCENT)
 HIGHEST   100           600 AM
 LOWEST     55          1200 PM
 AVERAGE    78

..........................................................


THE JOPLIN MO CLIMATE NORMALS FOR TODAY
                         NORMAL    RECORD    YEAR
 MAXIMUM TEMPERATURE (F)   92       104      1956
 MINIMUM TEMPERATURE (F)   69        49      1994


SUNRISE AND SUNSET
AUGUST 15 2016........SUNRISE   635 AM CDT   SUNSET   809 PM CDT
AUGUST 16 2016........SUNRISE   636 AM CDT   SUNSET   808 PM CDT


-  INDICATES NEGATIVE NUMBERS.
R  INDICATES RECORD WAS SET OR TIED.
MM INDICATES DATA IS MISSING.
T  INDICATES TRACE AMOUNT.




$$
