000
CDUS43 KSGF 072127
CLIJLN


CLIMATE REPORT
NATIONAL WEATHER SERVICE SPRINGFIELD MO
426 PM CDT THU SEP 7 2017


...................................

...THE JOPLIN MO CLIMATE SUMMARY FOR SEPTEMBER 7 2017...
VALID AS OF 0400 PM LOCAL TIME.

CLIMATE NORMAL PERIOD 1981 TO 2010
CLIMATE RECORD PERIOD 1902 TO 2017


WEATHER ITEM   OBSERVED TIME   RECORD YEAR NORMAL DEPARTURE LAST
                VALUE   (LST)  VALUE       VALUE  FROM      YEAR
                                                  NORMAL
..................................................................
TEMPERATURE (F)
 TODAY
  MAXIMUM         82    259 PM 101    1998  86     -4       91
  MINIMUM         50    620 AM  44    2011  63    -13       76
  AVERAGE         66                        74     -8       84

PRECIPITATION (IN)
  TODAY            0.00          1.11 2012   0.16  -0.16     0.00
  MONTH TO DATE    0.00                      1.11  -1.11     0.00
  SINCE SEP 1      0.00                      1.11  -1.11     0.00
  SINCE JAN 1     38.68                     32.08   6.60    29.78

DEGREE DAYS
 HEATING
  TODAY            0                         0      0        0
  MONTH TO DATE    3                         0      3        0
  SINCE SEP 1      3                         0      3        0
  SINCE JUL 1      3                         1      2        0

 COOLING
  TODAY            1                        10     -9       19
  MONTH TO DATE   50                        75    -25       77
  SINCE SEP 1     50                        75    -25       77
  SINCE JAN 1   1482                      1502    -20     1564
..................................................................


WIND (MPH)
  HIGHEST WIND SPEED    15   HIGHEST WIND DIRECTION     W (250)
  HIGHEST GUST SPEED    20   HIGHEST GUST DIRECTION     W (250)


SKY COVER
  AVERAGE SKY COVER 0.0


WEATHER CONDITIONS
 THE FOLLOWING WEATHER WAS RECORDED TODAY.
  NO SIGNIFICANT WEATHER WAS OBSERVED.


RELATIVE HUMIDITY (PERCENT)
 HIGHEST    89           400 AM
 LOWEST     34           300 PM
 AVERAGE    62

..........................................................


THE JOPLIN MO CLIMATE NORMALS FOR TOMORROW
                         NORMAL    RECORD    YEAR
 MAXIMUM TEMPERATURE (F)   86        98      1955
 MINIMUM TEMPERATURE (F)   63        45      1956


SUNRISE AND SUNSET
SEPTEMBER  7 2017.....SUNRISE   654 AM CDT   SUNSET   737 PM CDT
SEPTEMBER  8 2017.....SUNRISE   655 AM CDT   SUNSET   736 PM CDT


-  INDICATES NEGATIVE NUMBERS.
R  INDICATES RECORD WAS SET OR TIED.
MM INDICATES DATA IS MISSING.
T  INDICATES TRACE AMOUNT.




$$
