000
CDUS43 KSGF 120633
CLIJLN


CLIMATE REPORT
NATIONAL WEATHER SERVICE SPRINGFIELD MO
133 AM CDT TUE JUL 12 2016


...................................

...THE JOPLIN MO CLIMATE SUMMARY FOR JULY 11 2016...

CLIMATE NORMAL PERIOD 1981 TO 2010
CLIMATE RECORD PERIOD 1902 TO 2016


WEATHER ITEM   OBSERVED TIME   RECORD YEAR NORMAL DEPARTURE LAST
                VALUE   (LST)  VALUE       VALUE  FROM      YEAR
                                                  NORMAL
..................................................................
TEMPERATURE (F)
 YESTERDAY
  MAXIMUM         89    223 PM 109    1954  90     -1       90
  MINIMUM         72    521 AM  58    1975  70      2       73
  AVERAGE         81                        80      1       82

PRECIPITATION (IN)
  YESTERDAY        0.00          2.76 1958   0.13  -0.13     0.00
  MONTH TO DATE    3.29                      1.54   1.75     4.90
  SINCE JUN 1      9.41                      7.40   2.01    12.57
  SINCE JAN 1     23.51                     25.35  -1.84    30.28

DEGREE DAYS
 HEATING
  YESTERDAY        0                         0      0        0
  MONTH TO DATE    0                         0      0        0
  SINCE JUN 1      0                         5     -5        0
  SINCE JUL 1      0                         0      0        0

 COOLING
  YESTERDAY       16                        15      1       17
  MONTH TO DATE  159                       161     -2      130
  SINCE JUN 1    582                       479    103      515
  SINCE JAN 1    696                       659     37      659
..................................................................


WIND (MPH)
  HIGHEST WIND SPEED    23   HIGHEST WIND DIRECTION     S (180)
  HIGHEST GUST SPEED    29   HIGHEST GUST DIRECTION     S (160)
  AVERAGE WIND SPEED    13.8


SKY COVER
  AVERAGE SKY COVER 0.1


WEATHER CONDITIONS
 THE FOLLOWING WEATHER WAS RECORDED YESTERDAY.
  NO SIGNIFICANT WEATHER WAS OBSERVED.


RELATIVE HUMIDITY (PERCENT)
 HIGHEST    87           600 AM
 LOWEST     63          1200 PM
 AVERAGE    75

..........................................................


THE JOPLIN MO CLIMATE NORMALS FOR TODAY
                         NORMAL    RECORD    YEAR
 MAXIMUM TEMPERATURE (F)   90       112      1954
 MINIMUM TEMPERATURE (F)   70        55      1975


SUNRISE AND SUNSET
JULY 12 2016..........SUNRISE   608 AM CDT   SUNSET   839 PM CDT
JULY 13 2016..........SUNRISE   609 AM CDT   SUNSET   839 PM CDT


-  INDICATES NEGATIVE NUMBERS.
R  INDICATES RECORD WAS SET OR TIED.
MM INDICATES DATA IS MISSING.
T  INDICATES TRACE AMOUNT.




$$
