000
CDUS43 KSGF 170634
CLIJLN


CLIMATE REPORT
NATIONAL WEATHER SERVICE SPRINGFIELD MO
134 AM CDT TUE MAY 17 2016


...................................

...THE JOPLIN MO CLIMATE SUMMARY FOR MAY 16 2016...

CLIMATE NORMAL PERIOD 1981 TO 2010
CLIMATE RECORD PERIOD 1902 TO 2016


WEATHER ITEM   OBSERVED TIME   RECORD YEAR NORMAL DEPARTURE LAST
                VALUE   (LST)  VALUE       VALUE  FROM      YEAR
                                                  NORMAL
..................................................................
TEMPERATURE (F)
 YESTERDAY
  MAXIMUM         59    434 PM  89    2001  78    -19       83
                                      1971
  MINIMUM         51   1138 AM  35    2014  56     -5       64
  AVERAGE         55                        67    -12       74

PRECIPITATION (IN)
  YESTERDAY        2.48R         2.27 1957   0.19   2.29     0.13
  MONTH TO DATE    3.02                      3.04  -0.02     4.00
  SINCE MAR 1     10.14                     10.93  -0.79     9.78
  SINCE JAN 1     10.81                     15.28  -4.47    11.30

DEGREE DAYS
 HEATING
  YESTERDAY       10                         2      8        0
  MONTH TO DATE   88                        47     41       32
  SINCE MAR 1    604                       796   -192      719
  SINCE JUL 1   3354                      4050   -696     4255

 COOLING
  YESTERDAY        0                         4     -4        9
  MONTH TO DATE   24                        48    -24       66
  SINCE MAR 1     46                       101    -55      101
  SINCE JAN 1     47                       102    -55      101
..................................................................


WIND (MPH)
  HIGHEST WIND SPEED    18   HIGHEST WIND DIRECTION     E (110)
  HIGHEST GUST SPEED    26   HIGHEST GUST DIRECTION    SE (140)
  AVERAGE WIND SPEED     9.0


SKY COVER
  AVERAGE SKY COVER 1.0


WEATHER CONDITIONS
 THE FOLLOWING WEATHER WAS RECORDED YESTERDAY.
  THUNDERSTORM
  HEAVY RAIN
  RAIN
  LIGHT RAIN
  FOG


RELATIVE HUMIDITY (PERCENT)
 HIGHEST   100           800 PM
 LOWEST     57          1200 AM
 AVERAGE    79

..........................................................


THE JOPLIN MO CLIMATE NORMALS FOR TODAY
                         NORMAL    RECORD    YEAR
 MAXIMUM TEMPERATURE (F)   78        89      1996
                                             2001
 MINIMUM TEMPERATURE (F)   57        40      2011
                                             1973


SUNRISE AND SUNSET
MAY 17 2016...........SUNRISE   608 AM CDT   SUNSET   822 PM CDT
MAY 18 2016...........SUNRISE   607 AM CDT   SUNSET   823 PM CDT


-  INDICATES NEGATIVE NUMBERS.
R  INDICATES RECORD WAS SET OR TIED.
MM INDICATES DATA IS MISSING.
T  INDICATES TRACE AMOUNT.




$$
