424
CDUS43 KSGF 082227
CLIJLN


CLIMATE REPORT
NATIONAL WEATHER SERVICE SPRINGFIELD MO
526 PM CDT FRI MAY 8 2015


...................................

...THE JOPLIN MO CLIMATE SUMMARY FOR MAY 8 2015...
VALID TODAY AS OF 0500 PM LOCAL TIME.

CLIMATE NORMAL PERIOD 1981 TO 2010
CLIMATE RECORD PERIOD 1902 TO 2015


WEATHER ITEM   OBSERVED TIME   RECORD YEAR NORMAL DEPARTURE LAST
                VALUE   (LST)  VALUE       VALUE  FROM      YEAR
                                                  NORMAL
..................................................................
TEMPERATURE (F)
 TODAY
  MAXIMUM         78    339 PM  91    1952  76      2       78
  MINIMUM         64    642 AM  35    1976  54     10       64
  AVERAGE         71                        65      6       71

PRECIPITATION (IN)
  TODAY            0.89          2.66 1961   0.19   0.70     0.31
  MONTH TO DATE    1.20                      1.55  -0.35     0.31
  SINCE MAR 1      6.98                      9.44  -2.46     3.44
  SINCE JAN 1      8.50                     13.79  -5.29     4.29

DEGREE DAYS
 HEATING
  TODAY            0                         3     -3        0
  MONTH TO DATE    6                        28    -22       31
  SINCE MAR 1    693                       777    -84      960
  SINCE JUL 1   4229                      4031    198     4809

 COOLING
  TODAY            6                         3      3        6
  MONTH TO DATE   39                        20     19       59
  SINCE MAR 1     74                        73      1       82
  SINCE JAN 1     74                        74      0       82
..................................................................


WIND (MPH)
  HIGHEST WIND SPEED    24   HIGHEST WIND DIRECTION     S (170)
  HIGHEST GUST SPEED    33   HIGHEST GUST DIRECTION     S (170)


SKY COVER
  AVERAGE SKY COVER 0.8


WEATHER CONDITIONS
 THE FOLLOWING WEATHER WAS RECORDED TODAY.
  THUNDERSTORM
  HEAVY RAIN
  RAIN
  LIGHT RAIN
  FOG


RELATIVE HUMIDITY (PERCENT)
 HIGHEST   100           800 AM
 LOWEST     64           200 PM
 AVERAGE    82

..........................................................


THE JOPLIN MO CLIMATE NORMALS FOR TOMORROW
                         NORMAL    RECORD    YEAR
 MAXIMUM TEMPERATURE (F)   76        89      2011
 MINIMUM TEMPERATURE (F)   54        35      1980


SUNRISE AND SUNSET
MAY  8 2015...........SUNRISE   616 AM CDT   SUNSET   813 PM CDT
MAY  9 2015...........SUNRISE   615 AM CDT   SUNSET   814 PM CDT


-  INDICATES NEGATIVE NUMBERS.
R  INDICATES RECORD WAS SET OR TIED.
MM INDICATES DATA IS MISSING.
T  INDICATES TRACE AMOUNT.




$$
