000
CDUS43 KSGF 210628
CLIJLN


CLIMATE REPORT
NATIONAL WEATHER SERVICE SPRINGFIELD MO
1228 AM CST MON NOV 21 2016


...................................

...THE JOPLIN MO CLIMATE SUMMARY FOR NOVEMBER 20 2016...

CLIMATE NORMAL PERIOD 1981 TO 2010
CLIMATE RECORD PERIOD 1902 TO 2016


WEATHER ITEM   OBSERVED TIME   RECORD YEAR NORMAL DEPARTURE LAST
                VALUE   (LST)  VALUE       VALUE  FROM      YEAR
                                                  NORMAL
..................................................................
TEMPERATURE (F)
 YESTERDAY
  MAXIMUM         57    310 PM  75    2007  57      0       62
  MINIMUM         27    452 AM  21    2006  36     -9       36
  AVERAGE         42                        46     -4       49

PRECIPITATION (IN)
  YESTERDAY        0.00          3.62 1979   0.12  -0.12      T
  MONTH TO DATE    0.75                      2.59  -1.84     4.55
  SINCE SEP 1      8.74                     11.57  -2.83     6.37
  SINCE JAN 1     38.52                     42.54  -4.02    45.07

DEGREE DAYS
 HEATING
  YESTERDAY       23                        19      4       16
  MONTH TO DATE  188                       292   -104      224
  SINCE SEP 1    290                       543   -253      412
  SINCE JUL 1    290                       544   -254      413

 COOLING
  YESTERDAY        0                         0      0        0
  MONTH TO DATE   27                         5     22        2
  SINCE SEP 1    391                       269    122      317
  SINCE JAN 1   1878                      1696    182     1703
..................................................................


WIND (MPH)
  HIGHEST WIND SPEED    15   HIGHEST WIND DIRECTION     S (180)
  HIGHEST GUST SPEED    21   HIGHEST GUST DIRECTION     S (180)
  AVERAGE WIND SPEED     5.4


SKY COVER
  AVERAGE SKY COVER 0.0


WEATHER CONDITIONS
 THE FOLLOWING WEATHER WAS RECORDED YESTERDAY.
  FOG


RELATIVE HUMIDITY (PERCENT)
 HIGHEST    92           100 AM
 LOWEST     24           300 PM
 AVERAGE    58

..........................................................


THE JOPLIN MO CLIMATE NORMALS FOR TODAY
                         NORMAL    RECORD    YEAR
 MAXIMUM TEMPERATURE (F)   56        75      1966
 MINIMUM TEMPERATURE (F)   36        16      1964
                                             2000


SUNRISE AND SUNSET
NOVEMBER 21 2016......SUNRISE   704 AM CST   SUNSET   504 PM CST
NOVEMBER 22 2016......SUNRISE   705 AM CST   SUNSET   504 PM CST


-  INDICATES NEGATIVE NUMBERS.
R  INDICATES RECORD WAS SET OR TIED.
MM INDICATES DATA IS MISSING.
T  INDICATES TRACE AMOUNT.




$$
