000
CDUS43 KSGF 062228
CLIJLN


CLIMATE REPORT
NATIONAL WEATHER SERVICE SPRINGFIELD MO
427 PM CST MON NOV 6 2017


...................................

...THE JOPLIN MO CLIMATE SUMMARY FOR NOVEMBER 6 2017...
VALID AS OF 0400 PM LOCAL TIME.

CLIMATE NORMAL PERIOD 1981 TO 2010
CLIMATE RECORD PERIOD 1902 TO 2017


WEATHER ITEM   OBSERVED TIME   RECORD YEAR NORMAL DEPARTURE LAST
                VALUE   (LST)  VALUE       VALUE  FROM      YEAR
                                                  NORMAL
..................................................................
TEMPERATURE (F)
 TODAY
  MAXIMUM         48    102 AM  81    1980  64    -16       66
  MINIMUM         43    845 AM  18    1959  42      1       44
  AVERAGE         46                        53     -7       55

PRECIPITATION (IN)
  TODAY            0.00          2.86 1996   0.13  -0.13     0.00
  MONTH TO DATE    T                         0.79  -0.79     0.08
  SINCE SEP 1      5.80                      9.77  -3.97     8.07
  SINCE JAN 1     44.48                     40.74   3.74    37.85

DEGREE DAYS
 HEATING
  TODAY           19                        13      6       10
  MONTH TO DATE   50                        71    -21       19
  SINCE SEP 1    281                       322    -41      121
  SINCE JUL 1    281                       323    -42      121

 COOLING
  TODAY            0                         0      0        0
  MONTH TO DATE    1                         5     -4       20
  SINCE SEP 1    318                       269     49      384
  SINCE JAN 1   1750                      1696     54     1871
..................................................................


WIND (MPH)
  HIGHEST WIND SPEED    15   HIGHEST WIND DIRECTION    NE (30)
  HIGHEST GUST SPEED    20   HIGHEST GUST DIRECTION    NE (30)


SKY COVER
  AVERAGE SKY COVER 1.0


WEATHER CONDITIONS
 THE FOLLOWING WEATHER WAS RECORDED TODAY.
  FOG


RELATIVE HUMIDITY (PERCENT)
 HIGHEST   100           300 PM
 LOWEST     80          1200 AM
 AVERAGE    90

..........................................................


THE JOPLIN MO CLIMATE NORMALS FOR TOMORROW
                         NORMAL    RECORD    YEAR
 MAXIMUM TEMPERATURE (F)   63        83      2005
 MINIMUM TEMPERATURE (F)   42        14      1991


SUNRISE AND SUNSET
NOVEMBER  6 2017......SUNRISE   648 AM CST   SUNSET   515 PM CST
NOVEMBER  7 2017......SUNRISE   649 AM CST   SUNSET   514 PM CST


-  INDICATES NEGATIVE NUMBERS.
R  INDICATES RECORD WAS SET OR TIED.
MM INDICATES DATA IS MISSING.
T  INDICATES TRACE AMOUNT.




$$
