699
CDUS43 KSGF 160630
CLIJLN


CLIMATE REPORT
NATIONAL WEATHER SERVICE SPRINGFIELD MO
130 AM CDT SAT SEP 16 2017


...................................

...THE JOPLIN MO CLIMATE SUMMARY FOR SEPTEMBER 15 2017...

CLIMATE NORMAL PERIOD 1981 TO 2010
CLIMATE RECORD PERIOD 1902 TO 2017


WEATHER ITEM   OBSERVED TIME   RECORD YEAR NORMAL DEPARTURE LAST
                VALUE   (LST)  VALUE       VALUE  FROM      YEAR
                                                  NORMAL
..................................................................
TEMPERATURE (F)
 YESTERDAY
  MAXIMUM         90    149 PM  98    1956  83      7       87
  MINIMUM         66    600 AM  41    1961  60      6       66
                                      1993
  AVERAGE         78                        71      7       77

PRECIPITATION (IN)
  YESTERDAY        0.00          2.30 2012   0.17  -0.17     0.00
  MONTH TO DATE    0.00                      2.46  -2.46     2.62
  SINCE SEP 1      0.00                      2.46  -2.46     2.62
  SINCE JAN 1     38.68                     33.43   5.25    32.40

DEGREE DAYS
 HEATING
  YESTERDAY        0                         1     -1        0
  MONTH TO DATE    4                         4      0        0
  SINCE SEP 1      4                         4      0        0
  SINCE JUL 1      4                         5     -1        0

 COOLING
  YESTERDAY       13                         7      6       12
  MONTH TO DATE   80                       140    -60      152
  SINCE SEP 1     80                       140    -60      152
  SINCE JAN 1   1512                      1567    -55     1639
..................................................................


WIND (MPH)
  HIGHEST WIND SPEED    18   HIGHEST WIND DIRECTION     S (200)
  HIGHEST GUST SPEED    26   HIGHEST GUST DIRECTION     S (160)
  AVERAGE WIND SPEED    10.7


SKY COVER
  AVERAGE SKY COVER 0.0


WEATHER CONDITIONS
 THE FOLLOWING WEATHER WAS RECORDED YESTERDAY.
  NO SIGNIFICANT WEATHER WAS OBSERVED.


RELATIVE HUMIDITY (PERCENT)
 HIGHEST    87           600 AM
 LOWEST     46           400 PM
 AVERAGE    67

..........................................................


THE JOPLIN MO CLIMATE NORMALS FOR TODAY
                         NORMAL    RECORD    YEAR
 MAXIMUM TEMPERATURE (F)   82        98      1954
                                             1980
 MINIMUM TEMPERATURE (F)   59        42      1979


SUNRISE AND SUNSET
SEPTEMBER 16 2017.....SUNRISE   701 AM CDT   SUNSET   724 PM CDT
SEPTEMBER 17 2017.....SUNRISE   702 AM CDT   SUNSET   722 PM CDT


-  INDICATES NEGATIVE NUMBERS.
R  INDICATES RECORD WAS SET OR TIED.
MM INDICATES DATA IS MISSING.
T  INDICATES TRACE AMOUNT.




$$
