000
CDUS43 KSGF 172326
CLIJLN


CLIMATE REPORT
NATIONAL WEATHER SERVICE SPRINGFIELD MO
526 PM CST SAT FEB 17 2018


...................................

...THE JOPLIN MO CLIMATE SUMMARY FOR FEBRUARY 17 2018...
VALID TODAY AS OF 0500 PM LOCAL TIME.

CLIMATE NORMAL PERIOD 1981 TO 2010
CLIMATE RECORD PERIOD 1902 TO 2018


WEATHER ITEM   OBSERVED TIME   RECORD YEAR NORMAL DEPARTURE LAST
                VALUE   (LST)  VALUE       VALUE  FROM      YEAR
                                                  NORMAL
..................................................................
TEMPERATURE (F)
 TODAY
  MAXIMUM         53    459 PM  74    2011  51      2       71
  MINIMUM         36   1205 AM   4    1993  30      6       46
  AVERAGE         45                        40      5       59

PRECIPITATION (IN)
  TODAY            0.33          0.63 1961   0.09   0.24     0.00
  MONTH TO DATE    0.34                      1.31  -0.97     0.13
  SINCE DEC 1      2.18                      6.16  -3.98     4.37
  SINCE JAN 1      0.81                      3.34  -2.53     3.78

DEGREE DAYS
 HEATING
  TODAY           20                        25     -5        6
  MONTH TO DATE  505                       455     50      328
  SINCE DEC 1   2329                      2247     82     1985
  SINCE JUL 1   2974                      3004    -30     2440

 COOLING
  TODAY            0                         0      0        0
  MONTH TO DATE    0                         0      0        3
  SINCE DEC 1      0                         0      0        3
  SINCE JAN 1      0                         0      0        3
..................................................................


WIND (MPH)
  HIGHEST WIND SPEED    17   HIGHEST WIND DIRECTION     W (270)
  HIGHEST GUST SPEED    24   HIGHEST GUST DIRECTION     W (270)


SKY COVER
  AVERAGE SKY COVER 0.7


WEATHER CONDITIONS
 THE FOLLOWING WEATHER WAS RECORDED TODAY.
  RAIN
  LIGHT RAIN
  FOG


RELATIVE HUMIDITY (PERCENT)
 HIGHEST   100           500 AM
 LOWEST     54           500 PM
 AVERAGE    77

..........................................................


THE JOPLIN MO CLIMATE NORMALS FOR TOMORROW
                         NORMAL    RECORD    YEAR
 MAXIMUM TEMPERATURE (F)   52        78      1986
 MINIMUM TEMPERATURE (F)   30        -3      1993


SUNRISE AND SUNSET
FEBRUARY 17 2018......SUNRISE   704 AM CST   SUNSET   600 PM CST
FEBRUARY 18 2018......SUNRISE   703 AM CST   SUNSET   601 PM CST


-  INDICATES NEGATIVE NUMBERS.
R  INDICATES RECORD WAS SET OR TIED.
MM INDICATES DATA IS MISSING.
T  INDICATES TRACE AMOUNT.




$$
