000
CDUS43 KSGF 260627
CLIJLN


CLIMATE REPORT
NATIONAL WEATHER SERVICE SPRINGFIELD MO
126 AM CDT FRI JUN 26 2015


...................................

...THE JOPLIN MO CLIMATE SUMMARY FOR JUNE 25 2015...

CLIMATE NORMAL PERIOD 1981 TO 2010
CLIMATE RECORD PERIOD 1902 TO 2015


WEATHER ITEM   OBSERVED TIME   RECORD YEAR NORMAL DEPARTURE LAST
                VALUE   (LST)  VALUE       VALUE  FROM      YEAR
                                                  NORMAL
..................................................................
TEMPERATURE (F)
 YESTERDAY
  MAXIMUM         92    436 PM 101    2012  88      4       84
  MINIMUM         77    546 AM  50    1974  68      9       67
  AVERAGE         85                        78      7       76

PRECIPITATION (IN)
  YESTERDAY        0.00          1.87 2003   0.17  -0.17     0.00
  MONTH TO DATE    6.26                      5.01   1.25     3.42
  SINCE JUN 1      6.26                      5.01   1.25     3.42
  SINCE JAN 1     23.97                     22.96   1.01    12.17

DEGREE DAYS
 HEATING
  YESTERDAY        0                         0      0        0
  MONTH TO DATE    0                         2     -2        2
  SINCE JUN 1      0                         2     -2        2
  SINCE JUL 1   4290                      4071    219     4883

 COOLING
  YESTERDAY       20                        13      7       11
  MONTH TO DATE  332                       251     81      235
  SINCE JUN 1    332                       251     81      235
  SINCE JAN 1    476                       431     45      448
..................................................................


WIND (MPH)
  HIGHEST WIND SPEED    18   HIGHEST WIND DIRECTION    SW (230)
  HIGHEST GUST SPEED    26   HIGHEST GUST DIRECTION     S (200)
  AVERAGE WIND SPEED    12.2


SKY COVER
  AVERAGE SKY COVER 0.0


WEATHER CONDITIONS
 THE FOLLOWING WEATHER WAS RECORDED YESTERDAY.
  NO SIGNIFICANT WEATHER WAS OBSERVED.


RELATIVE HUMIDITY (PERCENT)
 HIGHEST    82           500 AM
 LOWEST     59           500 PM
 AVERAGE    71

..........................................................


THE JOPLIN MO CLIMATE NORMALS FOR TODAY
                         NORMAL    RECORD    YEAR
 MAXIMUM TEMPERATURE (F)   88       100      1952
 MINIMUM TEMPERATURE (F)   68        50      1958


SUNRISE AND SUNSET
JUNE 26 2015..........SUNRISE   600 AM CDT   SUNSET   842 PM CDT
JUNE 27 2015..........SUNRISE   600 AM CDT   SUNSET   842 PM CDT


-  INDICATES NEGATIVE NUMBERS.
R  INDICATES RECORD WAS SET OR TIED.
MM INDICATES DATA IS MISSING.
T  INDICATES TRACE AMOUNT.




$$
