000
CDUS43 KSGF 150628
CLIJLN


CLIMATE REPORT
NATIONAL WEATHER SERVICE SPRINGFIELD MO
127 AM CDT FRI MAY 15 2015


...................................

...THE JOPLIN MO CLIMATE SUMMARY FOR MAY 14 2015...

CLIMATE NORMAL PERIOD 1981 TO 2010
CLIMATE RECORD PERIOD 1902 TO 2015


WEATHER ITEM   OBSERVED TIME   RECORD YEAR NORMAL DEPARTURE LAST
                VALUE   (LST)  VALUE       VALUE  FROM      YEAR
                                                  NORMAL
..................................................................
TEMPERATURE (F)
 YESTERDAY
  MAXIMUM         78    411 PM  92    1947  77      1       55
  MINIMUM         57    206 AM  41    2000  56      1       44
                                      1959
  AVERAGE         68                        66      2       50

PRECIPITATION (IN)
  YESTERDAY        1.43          2.17 2010   0.18   1.25     0.06
  MONTH TO DATE    3.87                      2.67   1.20     1.62
  SINCE MAR 1      9.65                     10.56  -0.91     4.75
  SINCE JAN 1     11.17                     14.91  -3.74     5.60

DEGREE DAYS
 HEATING
  YESTERDAY        0                         2     -2       15
  MONTH TO DATE   32                        43    -11       58
  SINCE MAR 1    719                       792    -73      987
  SINCE JUL 1   4255                      4046    209     4836

 COOLING
  YESTERDAY        3                         4     -1        0
  MONTH TO DATE   49                        40      9       79
  SINCE MAR 1     84                        93     -9      102
  SINCE JAN 1     84                        94    -10      102
..................................................................


WIND (MPH)
  HIGHEST WIND SPEED    22   HIGHEST WIND DIRECTION    SW (230)
  HIGHEST GUST SPEED    28   HIGHEST GUST DIRECTION    SE (140)
  AVERAGE WIND SPEED    10.8


SKY COVER
  AVERAGE SKY COVER 0.6


WEATHER CONDITIONS
 THE FOLLOWING WEATHER WAS RECORDED YESTERDAY.
  HEAVY RAIN
  RAIN
  LIGHT RAIN
  FOG


RELATIVE HUMIDITY (PERCENT)
 HIGHEST    97           900 AM
 LOWEST     69           400 PM
 AVERAGE    83

..........................................................


THE JOPLIN MO CLIMATE NORMALS FOR TODAY
                         NORMAL    RECORD    YEAR
 MAXIMUM TEMPERATURE (F)   77        87      2001
 MINIMUM TEMPERATURE (F)   56        39      1959
                                             1967
                                             1973


SUNRISE AND SUNSET
MAY 15 2015...........SUNRISE   610 AM CDT   SUNSET   819 PM CDT
MAY 16 2015...........SUNRISE   609 AM CDT   SUNSET   820 PM CDT


-  INDICATES NEGATIVE NUMBERS.
R  INDICATES RECORD WAS SET OR TIED.
MM INDICATES DATA IS MISSING.
T  INDICATES TRACE AMOUNT.




$$
