000
CDUS43 KSGF 042128
CLIJLN


CLIMATE REPORT
NATIONAL WEATHER SERVICE SPRINGFIELD MO
427 PM CDT WED OCT 4 2017


...................................

...THE JOPLIN MO CLIMATE SUMMARY FOR OCTOBER 4 2017...
VALID AS OF 0400 PM LOCAL TIME.

CLIMATE NORMAL PERIOD 1981 TO 2010
CLIMATE RECORD PERIOD 1902 TO 2017


WEATHER ITEM   OBSERVED TIME   RECORD YEAR NORMAL DEPARTURE LAST
                VALUE   (LST)  VALUE       VALUE  FROM      YEAR
                                                  NORMAL
..................................................................
TEMPERATURE (F)
 TODAY
  MAXIMUM         74   1218 PM  91    1963  75     -1       83
  MINIMUM         69    420 AM  34    1968  52     17       61
  AVERAGE         72                        63      9       72

PRECIPITATION (IN)
  TODAY            0.09          1.18 1955   0.14  -0.05      T
  MONTH TO DATE    0.41                      0.54  -0.13      T
  SINCE SEP 1      1.90                      5.49  -3.59     2.74
  SINCE JAN 1     40.58                     36.46   4.12    32.52

DEGREE DAYS
 HEATING
  TODAY            0                         4     -4        0
  MONTH TO DATE    0                        16    -16        3
  SINCE SEP 1      7                        57    -50       20
  SINCE JUL 1      7                        58    -51       20

 COOLING
  TODAY            7                         3      4        7
  MONTH TO DATE   37                        12     25       13
  SINCE SEP 1    259                       227     32      270
  SINCE JAN 1   1691                      1654     37     1757
..................................................................


WIND (MPH)
  HIGHEST WIND SPEED    15   HIGHEST WIND DIRECTION     S (160)
  HIGHEST GUST SPEED    18   HIGHEST GUST DIRECTION    SW (210)


SKY COVER
  AVERAGE SKY COVER 0.7


WEATHER CONDITIONS
 THE FOLLOWING WEATHER WAS RECORDED TODAY.
  LIGHT RAIN
  FOG


RELATIVE HUMIDITY (PERCENT)
 HIGHEST   100          1200 AM
 LOWEST     93           100 PM
 AVERAGE    97

..........................................................


THE JOPLIN MO CLIMATE NORMALS FOR TOMORROW
                         NORMAL    RECORD    YEAR
 MAXIMUM TEMPERATURE (F)   75        91      1963
 MINIMUM TEMPERATURE (F)   51        35      1988
                                             1999


SUNRISE AND SUNSET
OCTOBER  4 2017.......SUNRISE   716 AM CDT   SUNSET   656 PM CDT
OCTOBER  5 2017.......SUNRISE   717 AM CDT   SUNSET   655 PM CDT


-  INDICATES NEGATIVE NUMBERS.
R  INDICATES RECORD WAS SET OR TIED.
MM INDICATES DATA IS MISSING.
T  INDICATES TRACE AMOUNT.




$$
