000
CDUS43 KSGF 122129
CLIJLN


CLIMATE REPORT
NATIONAL WEATHER SERVICE SPRINGFIELD MO
428 PM CDT MON JUN 12 2017


...................................

...THE JOPLIN MO CLIMATE SUMMARY FOR JUNE 12 2017...
VALID AS OF 0400 PM LOCAL TIME.

CLIMATE NORMAL PERIOD 1981 TO 2010
CLIMATE RECORD PERIOD 1902 TO 2017


WEATHER ITEM   OBSERVED TIME   RECORD YEAR NORMAL DEPARTURE LAST
                VALUE   (LST)  VALUE       VALUE  FROM      YEAR
                                                  NORMAL
..................................................................
TEMPERATURE (F)
 TODAY
  MAXIMUM         90    229 PM 102    1953  85      5       88
  MINIMUM         71    429 AM  52    1985  64      7       68
                                      1995
  AVERAGE         81                        75      6       78

PRECIPITATION (IN)
  TODAY            0.00          2.36 2015   0.20  -0.20     0.07
  MONTH TO DATE    1.01                      2.43  -1.42     1.11
  SINCE JUN 1      1.01                      2.43  -1.42     1.11
  SINCE JAN 1     26.94                     20.38   6.56    15.21

DEGREE DAYS
 HEATING
  TODAY            0                         0      0        0
  MONTH TO DATE    0                         2     -2        0
  SINCE JUN 1      0                         2     -2        0
  SINCE JUL 1   3169                      4071   -902     3389

 COOLING
  TODAY           16                        10      6       13
  MONTH TO DATE  113                       100     13      118
  SINCE JUN 1    113                       100     13      118
  SINCE JAN 1    320                       280     40      232
..................................................................


WIND (MPH)
  HIGHEST WIND SPEED    21   HIGHEST WIND DIRECTION     S (190)
  HIGHEST GUST SPEED    30   HIGHEST GUST DIRECTION     S (200)


SKY COVER
  AVERAGE SKY COVER 0.3


WEATHER CONDITIONS
 THE FOLLOWING WEATHER WAS RECORDED TODAY.
  NO SIGNIFICANT WEATHER WAS OBSERVED.


RELATIVE HUMIDITY (PERCENT)
 HIGHEST    87           600 AM
 LOWEST     56           300 PM
 AVERAGE    72

..........................................................


THE JOPLIN MO CLIMATE NORMALS FOR TOMORROW
                         NORMAL    RECORD    YEAR
 MAXIMUM TEMPERATURE (F)   85       102      1953
 MINIMUM TEMPERATURE (F)   65        48      1985


SUNRISE AND SUNSET
JUNE 12 2017..........SUNRISE   557 AM CDT   SUNSET   839 PM CDT
JUNE 13 2017..........SUNRISE   557 AM CDT   SUNSET   839 PM CDT


-  INDICATES NEGATIVE NUMBERS.
R  INDICATES RECORD WAS SET OR TIED.
MM INDICATES DATA IS MISSING.
T  INDICATES TRACE AMOUNT.




$$
