000
CDUS43 KSGF 140630
CLIJLN


CLIMATE REPORT
NATIONAL WEATHER SERVICE SPRINGFIELD MO
129 AM CDT SUN SEP 14 2014


...................................

...THE JOPLIN MO CLIMATE SUMMARY FOR SEPTEMBER 13 2014...

CLIMATE NORMAL PERIOD 1981 TO 2010
CLIMATE RECORD PERIOD 1902 TO 2014


WEATHER ITEM   OBSERVED TIME   RECORD YEAR NORMAL DEPARTURE LAST
                VALUE   (LST)  VALUE       VALUE  FROM      YEAR
                                                  NORMAL
..................................................................
TEMPERATURE (F)
 YESTERDAY
  MAXIMUM         67    318 PM 100    2011  83    -16       80
  MINIMUM         48    701 AM  47    1960  61    -13       56
                                      1974
  AVERAGE         58                        72    -14       68

PRECIPITATION (IN)
  YESTERDAY        0.00          3.06 1993   0.18  -0.18     0.00
  MONTH TO DATE    3.05                      2.12   0.93      T
  SINCE SEP 1      3.05                      2.12   0.93      T
  SINCE JAN 1     18.49                     33.09 -14.60    35.46

DEGREE DAYS
 HEATING
  YESTERDAY        7                         1      6        0
  MONTH TO DATE   20                         2     18        0
  SINCE SEP 1     20                         2     18        0
  SINCE JUL 1     21                         3     18        0

 COOLING
  YESTERDAY        0                         8     -8        3
  MONTH TO DATE  110                       126    -16      167
  SINCE SEP 1    110                       126    -16      167
  SINCE JAN 1   1443                      1553   -110     1431
..................................................................


WIND (MPH)
  HIGHEST WIND SPEED    16   HIGHEST WIND DIRECTION    NE (40)
  HIGHEST GUST SPEED    21   HIGHEST GUST DIRECTION    NE (60)
  AVERAGE WIND SPEED     7.5


SKY COVER
  AVERAGE SKY COVER 0.4


WEATHER CONDITIONS
 THE FOLLOWING WEATHER WAS RECORDED YESTERDAY.
  NO SIGNIFICANT WEATHER WAS OBSERVED.


RELATIVE HUMIDITY (PERCENT)
 HIGHEST    89          1100 PM
 LOWEST     42           400 PM
 AVERAGE    66

..........................................................


THE JOPLIN MO CLIMATE NORMALS FOR TODAY
                         NORMAL    RECORD    YEAR
 MAXIMUM TEMPERATURE (F)   83       100      1956
 MINIMUM TEMPERATURE (F)   60        41      1974


SUNRISE AND SUNSET
SEPTEMBER 14 2014.....SUNRISE   659 AM CDT   SUNSET   727 PM CDT
SEPTEMBER 15 2014.....SUNRISE   700 AM CDT   SUNSET   726 PM CDT


-  INDICATES NEGATIVE NUMBERS.
R  INDICATES RECORD WAS SET OR TIED.
MM INDICATES DATA IS MISSING.
T  INDICATES TRACE AMOUNT.




$$
