000
CDUS43 KSGF 132128
CLIJLN


CLIMATE REPORT
NATIONAL WEATHER SERVICE SPRINGFIELD MO
427 PM CDT TUE SEP 13 2016


...................................

...THE JOPLIN MO CLIMATE SUMMARY FOR SEPTEMBER 13 2016...
VALID AS OF 0400 PM LOCAL TIME.

CLIMATE NORMAL PERIOD 1981 TO 2010
CLIMATE RECORD PERIOD 1902 TO 2016


WEATHER ITEM   OBSERVED TIME   RECORD YEAR NORMAL DEPARTURE LAST
                VALUE   (LST)  VALUE       VALUE  FROM      YEAR
                                                  NORMAL
..................................................................
TEMPERATURE (F)
 TODAY
  MAXIMUM         87    136 PM 100    2011  83      4       78
  MINIMUM         68    558 AM  39    1902  61      7       54
  AVERAGE         78                        72      6       66

PRECIPITATION (IN)
  TODAY            0.00          3.06 1993   0.18  -0.18     0.00
  MONTH TO DATE    2.62                      2.12   0.50     0.94
  SINCE SEP 1      2.62                      2.12   0.50     0.94
  SINCE JAN 1     32.40                     33.09  -0.69    39.64

DEGREE DAYS
 HEATING
  TODAY            0                         1     -1        0
  MONTH TO DATE    0                         2     -2        5
  SINCE SEP 1      0                         2     -2        5
  SINCE JUL 1      0                         3     -3        6

 COOLING
  TODAY           13                         8      5        1
  MONTH TO DATE  128                       126      2      148
  SINCE SEP 1    128                       126      2      148
  SINCE JAN 1   1615                      1553     62     1534
..................................................................


WIND (MPH)
  HIGHEST WIND SPEED    13   HIGHEST WIND DIRECTION    SW (210)
  HIGHEST GUST SPEED    16   HIGHEST GUST DIRECTION    SW (220)


SKY COVER
  AVERAGE SKY COVER 0.1


WEATHER CONDITIONS
 THE FOLLOWING WEATHER WAS RECORDED TODAY.
  NO SIGNIFICANT WEATHER WAS OBSERVED.


RELATIVE HUMIDITY (PERCENT)
 HIGHEST    90           700 AM
 LOWEST     55           300 PM
 AVERAGE    73

..........................................................


THE JOPLIN MO CLIMATE NORMALS FOR TOMORROW
                         NORMAL    RECORD    YEAR
 MAXIMUM TEMPERATURE (F)   83       100      1956
 MINIMUM TEMPERATURE (F)   60        41      1974


SUNRISE AND SUNSET
SEPTEMBER 13 2016.....SUNRISE   659 AM CDT   SUNSET   728 PM CDT
SEPTEMBER 14 2016.....SUNRISE   700 AM CDT   SUNSET   726 PM CDT


-  INDICATES NEGATIVE NUMBERS.
R  INDICATES RECORD WAS SET OR TIED.
MM INDICATES DATA IS MISSING.
T  INDICATES TRACE AMOUNT.




$$
