000
CDUS43 KSGF 202227
CLIJLN


CLIMATE REPORT
NATIONAL WEATHER SERVICE SPRINGFIELD MO
527 PM CDT THU AUG 20 2015


...................................

...THE JOPLIN MO CLIMATE SUMMARY FOR AUGUST 20 2015...
VALID TODAY AS OF 0500 PM LOCAL TIME.

CLIMATE NORMAL PERIOD 1981 TO 2010
CLIMATE RECORD PERIOD 1902 TO 2015


WEATHER ITEM   OBSERVED TIME   RECORD YEAR NORMAL DEPARTURE LAST
                VALUE   (LST)  VALUE       VALUE  FROM      YEAR
                                                  NORMAL
..................................................................
TEMPERATURE (F)
 TODAY
  MAXIMUM         81    322 PM 101    2003  91    -10       95
  MINIMUM         54    612 AM  50    1950  68    -14       73
  AVERAGE         68                        80    -12       84

PRECIPITATION (IN)
  TODAY            0.00          2.45 2009   0.10  -0.10     0.00
  MONTH TO DATE    4.07                      2.04   2.03     1.49
  SINCE JUN 1     16.83                     11.71   5.12     6.66
  SINCE JAN 1     34.54                     29.66   4.88    15.41

DEGREE DAYS
 HEATING
  TODAY            0                         0      0        0
  MONTH TO DATE    1                         0      1        0
  SINCE JUN 1      1                         5     -4        3
  SINCE JUL 1      1                         0      1        1

 COOLING
  TODAY            3                        15    -12       19
  MONTH TO DATE  266                       311    -45      261
  SINCE JUN 1   1155                      1102     53      894
  SINCE JAN 1   1299                      1282     17     1107
..................................................................


WIND (MPH)
  HIGHEST WIND SPEED    12   HIGHEST WIND DIRECTION     S (160)
  HIGHEST GUST SPEED    18   HIGHEST GUST DIRECTION    SE (150)


SKY COVER
  AVERAGE SKY COVER 0.0


WEATHER CONDITIONS
 THE FOLLOWING WEATHER WAS RECORDED TODAY.
  NO SIGNIFICANT WEATHER WAS OBSERVED.


RELATIVE HUMIDITY (PERCENT)
 HIGHEST    93           100 AM
 LOWEST     39           400 PM
 AVERAGE    66

..........................................................


THE JOPLIN MO CLIMATE NORMALS FOR TOMORROW
                         NORMAL    RECORD    YEAR
 MAXIMUM TEMPERATURE (F)   91       102      2003
 MINIMUM TEMPERATURE (F)   68        46      1950


SUNRISE AND SUNSET
AUGUST 20 2015........SUNRISE   639 AM CDT   SUNSET   804 PM CDT
AUGUST 21 2015........SUNRISE   639 AM CDT   SUNSET   802 PM CDT


-  INDICATES NEGATIVE NUMBERS.
R  INDICATES RECORD WAS SET OR TIED.
MM INDICATES DATA IS MISSING.
T  INDICATES TRACE AMOUNT.




$$
