000
CDUS43 KSGF 160628
CLIJLN


CLIMATE REPORT
NATIONAL WEATHER SERVICE SPRINGFIELD MO
127 AM CDT SAT APR 16 2016


...................................

...THE JOPLIN MO CLIMATE SUMMARY FOR APRIL 15 2016...

CLIMATE NORMAL PERIOD 1981 TO 2010
CLIMATE RECORD PERIOD 1902 TO 2016


WEATHER ITEM   OBSERVED TIME   RECORD YEAR NORMAL DEPARTURE LAST
                VALUE   (LST)  VALUE       VALUE  FROM      YEAR
                                                  NORMAL
..................................................................
TEMPERATURE (F)
 YESTERDAY
  MAXIMUM         72    337 PM  86    2006  70      2       67
                                      2002
  MINIMUM         48    556 AM  25    2014  47      1       50
  AVERAGE         60                        58      2       59

PRECIPITATION (IN)
  YESTERDAY        0.00          1.34 1973   0.15  -0.15     0.11
  MONTH TO DATE    0.95                      1.94  -0.99     2.23
  SINCE MAR 1      3.52                      5.36  -1.84     4.06
  SINCE JAN 1      4.19                      9.71  -5.52     5.58

DEGREE DAYS
 HEATING
  YESTERDAY        5                         8     -3        6
  MONTH TO DATE  121                       149    -28       98
  SINCE MAR 1    483                       657   -174      588
  SINCE JUL 1   3233                      3911   -678     4124

 COOLING
  YESTERDAY        0                         1     -1        0
  MONTH TO DATE    3                        15    -12       32
  SINCE MAR 1      6                        24    -18       32
  SINCE JAN 1      7                        25    -18       32
..................................................................


WIND (MPH)
  HIGHEST WIND SPEED    18   HIGHEST WIND DIRECTION    SE (120)
  HIGHEST GUST SPEED    26   HIGHEST GUST DIRECTION    SE (120)
  AVERAGE WIND SPEED    10.2


SKY COVER
  AVERAGE SKY COVER 0.3


WEATHER CONDITIONS
 THE FOLLOWING WEATHER WAS RECORDED YESTERDAY.
  HAZE


RELATIVE HUMIDITY (PERCENT)
 HIGHEST    86           600 AM
 LOWEST     53          1200 AM
 AVERAGE    70

..........................................................


THE JOPLIN MO CLIMATE NORMALS FOR TODAY
                         NORMAL    RECORD    YEAR
 MAXIMUM TEMPERATURE (F)   70        91      2006
 MINIMUM TEMPERATURE (F)   47        29      1953


SUNRISE AND SUNSET
APRIL 16 2016.........SUNRISE   642 AM CDT   SUNSET   754 PM CDT
APRIL 17 2016.........SUNRISE   640 AM CDT   SUNSET   755 PM CDT


-  INDICATES NEGATIVE NUMBERS.
R  INDICATES RECORD WAS SET OR TIED.
MM INDICATES DATA IS MISSING.
T  INDICATES TRACE AMOUNT.




$$
