000
CDUS43 KSGF 022227
CLIJLN


CLIMATE REPORT
NATIONAL WEATHER SERVICE SPRINGFIELD MO
526 PM CDT WED AUG 2 2017


...................................

...THE JOPLIN MO CLIMATE SUMMARY FOR AUGUST 2 2017...
VALID TODAY AS OF 0500 PM LOCAL TIME.

CLIMATE NORMAL PERIOD 1981 TO 2010
CLIMATE RECORD PERIOD 1902 TO 2017


WEATHER ITEM   OBSERVED TIME   RECORD YEAR NORMAL DEPARTURE LAST
                VALUE   (LST)  VALUE       VALUE  FROM      YEAR
                                                  NORMAL
..................................................................
TEMPERATURE (F)
 TODAY
  MAXIMUM         91    333 PM 110    2011  92     -1       98
  MINIMUM         66    521 AM  55    1973  70     -4       76
  AVERAGE         79                        81     -2       87

PRECIPITATION (IN)
  TODAY            0.00          1.99 1981   0.10  -0.10     0.00
  MONTH TO DATE    0.08                      0.19  -0.11     0.00
  SINCE JUN 1      7.37                      9.86  -2.49    11.42
  SINCE JAN 1     33.30                     27.81   5.49    25.52

DEGREE DAYS
 HEATING
  TODAY            0                         0      0        0
  MONTH TO DATE    0                         0      0        0
  SINCE JUN 1      0                         5     -5        0
  SINCE JUL 1      0                         0      0        0

 COOLING
  TODAY           14                        16     -2       22
  MONTH TO DATE   27                        32     -5       45
  SINCE JUN 1    893                       823     70      963
  SINCE JAN 1   1100                      1003     97     1077
..................................................................


WIND (MPH)
  HIGHEST WIND SPEED     9   HIGHEST WIND DIRECTION     N (350)
  HIGHEST GUST SPEED    17   HIGHEST GUST DIRECTION    SW (220)


SKY COVER
  AVERAGE SKY COVER 0.2


WEATHER CONDITIONS
 THE FOLLOWING WEATHER WAS RECORDED TODAY.
  FOG


RELATIVE HUMIDITY (PERCENT)
 HIGHEST   100          1200 AM
 LOWEST     41           300 PM
 AVERAGE    71

..........................................................


THE JOPLIN MO CLIMATE NORMALS FOR TOMORROW
                         NORMAL    RECORD    YEAR
 MAXIMUM TEMPERATURE (F)   92       105      2012
                                             2011
 MINIMUM TEMPERATURE (F)   70        53      1950


SUNRISE AND SUNSET
AUGUST  2 2017........SUNRISE   624 AM CDT   SUNSET   824 PM CDT
AUGUST  3 2017........SUNRISE   625 AM CDT   SUNSET   823 PM CDT


-  INDICATES NEGATIVE NUMBERS.
R  INDICATES RECORD WAS SET OR TIED.
MM INDICATES DATA IS MISSING.
T  INDICATES TRACE AMOUNT.




$$
