000
CDUS43 KSGF 302343
CLIJLN


CLIMATE REPORT
NATIONAL WEATHER SERVICE SPRINGFIELD MO
543 PM CST THU NOV 30 2017


...................................

...THE JOPLIN MO CLIMATE SUMMARY FOR NOVEMBER 30 2017...
VALID TODAY AS OF 0500 PM LOCAL TIME.

CLIMATE NORMAL PERIOD 1981 TO 2010
CLIMATE RECORD PERIOD 1902 TO 2017


WEATHER ITEM   OBSERVED TIME   RECORD YEAR NORMAL DEPARTURE LAST
                VALUE   (LST)  VALUE       VALUE  FROM      YEAR
                                                  NORMAL
..................................................................
TEMPERATURE (F)
 TODAY
  MAXIMUM         58    254 PM  71    1970  52      6       47
  MINIMUM         42    810 AM   9    1976  32     10       31
  AVERAGE         50                        42      8       39

PRECIPITATION (IN)
  TODAY            0.00          1.33 1985   0.12  -0.12     0.00
  MONTH TO DATE    0.52                      3.78  -3.26     0.87
  SINCE SEP 1      6.32                     12.76  -6.44     8.86
  SINCE JAN 1     45.00                     43.73   1.27    38.64

DEGREE DAYS
 HEATING
  TODAY           15                        23     -8       26
  MONTH TO DATE  411                       505    -94      353
  SINCE SEP 1    642                       756   -114      455
  SINCE JUL 1    642                       757   -115      455

 COOLING
  TODAY            0                         0      0        0
  MONTH TO DATE    1                         7     -6       27
  SINCE SEP 1    318                       271     47      391
  SINCE JAN 1   1750                      1698     52     1878
..................................................................


WIND (MPH)
  HIGHEST WIND SPEED    15   HIGHEST WIND DIRECTION     N (20)
  HIGHEST GUST SPEED    21   HIGHEST GUST DIRECTION    NE (30)


SKY COVER
  AVERAGE SKY COVER 0.3


WEATHER CONDITIONS
 THE FOLLOWING WEATHER WAS RECORDED TODAY.
  FOG


RELATIVE HUMIDITY (PERCENT)
 HIGHEST   100           100 AM
 LOWEST     30           200 PM
 AVERAGE    65

..........................................................


THE JOPLIN MO CLIMATE NORMALS FOR TOMORROW
                         NORMAL    RECORD    YEAR
 MAXIMUM TEMPERATURE (F)   51        75      1982
 MINIMUM TEMPERATURE (F)   31        11      1985
                                             2006


SUNRISE AND SUNSET
NOVEMBER 30 2017......SUNRISE   712 AM CST   SUNSET   501 PM CST
DECEMBER  1 2017......SUNRISE   713 AM CST   SUNSET   501 PM CST


-  INDICATES NEGATIVE NUMBERS.
R  INDICATES RECORD WAS SET OR TIED.
MM INDICATES DATA IS MISSING.
T  INDICATES TRACE AMOUNT.




$$
