000
CDUS43 KSGF 312234
CLIJLN


CLIMATE REPORT
NATIONAL WEATHER SERVICE SPRINGFIELD MO
533 PM CDT MON MAR 31 2014


...................................

...THE JOPLIN MO CLIMATE SUMMARY FOR MARCH 31 2014...
VALID TODAY AS OF 0500 PM LOCAL TIME.

CLIMATE NORMAL PERIOD 1981 TO 2010
CLIMATE RECORD PERIOD 1902 TO 2014


WEATHER ITEM   OBSERVED TIME   RECORD YEAR NORMAL DEPARTURE LAST
                VALUE   (LST)  VALUE       VALUE  FROM      YEAR
                                                  NORMAL
..................................................................
TEMPERATURE (F)
 TODAY
  MAXIMUM         70    342 PM  89    1974  65      5       66
  MINIMUM         58    631 AM  21    1987  42     16       45
  AVERAGE         64                        54     10       56

PRECIPITATION (IN)
  TODAY            T             1.70 2008   0.13  -0.13     0.06
  MONTH TO DATE    1.88                      3.42  -1.54     2.70
  SINCE MAR 1      1.88                      3.42  -1.54     2.70
  SINCE JAN 1      2.73                      7.77  -5.04     7.85

DEGREE DAYS
 HEATING
  TODAY            1                        12    -11        9
  MONTH TO DATE  659                       508    151      657
  SINCE MAR 1    659                       508    151      657
  SINCE JUL 1   4508                      3762    746     3773

 COOLING
  TODAY            0                         1     -1        0
  MONTH TO DATE    0                         9     -9        0
  SINCE MAR 1      0                         9     -9        0
  SINCE JAN 1      0                        10    -10        1
..................................................................


WIND (MPH)
  HIGHEST WIND SPEED    35   HIGHEST WIND DIRECTION    SW (210)
  HIGHEST GUST SPEED    44   HIGHEST GUST DIRECTION     S (190)


SKY COVER
  AVERAGE SKY COVER 0.0


WEATHER CONDITIONS
 THE FOLLOWING WEATHER WAS RECORDED TODAY.
  THUNDERSTORM
  LIGHT RAIN


RELATIVE HUMIDITY (PERCENT)
 HIGHEST    52           100 PM
 LOWEST     39           800 AM
 AVERAGE    46

..........................................................


THE JOPLIN MO CLIMATE NORMALS FOR TOMORROW
                         NORMAL    RECORD    YEAR
 MAXIMUM TEMPERATURE (F)   65        88      2012
 MINIMUM TEMPERATURE (F)   42        26      1972


SUNRISE AND SUNSET
MARCH 31 2014.........SUNRISE   705 AM CDT   SUNSET   740 PM CDT
APRIL  1 2014.........SUNRISE   704 AM CDT   SUNSET   741 PM CDT


-  INDICATES NEGATIVE NUMBERS.
R  INDICATES RECORD WAS SET OR TIED.
MM INDICATES DATA IS MISSING.
T  INDICATES TRACE AMOUNT.




$$
