000
CDUS43 KSGF 070629
CLIJLN


CLIMATE REPORT
NATIONAL WEATHER SERVICE SPRINGFIELD MO
128 AM CDT SAT OCT 7 2017


...................................

...THE JOPLIN MO CLIMATE SUMMARY FOR OCTOBER 6 2017...

CLIMATE NORMAL PERIOD 1981 TO 2010
CLIMATE RECORD PERIOD 1902 TO 2017


WEATHER ITEM   OBSERVED TIME   RECORD YEAR NORMAL DEPARTURE LAST
                VALUE   (LST)  VALUE       VALUE  FROM      YEAR
                                                  NORMAL
..................................................................
TEMPERATURE (F)
 YESTERDAY
  MAXIMUM         85    213 PM  90    1963  74     11       83
  MINIMUM         69    731 AM  33    2012  51     18       62
  AVERAGE         77                        63     14       73

PRECIPITATION (IN)
  YESTERDAY        T             1.63 2016   0.13  -0.13     1.63
  MONTH TO DATE    0.46                      0.80  -0.34     2.59
  SINCE SEP 1      1.95                      5.75  -3.80     5.33
  SINCE JAN 1     40.63                     36.72   3.91    35.11

DEGREE DAYS
 HEATING
  YESTERDAY        0                         5     -5        0
  MONTH TO DATE    0                        26    -26        3
  SINCE SEP 1      7                        67    -60       20
  SINCE JUL 1      7                        68    -61       20

 COOLING
  YESTERDAY       12                         2     10        8
  MONTH TO DATE   57                        17     40       26
  SINCE SEP 1    279                       232     47      283
  SINCE JAN 1   1711                      1659     52     1770
..................................................................


WIND (MPH)
  HIGHEST WIND SPEED    22   HIGHEST WIND DIRECTION     S (180)
  HIGHEST GUST SPEED    30   HIGHEST GUST DIRECTION     S (180)
  AVERAGE WIND SPEED    13.0


SKY COVER
  AVERAGE SKY COVER 0.4


WEATHER CONDITIONS
 THE FOLLOWING WEATHER WAS RECORDED YESTERDAY.
  LIGHT RAIN


RELATIVE HUMIDITY (PERCENT)
 HIGHEST    90          1200 AM
 LOWEST     55           200 PM
 AVERAGE    73

..........................................................


THE JOPLIN MO CLIMATE NORMALS FOR TODAY
                         NORMAL    RECORD    YEAR
 MAXIMUM TEMPERATURE (F)   74        93      1963
 MINIMUM TEMPERATURE (F)   51        26      1952


SUNRISE AND SUNSET
OCTOBER  7 2017.......SUNRISE   719 AM CDT   SUNSET   652 PM CDT
OCTOBER  8 2017.......SUNRISE   720 AM CDT   SUNSET   651 PM CDT


-  INDICATES NEGATIVE NUMBERS.
R  INDICATES RECORD WAS SET OR TIED.
MM INDICATES DATA IS MISSING.
T  INDICATES TRACE AMOUNT.




$$
