348
CDUS43 KSGF 162126
CLIJLN


CLIMATE REPORT
NATIONAL WEATHER SERVICE SPRINGFIELD MO
425 PM CDT THU MAR 16 2017


...................................

...THE JOPLIN MO CLIMATE SUMMARY FOR MARCH 16 2017...
VALID AS OF 0400 PM LOCAL TIME.

CLIMATE NORMAL PERIOD 1981 TO 2010
CLIMATE RECORD PERIOD 1902 TO 2017


WEATHER ITEM   OBSERVED TIME   RECORD YEAR NORMAL DEPARTURE LAST
                VALUE   (LST)  VALUE       VALUE  FROM      YEAR
                                                  NORMAL
..................................................................
TEMPERATURE (F)
 TODAY
  MAXIMUM         68    226 PM  82    2012  60      8       63
  MINIMUM         37    443 AM  19    1988  38     -1       37
  AVERAGE         53                        49      4       50

PRECIPITATION (IN)
  TODAY            0.00          1.52 1970   0.11  -0.11     0.00
  MONTH TO DATE    1.25                      1.67  -0.42     1.30
  SINCE MAR 1      1.25                      1.67  -0.42     1.30
  SINCE JAN 1      5.24                      6.02  -0.78     1.97

DEGREE DAYS
 HEATING
  TODAY           12                        16     -4       15
  MONTH TO DATE  288                       297     -9      153
  SINCE MAR 1    288                       297     -9      153
  SINCE JUL 1   2840                      3551   -711     2903

 COOLING
  TODAY            0                         0      0        0
  MONTH TO DATE    0                         0      0        1
  SINCE MAR 1      0                         0      0        1
  SINCE JAN 1     10                         1      9        2
..................................................................


WIND (MPH)
  HIGHEST WIND SPEED    23   HIGHEST WIND DIRECTION     S (190)
  HIGHEST GUST SPEED    29   HIGHEST GUST DIRECTION     S (200)


SKY COVER
  AVERAGE SKY COVER 0.4


WEATHER CONDITIONS
 THE FOLLOWING WEATHER WAS RECORDED TODAY.
  NO SIGNIFICANT WEATHER WAS OBSERVED.


RELATIVE HUMIDITY (PERCENT)
 HIGHEST    70           500 AM
 LOWEST     50          1200 AM
 AVERAGE    60

..........................................................


THE JOPLIN MO CLIMATE NORMALS FOR TOMORROW
                         NORMAL    RECORD    YEAR
 MAXIMUM TEMPERATURE (F)   60        82      2009
                                             1982
 MINIMUM TEMPERATURE (F)   38        16      1906


SUNRISE AND SUNSET
MARCH 16 2017.........SUNRISE   727 AM CDT   SUNSET   727 PM CDT
MARCH 17 2017.........SUNRISE   726 AM CDT   SUNSET   727 PM CDT


-  INDICATES NEGATIVE NUMBERS.
R  INDICATES RECORD WAS SET OR TIED.
MM INDICATES DATA IS MISSING.
T  INDICATES TRACE AMOUNT.




$$
