000
CDUS43 KSGF 130651
CLIJLN


CLIMATE REPORT
NATIONAL WEATHER SERVICE SPRINGFIELD MO
150 AM CDT FRI MAY 13 2016


...................................

...THE JOPLIN MO CLIMATE SUMMARY FOR MAY 12 2016...

CLIMATE NORMAL PERIOD 1981 TO 2010
CLIMATE RECORD PERIOD 1902 TO 2016


WEATHER ITEM   OBSERVED TIME   RECORD YEAR NORMAL DEPARTURE LAST
                VALUE   (LST)  VALUE       VALUE  FROM      YEAR
                                                  NORMAL
..................................................................
TEMPERATURE (F)
 YESTERDAY
  MAXIMUM         74    341 PM  88    1963  77     -3       70
  MINIMUM         52   1159 PM  33    1960  55     -3       43
  AVERAGE         63                        66     -3       57

PRECIPITATION (IN)
  YESTERDAY        0.30          1.43 2002   0.19   0.11     0.00
  MONTH TO DATE    0.44                      2.30  -1.86     2.42
  SINCE MAR 1      7.56                     10.19  -2.63     8.20
  SINCE JAN 1      8.23                     14.54  -6.31     9.72

DEGREE DAYS
 HEATING
  YESTERDAY        2                         2      0        8
  MONTH TO DATE   53                        39     14       23
  SINCE MAR 1    569                       788   -219      710
  SINCE JUL 1   3319                      4042   -723     4246

 COOLING
  YESTERDAY        0                         3     -3        0
  MONTH TO DATE   24                        32     -8       46
  SINCE MAR 1     46                        85    -39       81
  SINCE JAN 1     47                        86    -39       81
..................................................................


WIND (MPH)
  HIGHEST WIND SPEED    18   HIGHEST WIND DIRECTION    NW (310)
  HIGHEST GUST SPEED    29   HIGHEST GUST DIRECTION     N (10)
  AVERAGE WIND SPEED     7.8


SKY COVER
  AVERAGE SKY COVER 0.3


WEATHER CONDITIONS
 THE FOLLOWING WEATHER WAS RECORDED YESTERDAY.
  THUNDERSTORM
  HEAVY RAIN
  RAIN
  LIGHT RAIN
  FOG


RELATIVE HUMIDITY (PERCENT)
 HIGHEST    97           700 AM
 LOWEST     35           400 PM
 AVERAGE    66

..........................................................


THE JOPLIN MO CLIMATE NORMALS FOR TODAY
                         NORMAL    RECORD    YEAR
 MAXIMUM TEMPERATURE (F)   77        90      1995
 MINIMUM TEMPERATURE (F)   55        42      1952
                                             1964


SUNRISE AND SUNSET
MAY 13 2016...........SUNRISE   611 AM CDT   SUNSET   818 PM CDT
MAY 14 2016...........SUNRISE   610 AM CDT   SUNSET   819 PM CDT


-  INDICATES NEGATIVE NUMBERS.
R  INDICATES RECORD WAS SET OR TIED.
MM INDICATES DATA IS MISSING.
T  INDICATES TRACE AMOUNT.




$$
