000
CDUS43 KSGF 112326
CLIJLN


CLIMATE REPORT
NATIONAL WEATHER SERVICE SPRINGFIELD MO
525 PM CST SAT FEB 11 2017


...................................

...THE JOPLIN MO CLIMATE SUMMARY FOR FEBRUARY 11 2017...
VALID TODAY AS OF 0500 PM LOCAL TIME.

CLIMATE NORMAL PERIOD 1981 TO 2010
CLIMATE RECORD PERIOD 1902 TO 2017


WEATHER ITEM   OBSERVED TIME   RECORD YEAR NORMAL DEPARTURE LAST
                VALUE   (LST)  VALUE       VALUE  FROM      YEAR
                                                  NORMAL
..................................................................
TEMPERATURE (F)
 TODAY
  MAXIMUM         82R   308 PM  72    1951  49     33       48
  MINIMUM         58   1246 AM  -8    1981  28     30       25
  AVERAGE         70                        39     31       37

PRECIPITATION (IN)
  TODAY            0.00          1.33 2009   0.09  -0.09     0.00
  MONTH TO DATE    T                         0.81  -0.81     0.11
  SINCE DEC 1      4.24                      5.66  -1.42    10.18
  SINCE JAN 1      3.65                      2.84   0.81     0.41

DEGREE DAYS
 HEATING
  TODAY            0                        26    -26       28
  MONTH TO DATE  227                       303    -76      294
  SINCE DEC 1   1884                      2095   -211     1811
  SINCE JUL 1   2339                      2852   -513     2429

 COOLING
  TODAY            5                         0      5        0
  MONTH TO DATE    5                         0      5        0
  SINCE DEC 1      5                         0      5        3
  SINCE JAN 1      5                         0      5        0
..................................................................


WIND (MPH)
  HIGHEST WIND SPEED    28   HIGHEST WIND DIRECTION    SW (210)
  HIGHEST GUST SPEED    38   HIGHEST GUST DIRECTION    SW (210)


SKY COVER
  AVERAGE SKY COVER 0.0


WEATHER CONDITIONS
 THE FOLLOWING WEATHER WAS RECORDED TODAY.
  NO SIGNIFICANT WEATHER WAS OBSERVED.


RELATIVE HUMIDITY (PERCENT)
 HIGHEST    84           300 AM
 LOWEST     39           400 PM
 AVERAGE    62

..........................................................


THE JOPLIN MO CLIMATE NORMALS FOR TOMORROW
                         NORMAL    RECORD    YEAR
 MAXIMUM TEMPERATURE (F)   50        82      1962
 MINIMUM TEMPERATURE (F)   28         3      1988


SUNRISE AND SUNSET
FEBRUARY 11 2017......SUNRISE   711 AM CST   SUNSET   554 PM CST
FEBRUARY 12 2017......SUNRISE   710 AM CST   SUNSET   555 PM CST


-  INDICATES NEGATIVE NUMBERS.
R  INDICATES RECORD WAS SET OR TIED.
MM INDICATES DATA IS MISSING.
T  INDICATES TRACE AMOUNT.




$$
