000
CDUS43 KSGF 162129
CLIJLN


CLIMATE REPORT
NATIONAL WEATHER SERVICE SPRINGFIELD MO
427 PM CDT FRI JUN 16 2017


...................................

...THE JOPLIN MO CLIMATE SUMMARY FOR JUNE 16 2017...
VALID AS OF 0400 PM LOCAL TIME.

CLIMATE NORMAL PERIOD 1981 TO 2010
CLIMATE RECORD PERIOD 1902 TO 2017


WEATHER ITEM   OBSERVED TIME   RECORD YEAR NORMAL DEPARTURE LAST
                VALUE   (LST)  VALUE       VALUE  FROM      YEAR
                                                  NORMAL
..................................................................
TEMPERATURE (F)
 TODAY
  MAXIMUM         92    250 PM  95    2016  86      6       95
                                      1952
  MINIMUM         66    543 AM  46    1989  65      1       69
  AVERAGE         79                        76      3       82

PRECIPITATION (IN)
  TODAY            0.09          1.53 1988   0.21  -0.12     0.05
  MONTH TO DATE    1.21                      3.24  -2.03     1.19
  SINCE JUN 1      1.21                      3.24  -2.03     1.19
  SINCE JAN 1     27.14                     21.19   5.95    15.29

DEGREE DAYS
 HEATING
  TODAY            0                         0      0        0
  MONTH TO DATE    0                         2     -2        0
  SINCE JUN 1      0                         2     -2        0
  SINCE JUL 1   3169                      4071   -902     3389

 COOLING
  TODAY           14                        11      3       17
  MONTH TO DATE  178                       142     36      187
  SINCE JUN 1    178                       142     36      187
  SINCE JAN 1    385                       322     63      301
..................................................................


WIND (MPH)
  HIGHEST WIND SPEED    23   HIGHEST WIND DIRECTION    NW (320)
  HIGHEST GUST SPEED    27   HIGHEST GUST DIRECTION    NW (320)


SKY COVER
  AVERAGE SKY COVER 0.1


WEATHER CONDITIONS
 THE FOLLOWING WEATHER WAS RECORDED TODAY.
  THUNDERSTORM
  RAIN
  LIGHT RAIN
  FOG


RELATIVE HUMIDITY (PERCENT)
 HIGHEST   100           400 AM
 LOWEST     60           200 PM
 AVERAGE    80

..........................................................


THE JOPLIN MO CLIMATE NORMALS FOR TOMORROW
                         NORMAL    RECORD    YEAR
 MAXIMUM TEMPERATURE (F)   86       100      1953
 MINIMUM TEMPERATURE (F)   66        51      1960


SUNRISE AND SUNSET
JUNE 16 2017..........SUNRISE   557 AM CDT   SUNSET   840 PM CDT
JUNE 17 2017..........SUNRISE   558 AM CDT   SUNSET   841 PM CDT


-  INDICATES NEGATIVE NUMBERS.
R  INDICATES RECORD WAS SET OR TIED.
MM INDICATES DATA IS MISSING.
T  INDICATES TRACE AMOUNT.




$$
