000
CDUS43 KSGF 120627
CLIJLN


CLIMATE REPORT
NATIONAL WEATHER SERVICE SPRINGFIELD MO
127 AM CDT TUE AUG 12 2014


...................................

...THE JOPLIN MO CLIMATE SUMMARY FOR AUGUST 11 2014...

CLIMATE NORMAL PERIOD 1981 TO 2010
CLIMATE RECORD PERIOD 1902 TO 2014


WEATHER ITEM   OBSERVED TIME   RECORD YEAR NORMAL DEPARTURE LAST
                VALUE   (LST)  VALUE       VALUE  FROM      YEAR
                                                  NORMAL
..................................................................
TEMPERATURE (F)
 YESTERDAY
  MAXIMUM         87    223 PM 104    1999  92     -5       88
  MINIMUM         63   1156 PM  54    1967  69     -6       68
  AVERAGE         75                        80     -5       78

PRECIPITATION (IN)
  YESTERDAY        T             1.30 1982   0.10  -0.10      T
  MONTH TO DATE    1.48                      1.11   0.37     4.36
  SINCE JUN 1      6.65                     10.78  -4.13    12.83
  SINCE JAN 1     15.40                     28.73 -13.33    35.22

DEGREE DAYS
 HEATING
  YESTERDAY        0                         0      0        0
  MONTH TO DATE    0                         0      0        0
  SINCE JUN 1      3                         5     -2       12
  SINCE JUL 1      1                         0      1        0

 COOLING
  YESTERDAY       10                        16     -6       13
  MONTH TO DATE  144                       176    -32      141
  SINCE JUN 1    777                       967   -190      872
  SINCE JAN 1    990                      1147   -157     1016
..................................................................


WIND (MPH)
  HIGHEST WIND SPEED    18   HIGHEST WIND DIRECTION     N (340)
  HIGHEST GUST SPEED    23   HIGHEST GUST DIRECTION     N (340)
  AVERAGE WIND SPEED     6.0


SKY COVER
  AVERAGE SKY COVER 0.4


WEATHER CONDITIONS
 THE FOLLOWING WEATHER WAS RECORDED YESTERDAY.
  LIGHT RAIN
  FOG
  FOG W/VISIBILITY <= 1/4 MILE


RELATIVE HUMIDITY (PERCENT)
 HIGHEST   100          1200 AM
 LOWEST     51           400 PM
 AVERAGE    76

..........................................................


THE JOPLIN MO CLIMATE NORMALS FOR TODAY
                         NORMAL    RECORD    YEAR
 MAXIMUM TEMPERATURE (F)   92       104      1999
 MINIMUM TEMPERATURE (F)   69        48      2004


SUNRISE AND SUNSET
AUGUST 12 2014........SUNRISE   632 AM CDT   SUNSET   813 PM CDT
AUGUST 13 2014........SUNRISE   633 AM CDT   SUNSET   812 PM CDT


-  INDICATES NEGATIVE NUMBERS.
R  INDICATES RECORD WAS SET OR TIED.
MM INDICATES DATA IS MISSING.
T  INDICATES TRACE AMOUNT.




$$
