000
CDUS43 KSGF 200629
CLIJLN


CLIMATE REPORT
NATIONAL WEATHER SERVICE SPRINGFIELD MO
1228 AM CST FRI FEB 20 2015


...................................

...THE JOPLIN MO CLIMATE SUMMARY FOR FEBRUARY 19 2015...

CLIMATE NORMAL PERIOD 1981 TO 2010
CLIMATE RECORD PERIOD 1902 TO 2015


WEATHER ITEM   OBSERVED TIME   RECORD YEAR NORMAL DEPARTURE LAST
                VALUE   (LST)  VALUE       VALUE  FROM      YEAR
                                                  NORMAL
..................................................................
TEMPERATURE (F)
 YESTERDAY
  MAXIMUM         27    339 PM  75    2011  52    -25       64
  MINIMUM          8    204 AM  -1    1978  30    -22       36
  AVERAGE         18                        41    -23       50

PRECIPITATION (IN)
  YESTERDAY        0.00          1.48 1955   0.09  -0.09     0.00
  MONTH TO DATE    0.40                      1.49  -1.09     0.20
  SINCE DEC 1      2.94                      6.34  -3.40     2.17
  SINCE JAN 1      1.10                      3.52  -2.42     0.79

DEGREE DAYS
 HEATING
  YESTERDAY       47                        24     23       15
  MONTH TO DATE  597                       503     94      680
  SINCE DEC 1   2283                      2295    -12     2724
  SINCE JUL 1   3196                      3052    144     3612

 COOLING
  YESTERDAY        0                         0      0        0
  MONTH TO DATE    0                         0      0        0
  SINCE DEC 1      0                         0      0        0
  SINCE JAN 1      0                         0      0        0
..................................................................


WIND (MPH)
  HIGHEST WIND SPEED    15   HIGHEST WIND DIRECTION     E (110)
  HIGHEST GUST SPEED    21   HIGHEST GUST DIRECTION    SE (120)
  AVERAGE WIND SPEED     6.2


SKY COVER
  AVERAGE SKY COVER 0.6


WEATHER CONDITIONS
 THE FOLLOWING WEATHER WAS RECORDED YESTERDAY.
  NO SIGNIFICANT WEATHER WAS OBSERVED.


RELATIVE HUMIDITY (PERCENT)
 HIGHEST    73           200 AM
 LOWEST     38           400 PM
 AVERAGE    56

..........................................................


THE JOPLIN MO CLIMATE NORMALS FOR TODAY
                         NORMAL    RECORD    YEAR
 MAXIMUM TEMPERATURE (F)   52        78      1981
 MINIMUM TEMPERATURE (F)   31        16      1963
                                             1978


SUNRISE AND SUNSET
FEBRUARY 20 2015......SUNRISE   701 AM CST   SUNSET   603 PM CST
FEBRUARY 21 2015......SUNRISE   700 AM CST   SUNSET   604 PM CST


-  INDICATES NEGATIVE NUMBERS.
R  INDICATES RECORD WAS SET OR TIED.
MM INDICATES DATA IS MISSING.
T  INDICATES TRACE AMOUNT.




$$
