000
CDUS43 KSGF 120626
CLIJLN


CLIMATE REPORT
NATIONAL WEATHER SERVICE SPRINGFIELD MO
126 AM CDT SUN OCT 12 2014


...................................

...THE JOPLIN MO CLIMATE SUMMARY FOR OCTOBER 11 2014...

CLIMATE NORMAL PERIOD 1981 TO 2010
CLIMATE RECORD PERIOD 1902 TO 2014


WEATHER ITEM   OBSERVED TIME   RECORD YEAR NORMAL DEPARTURE LAST
                VALUE   (LST)  VALUE       VALUE  FROM      YEAR
                                                  NORMAL
..................................................................
TEMPERATURE (F)
 YESTERDAY
  MAXIMUM         56    305 PM  90    1979  73    -17       77
  MINIMUM         48    808 AM  33    1987  50     -2       54
  AVERAGE         52                        61     -9       66

PRECIPITATION (IN)
  YESTERDAY        0.11          3.40 1954   0.12  -0.01     0.00
  MONTH TO DATE    6.38                      1.45   4.93     0.00
  SINCE SEP 1     10.91                      6.40   4.51      T
  SINCE JAN 1     26.35                     37.37 -11.02    35.46

DEGREE DAYS
 HEATING
  YESTERDAY       13                         6      7        0
  MONTH TO DATE   51                        52     -1       32
  SINCE SEP 1     78                        93    -15       43
  SINCE JUL 1     79                        94    -15       43

 COOLING
  YESTERDAY        0                         2     -2        1
  MONTH TO DATE   33                        27      6       51
  SINCE SEP 1    229                       242    -13      302
  SINCE JAN 1   1562                      1669   -107     1566
..................................................................


WIND (MPH)
  HIGHEST WIND SPEED    14   HIGHEST WIND DIRECTION    NE (50)
  HIGHEST GUST SPEED    21   HIGHEST GUST DIRECTION    NE (50)
  AVERAGE WIND SPEED     7.8


SKY COVER
  AVERAGE SKY COVER 1.0


WEATHER CONDITIONS
 THE FOLLOWING WEATHER WAS RECORDED YESTERDAY.
  LIGHT RAIN
  FOG


RELATIVE HUMIDITY (PERCENT)
 HIGHEST    96          1000 PM
 LOWEST     66           100 PM
 AVERAGE    81

..........................................................


THE JOPLIN MO CLIMATE NORMALS FOR TODAY
                         NORMAL    RECORD    YEAR
 MAXIMUM TEMPERATURE (F)   73        91      1978
 MINIMUM TEMPERATURE (F)   49        32      1965
                                             1977
                                             1987


SUNRISE AND SUNSET
OCTOBER 12 2014.......SUNRISE   723 AM CDT   SUNSET   645 PM CDT
OCTOBER 13 2014.......SUNRISE   724 AM CDT   SUNSET   644 PM CDT


-  INDICATES NEGATIVE NUMBERS.
R  INDICATES RECORD WAS SET OR TIED.
MM INDICATES DATA IS MISSING.
T  INDICATES TRACE AMOUNT.




$$
