000
CDUS43 KSGF 100646
CLIJLN


CLIMATE REPORT
NATIONAL WEATHER SERVICE SPRINGFIELD MO
145 AM CDT TUE MAY 10 2016


...................................

...THE JOPLIN MO CLIMATE SUMMARY FOR MAY 9 2016...

CLIMATE NORMAL PERIOD 1981 TO 2010
CLIMATE RECORD PERIOD 1902 TO 2016


WEATHER ITEM   OBSERVED TIME   RECORD YEAR NORMAL DEPARTURE LAST
                VALUE   (LST)  VALUE       VALUE  FROM      YEAR
                                                  NORMAL
..................................................................
TEMPERATURE (F)
 YESTERDAY
  MAXIMUM         77    254 PM  89    2011  76      1       76
  MINIMUM         57   1159 PM  35    1980  54      3       61
  AVERAGE         67                        65      2       69

PRECIPITATION (IN)
  YESTERDAY        0.10          2.25 2000   0.19  -0.09     0.56
  MONTH TO DATE    0.14                      1.74  -1.60     1.83
  SINCE MAR 1      7.26                      9.63  -2.37     7.61
  SINCE JAN 1      7.93                     13.98  -6.05     9.13

DEGREE DAYS
 HEATING
  YESTERDAY        0                         3     -3        0
  MONTH TO DATE   51                        31     20        6
  SINCE MAR 1    567                       780   -213      693
  SINCE JUL 1   3317                      4034   -717     4229

 COOLING
  YESTERDAY        2                         3     -1        4
  MONTH TO DATE    9                        23    -14       43
  SINCE MAR 1     31                        76    -45       78
  SINCE JAN 1     32                        77    -45       78
..................................................................


WIND (MPH)
  HIGHEST WIND SPEED    25   HIGHEST WIND DIRECTION     S (180)
  HIGHEST GUST SPEED    35   HIGHEST GUST DIRECTION     S (190)
  AVERAGE WIND SPEED    12.8


SKY COVER
  AVERAGE SKY COVER 0.3


WEATHER CONDITIONS
 THE FOLLOWING WEATHER WAS RECORDED YESTERDAY.
  THUNDERSTORM
  LIGHT RAIN
  FOG


RELATIVE HUMIDITY (PERCENT)
 HIGHEST    87          1000 PM
 LOWEST     56           300 PM
 AVERAGE    72

..........................................................


THE JOPLIN MO CLIMATE NORMALS FOR TODAY
                         NORMAL    RECORD    YEAR
 MAXIMUM TEMPERATURE (F)   76        91      1963
 MINIMUM TEMPERATURE (F)   55        38      1989
                                             1997


SUNRISE AND SUNSET
MAY 10 2016...........SUNRISE   614 AM CDT   SUNSET   816 PM CDT
MAY 11 2016...........SUNRISE   613 AM CDT   SUNSET   817 PM CDT


-  INDICATES NEGATIVE NUMBERS.
R  INDICATES RECORD WAS SET OR TIED.
MM INDICATES DATA IS MISSING.
T  INDICATES TRACE AMOUNT.




$$
