000
CDUS43 KSGF 080630
CLIJLN


CLIMATE REPORT
NATIONAL WEATHER SERVICE SPRINGFIELD MO
1230 AM CST SUN JAN 8 2017


...................................

...THE JOPLIN MO CLIMATE SUMMARY FOR JANUARY 7 2017...

CLIMATE NORMAL PERIOD 1981 TO 2010
CLIMATE RECORD PERIOD 1902 TO 2017


WEATHER ITEM   OBSERVED TIME   RECORD YEAR NORMAL DEPARTURE LAST
                VALUE   (LST)  VALUE       VALUE  FROM      YEAR
                                                  NORMAL
..................................................................
TEMPERATURE (F)
 YESTERDAY
  MAXIMUM         34    430 PM  73    1965  44    -10       50
  MINIMUM          4    427 AM  -6    1968  25    -21       43
  AVERAGE         19                        35    -16       47

PRECIPITATION (IN)
  YESTERDAY        0.00          0.52 1998   0.07  -0.07     0.25
  MONTH TO DATE    0.04                      0.50  -0.46     0.25
  SINCE DEC 1      0.63                      3.32  -2.69    10.02
  SINCE JAN 1      0.04                      0.50  -0.46     0.25

DEGREE DAYS
 HEATING
  YESTERDAY       46                        30     16       18
  MONTH TO DATE  252                       210     42      168
  SINCE DEC 1   1129                      1070     59      805
  SINCE JUL 1   1584                      1827   -243     1423

 COOLING
  YESTERDAY        0                         0      0        0
  MONTH TO DATE    0                         0      0        0
  SINCE DEC 1      0                         0      0        3
  SINCE JAN 1      0                         0      0        0
..................................................................


WIND (MPH)
  HIGHEST WIND SPEED    16   HIGHEST WIND DIRECTION    SW (240)
  HIGHEST GUST SPEED    20   HIGHEST GUST DIRECTION     W (250)
  AVERAGE WIND SPEED     6.3


SKY COVER
  AVERAGE SKY COVER 0.0


WEATHER CONDITIONS
 THE FOLLOWING WEATHER WAS RECORDED YESTERDAY.
  NO SIGNIFICANT WEATHER WAS OBSERVED.


RELATIVE HUMIDITY (PERCENT)
 HIGHEST    88          1200 AM
 LOWEST     35           400 PM
 AVERAGE    62

..........................................................


THE JOPLIN MO CLIMATE NORMALS FOR TODAY
                         NORMAL    RECORD    YEAR
 MAXIMUM TEMPERATURE (F)   44        69      2006
                                             2003
 MINIMUM TEMPERATURE (F)   25        -8      1979


SUNRISE AND SUNSET
JANUARY  8 2017.......SUNRISE   732 AM CST   SUNSET   518 PM CST
JANUARY  9 2017.......SUNRISE   732 AM CST   SUNSET   519 PM CST


-  INDICATES NEGATIVE NUMBERS.
R  INDICATES RECORD WAS SET OR TIED.
MM INDICATES DATA IS MISSING.
T  INDICATES TRACE AMOUNT.




$$
