000
CDUS43 KSGF 082127
CLIJLN


CLIMATE REPORT
NATIONAL WEATHER SERVICE SPRINGFIELD MO
426 PM CDT SAT APR 8 2017


...................................

...THE JOPLIN MO CLIMATE SUMMARY FOR APRIL 8 2017...
VALID AS OF 0400 PM LOCAL TIME.

CLIMATE NORMAL PERIOD 1981 TO 2010
CLIMATE RECORD PERIOD 1902 TO 2017


WEATHER ITEM   OBSERVED TIME   RECORD YEAR NORMAL DEPARTURE LAST
                VALUE   (LST)  VALUE       VALUE  FROM      YEAR
                                                  NORMAL
..................................................................
TEMPERATURE (F)
 TODAY
  MAXIMUM         80    256 PM  86    2011  68     12       67
                                      2001
  MINIMUM         53    212 AM  19    2007  44      9       35
  AVERAGE         67                        56     11       51

PRECIPITATION (IN)
  TODAY            0.00          0.93 2008   0.13  -0.13     0.00
  MONTH TO DATE    1.45                      0.98   0.47     0.14
  SINCE MAR 1      4.15                      4.40  -0.25     2.71
  SINCE JAN 1      8.14                      8.75  -0.61     3.38

DEGREE DAYS
 HEATING
  TODAY            0                        10    -10       14
  MONTH TO DATE   67                        87    -20       65
  SINCE MAR 1    447                       595   -148      427
  SINCE JUL 1   2999                      3849   -850     3177

 COOLING
  TODAY            2                         1      1        0
  MONTH TO DATE    2                         8     -6        0
  SINCE MAR 1     19                        17      2        3
  SINCE JAN 1     29                        18     11        4
..................................................................


WIND (MPH)
  HIGHEST WIND SPEED    32   HIGHEST WIND DIRECTION     S (170)
  HIGHEST GUST SPEED    40   HIGHEST GUST DIRECTION     S (180)


SKY COVER
  AVERAGE SKY COVER 0.0


WEATHER CONDITIONS
 THE FOLLOWING WEATHER WAS RECORDED TODAY.
  NO SIGNIFICANT WEATHER WAS OBSERVED.


RELATIVE HUMIDITY (PERCENT)
 HIGHEST    61           500 AM
 LOWEST     36           300 PM
 AVERAGE    49

..........................................................


THE JOPLIN MO CLIMATE NORMALS FOR TOMORROW
                         NORMAL    RECORD    YEAR
 MAXIMUM TEMPERATURE (F)   68        88      2011
 MINIMUM TEMPERATURE (F)   45        29      1997


SUNRISE AND SUNSET
APRIL  8 2017.........SUNRISE   653 AM CDT   SUNSET   747 PM CDT
APRIL  9 2017.........SUNRISE   652 AM CDT   SUNSET   748 PM CDT


-  INDICATES NEGATIVE NUMBERS.
R  INDICATES RECORD WAS SET OR TIED.
MM INDICATES DATA IS MISSING.
T  INDICATES TRACE AMOUNT.




$$
