000
CDUS43 KSGF 040626
CLIJLN


CLIMATE REPORT
NATIONAL WEATHER SERVICE SPRINGFIELD MO
1226 AM CST SUN DEC 4 2016


...................................

...THE JOPLIN MO CLIMATE SUMMARY FOR DECEMBER 3 2016...

CLIMATE NORMAL PERIOD 1981 TO 2010
CLIMATE RECORD PERIOD 1902 TO 2016


WEATHER ITEM   OBSERVED TIME   RECORD YEAR NORMAL DEPARTURE LAST
                VALUE   (LST)  VALUE       VALUE  FROM      YEAR
                                                  NORMAL
..................................................................
TEMPERATURE (F)
 YESTERDAY
  MAXIMUM         53   1257 PM  73    2012  51      2       53
  MINIMUM         40   1159 PM  10    2006  31      9       26
  AVERAGE         47                        41      6       40

PRECIPITATION (IN)
  YESTERDAY        0.06          1.27 1999   0.11  -0.05     0.00
  MONTH TO DATE    0.06                      0.33  -0.27     0.00
  SINCE DEC 1      0.06                      0.33  -0.27     0.00
  SINCE JAN 1     38.70                     44.06  -5.36    48.63

DEGREE DAYS
 HEATING
  YESTERDAY       18                        24     -6       25
  MONTH TO DATE   61                        72    -11       78
  SINCE DEC 1     61                        72    -11       78
  SINCE JUL 1    516                       829   -313      696

 COOLING
  YESTERDAY        0                         0      0        0
  MONTH TO DATE    0                         0      0        0
  SINCE DEC 1      0                         0      0        0
  SINCE JAN 1   1878                      1698    180     1703
..................................................................


WIND (MPH)
  HIGHEST WIND SPEED    21   HIGHEST WIND DIRECTION     S (170)
  HIGHEST GUST SPEED    43   HIGHEST GUST DIRECTION     S (170)
  AVERAGE WIND SPEED     7.7


SKY COVER
  AVERAGE SKY COVER 0.9


WEATHER CONDITIONS
 THE FOLLOWING WEATHER WAS RECORDED YESTERDAY.
  LIGHT RAIN
  FOG


RELATIVE HUMIDITY (PERCENT)
 HIGHEST    93          1000 PM
 LOWEST     45          1200 AM
 AVERAGE    69

..........................................................


THE JOPLIN MO CLIMATE NORMALS FOR TODAY
                         NORMAL    RECORD    YEAR
 MAXIMUM TEMPERATURE (F)   50        74      2001
 MINIMUM TEMPERATURE (F)   30        11      2006


SUNRISE AND SUNSET
DECEMBER  4 2016......SUNRISE   716 AM CST   SUNSET   501 PM CST
DECEMBER  5 2016......SUNRISE   717 AM CST   SUNSET   501 PM CST


-  INDICATES NEGATIVE NUMBERS.
R  INDICATES RECORD WAS SET OR TIED.
MM INDICATES DATA IS MISSING.
T  INDICATES TRACE AMOUNT.




$$
