000
CDUS43 KSGF 260627
CLIJLN


CLIMATE REPORT
NATIONAL WEATHER SERVICE SPRINGFIELD MO
126 AM CDT SUN JUL 26 2015


...................................

...THE JOPLIN MO CLIMATE SUMMARY FOR JULY 25 2015...

CLIMATE NORMAL PERIOD 1981 TO 2010
CLIMATE RECORD PERIOD 1902 TO 2015


WEATHER ITEM   OBSERVED TIME   RECORD YEAR NORMAL DEPARTURE LAST
                VALUE   (LST)  VALUE       VALUE  FROM      YEAR
                                                  NORMAL
..................................................................
TEMPERATURE (F)
 YESTERDAY
  MAXIMUM         95    339 PM 104    2012  91      4       94
  MINIMUM         74    546 AM  59    1991  70      4       69
  AVERAGE         85                        81      4       82

PRECIPITATION (IN)
  YESTERDAY        0.00          3.85 1958   0.10  -0.10     0.00
  MONTH TO DATE    5.09                      3.19   1.90     0.62
  SINCE JUN 1     12.76                      9.05   3.71     4.55
  SINCE JAN 1     30.47                     27.00   3.47    13.30

DEGREE DAYS
 HEATING
  YESTERDAY        0                         0      0        0
  MONTH TO DATE    0                         0      0        1
  SINCE JUN 1      0                         5     -5        3
  SINCE JUL 1      0                         0      0        1

 COOLING
  YESTERDAY       20                        16      4       17
  MONTH TO DATE  391                       379     12      264
  SINCE JUN 1    776                       697     79      567
  SINCE JAN 1    920                       877     43      780
..................................................................


WIND (MPH)
  HIGHEST WIND SPEED    15   HIGHEST WIND DIRECTION     N (20)
  HIGHEST GUST SPEED    20   HIGHEST GUST DIRECTION    NE (40)
  AVERAGE WIND SPEED     5.5


SKY COVER
  AVERAGE SKY COVER 0.0


WEATHER CONDITIONS
 THE FOLLOWING WEATHER WAS RECORDED YESTERDAY.
  NO SIGNIFICANT WEATHER WAS OBSERVED.


RELATIVE HUMIDITY (PERCENT)
 HIGHEST    94           300 AM
 LOWEST     52           200 PM
 AVERAGE    73

..........................................................


THE JOPLIN MO CLIMATE NORMALS FOR TODAY
                         NORMAL    RECORD    YEAR
 MAXIMUM TEMPERATURE (F)   91       104      1952
 MINIMUM TEMPERATURE (F)   70        56      2004


SUNRISE AND SUNSET
JULY 26 2015..........SUNRISE   618 AM CDT   SUNSET   831 PM CDT
JULY 27 2015..........SUNRISE   619 AM CDT   SUNSET   830 PM CDT


-  INDICATES NEGATIVE NUMBERS.
R  INDICATES RECORD WAS SET OR TIED.
MM INDICATES DATA IS MISSING.
T  INDICATES TRACE AMOUNT.




$$
