106
CDUS43 KSGF 170626
CLIJLN


CLIMATE REPORT
NATIONAL WEATHER SERVICE SPRINGFIELD MO
126 AM CDT THU AUG 17 2017


...................................

...THE JOPLIN MO CLIMATE SUMMARY FOR AUGUST 16 2017...

CLIMATE NORMAL PERIOD 1981 TO 2010
CLIMATE RECORD PERIOD 1902 TO 2017


WEATHER ITEM   OBSERVED TIME   RECORD YEAR NORMAL DEPARTURE LAST
                VALUE   (LST)  VALUE       VALUE  FROM      YEAR
                                                  NORMAL
..................................................................
TEMPERATURE (F)
 YESTERDAY
  MAXIMUM         89    342 PM 105    1956  92     -3       87
  MINIMUM         69   1159 PM  49    1992  69      0       61
  AVERAGE         79                        80     -1       74

PRECIPITATION (IN)
  YESTERDAY        1.46R         1.44 1965   0.10   1.36     0.00
  MONTH TO DATE    4.03                      1.62   2.41     2.67
  SINCE JUN 1     11.32                     11.29   0.03    14.09
  SINCE JAN 1     37.25                     29.24   8.01    28.19

DEGREE DAYS
 HEATING
  YESTERDAY        0                         0      0        0
  MONTH TO DATE    0                         0      0        0
  SINCE JUN 1      0                         5     -5        0
  SINCE JUL 1      0                         0      0        0

 COOLING
  YESTERDAY       14                        15     -1        9
  MONTH TO DATE  188                       251    -63      263
  SINCE JUN 1   1054                      1042     12     1181
  SINCE JAN 1   1261                      1222     39     1295
..................................................................


WIND (MPH)
  HIGHEST WIND SPEED    29   HIGHEST WIND DIRECTION    NW (310)
  HIGHEST GUST SPEED    38   HIGHEST GUST DIRECTION     W (250)
  AVERAGE WIND SPEED    12.2


SKY COVER
  AVERAGE SKY COVER 0.5


WEATHER CONDITIONS
 THE FOLLOWING WEATHER WAS RECORDED YESTERDAY.
  THUNDERSTORM
  HEAVY RAIN
  RAIN
  LIGHT RAIN
  FOG


RELATIVE HUMIDITY (PERCENT)
 HIGHEST    97          1100 PM
 LOWEST     65           500 PM
 AVERAGE    81

..........................................................


THE JOPLIN MO CLIMATE NORMALS FOR TODAY
                         NORMAL    RECORD    YEAR
 MAXIMUM TEMPERATURE (F)   91       105      1956
 MINIMUM TEMPERATURE (F)   69        50      1992


SUNRISE AND SUNSET
AUGUST 17 2017........SUNRISE   636 AM CDT   SUNSET   807 PM CDT
AUGUST 18 2017........SUNRISE   637 AM CDT   SUNSET   806 PM CDT


-  INDICATES NEGATIVE NUMBERS.
R  INDICATES RECORD WAS SET OR TIED.
MM INDICATES DATA IS MISSING.
T  INDICATES TRACE AMOUNT.




$$
