000
CDUS43 KSGF 230627
CLIJLN


CLIMATE REPORT
NATIONAL WEATHER SERVICE SPRINGFIELD MO
1227 AM CST FRI FEB 23 2018


...................................

...THE JOPLIN MO CLIMATE SUMMARY FOR FEBRUARY 22 2018...

CLIMATE NORMAL PERIOD 1981 TO 2010
CLIMATE RECORD PERIOD 1902 TO 2018


WEATHER ITEM   OBSERVED TIME   RECORD YEAR NORMAL DEPARTURE LAST
                VALUE   (LST)  VALUE       VALUE  FROM      YEAR
                                                  NORMAL
..................................................................
TEMPERATURE (F)
 YESTERDAY
  MAXIMUM         43   1013 PM  87    1996  53    -10       78
  MINIMUM         29    120 AM   7    1963  31     -2       49
  AVERAGE         36                        42     -6       64

PRECIPITATION (IN)
  YESTERDAY        0.15          4.69 1985   0.09   0.06     0.00
  MONTH TO DATE    2.61                      1.76   0.85     0.26
  SINCE DEC 1      4.45                      6.61  -2.16     4.50
  SINCE JAN 1      3.08                      3.79  -0.71     3.91

DEGREE DAYS
 HEATING
  YESTERDAY       29                        23      6        1
  MONTH TO DATE  614                       573     41      352
  SINCE DEC 1   2438                      2365     73     2009
  SINCE JUL 1   3083                      3122    -39     2464

 COOLING
  YESTERDAY        0                         0      0        0
  MONTH TO DATE    0                         0      0        3
  SINCE DEC 1      0                         0      0        3
  SINCE JAN 1      0                         0      0        3
..................................................................


WIND (MPH)
  HIGHEST WIND SPEED    15   HIGHEST WIND DIRECTION     E (100)
  HIGHEST GUST SPEED    21   HIGHEST GUST DIRECTION     E (100)
  AVERAGE WIND SPEED     4.7


SKY COVER
  AVERAGE SKY COVER 1.0


WEATHER CONDITIONS
 THE FOLLOWING WEATHER WAS RECORDED YESTERDAY.
  RAIN
  LIGHT RAIN
  LT FREEZING RAIN
  FOG


RELATIVE HUMIDITY (PERCENT)
 HIGHEST   100          1200 AM
 LOWEST     92          1000 AM
 AVERAGE    96

..........................................................


THE JOPLIN MO CLIMATE NORMALS FOR TODAY
                         NORMAL    RECORD    YEAR
 MAXIMUM TEMPERATURE (F)   53        83      2017
 MINIMUM TEMPERATURE (F)   32         8      1989


SUNRISE AND SUNSET
FEBRUARY 23 2018......SUNRISE   657 AM CST   SUNSET   606 PM CST
FEBRUARY 24 2018......SUNRISE   656 AM CST   SUNSET   607 PM CST


-  INDICATES NEGATIVE NUMBERS.
R  INDICATES RECORD WAS SET OR TIED.
MM INDICATES DATA IS MISSING.
T  INDICATES TRACE AMOUNT.




$$
