000
CDUS43 KSGF 220626
CLIJLN


CLIMATE REPORT
NATIONAL WEATHER SERVICE SPRINGFIELD MO
126 AM CDT TUE JUL 22 2014


...................................

...THE JOPLIN MO CLIMATE SUMMARY FOR JULY 21 2014...

CLIMATE NORMAL PERIOD 1981 TO 2010
CLIMATE RECORD PERIOD 1902 TO 2014


WEATHER ITEM   OBSERVED TIME   RECORD YEAR NORMAL DEPARTURE LAST
                VALUE   (LST)  VALUE       VALUE  FROM      YEAR
                                                  NORMAL
..................................................................
TEMPERATURE (F)
 YESTERDAY
  MAXIMUM         93    421 PM 102    2011  91      2       83
                                      1974
  MINIMUM         67    548 AM  52    1970  70     -3       69
  AVERAGE         80                        81     -1       76

PRECIPITATION (IN)
  YESTERDAY        0.00          2.75 1994   0.12  -0.12    MM
  MONTH TO DATE    0.51                      2.76  -2.25     0.11
  SINCE JUN 1      4.44                      8.62  -4.18     5.50
  SINCE JAN 1     13.19                     26.57 -13.38    27.89

DEGREE DAYS
 HEATING
  YESTERDAY        0                         0      0        0
  MONTH TO DATE    1                         0      1        0
  SINCE JUN 1      3                         5     -2       12
  SINCE JUL 1      1                         0      1        0

 COOLING
  YESTERDAY       15                        16     -1       11
  MONTH TO DATE  200                       315   -115      303
  SINCE JUN 1    503                       633   -130      626
  SINCE JAN 1    716                       813    -97      770
..................................................................


WIND (MPH)
  HIGHEST WIND SPEED    16   HIGHEST WIND DIRECTION     S (200)
  HIGHEST GUST SPEED    20   HIGHEST GUST DIRECTION     S (200)
  AVERAGE WIND SPEED     8.5


SKY COVER
  AVERAGE SKY COVER 0.0


WEATHER CONDITIONS
 THE FOLLOWING WEATHER WAS RECORDED YESTERDAY.
  NO SIGNIFICANT WEATHER WAS OBSERVED.


RELATIVE HUMIDITY (PERCENT)
 HIGHEST    87           300 AM
 LOWEST     47           300 PM
 AVERAGE    67

..........................................................


THE JOPLIN MO CLIMATE NORMALS FOR TODAY
                         NORMAL    RECORD    YEAR
 MAXIMUM TEMPERATURE (F)   91       108      1954
 MINIMUM TEMPERATURE (F)   70        51      1970


SUNRISE AND SUNSET
JULY 22 2014..........SUNRISE   615 AM CDT   SUNSET   834 PM CDT
JULY 23 2014..........SUNRISE   616 AM CDT   SUNSET   833 PM CDT


-  INDICATES NEGATIVE NUMBERS.
R  INDICATES RECORD WAS SET OR TIED.
MM INDICATES DATA IS MISSING.
T  INDICATES TRACE AMOUNT.




$$
