000
CDUS43 KSGF 290632
CLIJLN


CLIMATE REPORT
NATIONAL WEATHER SERVICE SPRINGFIELD MO
128 AM CDT SAT APR 29 2017


...................................

...THE JOPLIN MO CLIMATE SUMMARY FOR APRIL 28 2017...

CLIMATE NORMAL PERIOD 1981 TO 2010
CLIMATE RECORD PERIOD 1902 TO 2017


WEATHER ITEM   OBSERVED TIME   RECORD YEAR NORMAL DEPARTURE LAST
                VALUE   (LST)  VALUE       VALUE  FROM      YEAR
                                                  NORMAL
..................................................................
TEMPERATURE (F)
 YESTERDAY
  MAXIMUM         71    500 PM  86    1970  74     -3       70
  MINIMUM         57   1244 AM  34    1979  51      6       48
  AVERAGE         64                        62      2       59

PRECIPITATION (IN)
  YESTERDAY        0.24          3.34 1996   0.18   0.06     0.00
  MONTH TO DATE    6.40                      4.09   2.31     2.79
  SINCE MAR 1      9.10                      7.51   1.59     5.36
  SINCE JAN 1     13.09                     11.86   1.23     6.03

DEGREE DAYS
 HEATING
  YESTERDAY        1                         5     -4        6
  MONTH TO DATE  158                       232    -74      146
  SINCE MAR 1    538                       740   -202      508
  SINCE JUL 1   3090                      3994   -904     3258

 COOLING
  YESTERDAY        0                         2     -2        0
  MONTH TO DATE   47                        40      7       19
  SINCE MAR 1     64                        49     15       22
  SINCE JAN 1     74                        50     24       23
..................................................................


WIND (MPH)
  HIGHEST WIND SPEED    28   HIGHEST WIND DIRECTION     S (170)
  HIGHEST GUST SPEED    35   HIGHEST GUST DIRECTION     S (160)
  AVERAGE WIND SPEED     8.0


SKY COVER
  AVERAGE SKY COVER 0.7


WEATHER CONDITIONS
 THE FOLLOWING WEATHER WAS RECORDED YESTERDAY.
  THUNDERSTORM
  RAIN
  LIGHT RAIN
  FOG


RELATIVE HUMIDITY (PERCENT)
 HIGHEST    93           500 AM
 LOWEST     73           500 PM
 AVERAGE    83

..........................................................


THE JOPLIN MO CLIMATE NORMALS FOR TODAY
                         NORMAL    RECORD    YEAR
 MAXIMUM TEMPERATURE (F)   74        92      1962
 MINIMUM TEMPERATURE (F)   51        36      1969


SUNRISE AND SUNSET
APRIL 29 2017.........SUNRISE   625 AM CDT   SUNSET   806 PM CDT
APRIL 30 2017.........SUNRISE   624 AM CDT   SUNSET   807 PM CDT


-  INDICATES NEGATIVE NUMBERS.
R  INDICATES RECORD WAS SET OR TIED.
MM INDICATES DATA IS MISSING.
T  INDICATES TRACE AMOUNT.




$$
