000
CDUS43 KSGF 180628
CLIJLN


CLIMATE REPORT
NATIONAL WEATHER SERVICE SPRINGFIELD MO
128 AM CDT FRI APR 18 2014


...................................

...THE JOPLIN MO CLIMATE SUMMARY FOR APRIL 17 2014...

CLIMATE NORMAL PERIOD 1981 TO 2010
CLIMATE RECORD PERIOD 1902 TO 2014


WEATHER ITEM   OBSERVED TIME   RECORD YEAR NORMAL DEPARTURE LAST
                VALUE   (LST)  VALUE       VALUE  FROM      YEAR
                                                  NORMAL
..................................................................
TEMPERATURE (F)
 YESTERDAY
  MAXIMUM         60    254 PM  91    2006  71    -11       81
  MINIMUM         40    540 AM  30    1953  47     -7       48
                                      1956
  AVERAGE         50                        59     -9       65

PRECIPITATION (IN)
  YESTERDAY        T             1.58 1991   0.15  -0.15     0.99
  MONTH TO DATE    0.55                      2.24  -1.69     2.19
  SINCE MAR 1      2.43                      5.66  -3.23     4.89
  SINCE JAN 1      3.28                     10.01  -6.73    10.04

DEGREE DAYS
 HEATING
  YESTERDAY       15                         8      7        0
  MONTH TO DATE  202                       165     37      185
  SINCE MAR 1    865                       673    192      842
  SINCE JUL 1   4714                      3927    787     3958

 COOLING
  YESTERDAY        0                         2     -2        0
  MONTH TO DATE   10                        18     -8       14
  SINCE MAR 1     10                        27    -17       14
  SINCE JAN 1     10                        28    -18       15
..................................................................


WIND (MPH)
  HIGHEST WIND SPEED    15   HIGHEST WIND DIRECTION     N (350)
  HIGHEST GUST SPEED    18   HIGHEST GUST DIRECTION     S (180)
  AVERAGE WIND SPEED     6.3


SKY COVER
  AVERAGE SKY COVER 0.3


WEATHER CONDITIONS
 THE FOLLOWING WEATHER WAS RECORDED YESTERDAY.
  LIGHT RAIN


RELATIVE HUMIDITY (PERCENT)
 HIGHEST    86          1000 PM
 LOWEST     44          1200 AM
 AVERAGE    65

..........................................................


THE JOPLIN MO CLIMATE NORMALS FOR TODAY
                         NORMAL    RECORD    YEAR
 MAXIMUM TEMPERATURE (F)   71        95      2006
 MINIMUM TEMPERATURE (F)   48        28      1953


SUNRISE AND SUNSET
APRIL 18 2014.........SUNRISE   640 AM CDT   SUNSET   756 PM CDT
APRIL 19 2014.........SUNRISE   638 AM CDT   SUNSET   757 PM CDT


-  INDICATES NEGATIVE NUMBERS.
R  INDICATES RECORD WAS SET OR TIED.
MM INDICATES DATA IS MISSING.
T  INDICATES TRACE AMOUNT.




$$
