000
CDUS43 KSGF 210631
CLIJLN


CLIMATE REPORT
NATIONAL WEATHER SERVICE SPRINGFIELD MO
130 AM CDT TUE MAR 21 2017


...................................

...THE JOPLIN MO CLIMATE SUMMARY FOR MARCH 20 2017...

CLIMATE NORMAL PERIOD 1981 TO 2010
CLIMATE RECORD PERIOD 1902 TO 2017


WEATHER ITEM   OBSERVED TIME   RECORD YEAR NORMAL DEPARTURE LAST
                VALUE   (LST)  VALUE       VALUE  FROM      YEAR
                                                  NORMAL
..................................................................
TEMPERATURE (F)
 YESTERDAY
  MAXIMUM         85    406 PM  94    1907  61     24       49
  MINIMUM         66    929 PM  12    1965  39     27       28
  AVERAGE         76                        50     26       39

PRECIPITATION (IN)
  YESTERDAY        0.00          2.03 1962   0.11  -0.11     0.00
  MONTH TO DATE    1.25                      2.11  -0.86     1.30
  SINCE MAR 1      1.25                      2.11  -0.86     1.30
  SINCE JAN 1      5.24                      6.46  -1.22     1.97

DEGREE DAYS
 HEATING
  YESTERDAY        0                        15    -15       26
  MONTH TO DATE  296                       359    -63      235
  SINCE MAR 1    296                       359    -63      235
  SINCE JUL 1   2848                      3613   -765     2985

 COOLING
  YESTERDAY       11                         0     11        0
  MONTH TO DATE   17                         0     17        1
  SINCE MAR 1     17                         0     17        1
  SINCE JAN 1     27                         1     26        2
..................................................................


WIND (MPH)
  HIGHEST WIND SPEED    25   HIGHEST WIND DIRECTION    SW (210)
  HIGHEST GUST SPEED    32   HIGHEST GUST DIRECTION    SW (210)
  AVERAGE WIND SPEED    12.3


SKY COVER
  AVERAGE SKY COVER 0.0


WEATHER CONDITIONS
 THE FOLLOWING WEATHER WAS RECORDED YESTERDAY.
  NO SIGNIFICANT WEATHER WAS OBSERVED.


RELATIVE HUMIDITY (PERCENT)
 HIGHEST    73           400 AM
 LOWEST     40           400 PM
 AVERAGE    57

..........................................................


THE JOPLIN MO CLIMATE NORMALS FOR TODAY
                         NORMAL    RECORD    YEAR
 MAXIMUM TEMPERATURE (F)   62        91      1907
 MINIMUM TEMPERATURE (F)   39        13      1974


SUNRISE AND SUNSET
MARCH 21 2017.........SUNRISE   720 AM CDT   SUNSET   731 PM CDT
MARCH 22 2017.........SUNRISE   718 AM CDT   SUNSET   732 PM CDT


-  INDICATES NEGATIVE NUMBERS.
R  INDICATES RECORD WAS SET OR TIED.
MM INDICATES DATA IS MISSING.
T  INDICATES TRACE AMOUNT.




$$
