000
CDUS43 KSGF 212125
CLIJLN


CLIMATE REPORT
NATIONAL WEATHER SERVICE SPRINGFIELD MO
425 PM CDT THU AUG 21 2014


...................................

...THE JOPLIN MO CLIMATE SUMMARY FOR AUGUST 21 2014...
VALID AS OF 0400 PM LOCAL TIME.

CLIMATE NORMAL PERIOD 1981 TO 2010
CLIMATE RECORD PERIOD 1902 TO 2014


WEATHER ITEM   OBSERVED TIME   RECORD YEAR NORMAL DEPARTURE LAST
                VALUE   (LST)  VALUE       VALUE  FROM      YEAR
                                                  NORMAL
..................................................................
TEMPERATURE (F)
 TODAY
  MAXIMUM         97    242 PM 102    2003  91      6       90
  MINIMUM         77    511 AM  46    1950  68      9       66
  AVERAGE         87                        80      7       78

PRECIPITATION (IN)
  TODAY            0.00          1.43 1972   0.11  -0.11     0.00
  MONTH TO DATE    1.49                      2.15  -0.66     4.60
  SINCE JUN 1      6.66                     11.82  -5.16    13.07
  SINCE JAN 1     15.41                     29.77 -14.36    35.46

DEGREE DAYS
 HEATING
  TODAY            0                         0      0        0
  MONTH TO DATE    0                         0      0        0
  SINCE JUN 1      3                         5     -2       12
  SINCE JUL 1      1                         0      1        0

 COOLING
  TODAY           22                        15      7       13
  MONTH TO DATE  283                       326    -43      215
  SINCE JUN 1    916                      1117   -201      946
  SINCE JAN 1   1129                      1297   -168     1090
..................................................................


WIND (MPH)
  HIGHEST WIND SPEED    23   HIGHEST WIND DIRECTION     S (200)
  HIGHEST GUST SPEED    30   HIGHEST GUST DIRECTION    SW (210)


SKY COVER
  AVERAGE SKY COVER 0.0


WEATHER CONDITIONS
 THE FOLLOWING WEATHER WAS RECORDED TODAY.
  NO SIGNIFICANT WEATHER WAS OBSERVED.


RELATIVE HUMIDITY (PERCENT)
 HIGHEST    74           400 AM
 LOWEST     42           200 PM
 AVERAGE    58

..........................................................


THE JOPLIN MO CLIMATE NORMALS FOR TOMORROW
                         NORMAL    RECORD    YEAR
 MAXIMUM TEMPERATURE (F)   91       103      1983
                                             2003
 MINIMUM TEMPERATURE (F)   68        53      2009
                                             1949


SUNRISE AND SUNSET
AUGUST 21 2014........SUNRISE   640 AM CDT   SUNSET   802 PM CDT
AUGUST 22 2014........SUNRISE   640 AM CDT   SUNSET   801 PM CDT


-  INDICATES NEGATIVE NUMBERS.
R  INDICATES RECORD WAS SET OR TIED.
MM INDICATES DATA IS MISSING.
T  INDICATES TRACE AMOUNT.




$$
