000
CDUS43 KSGF 282227
CLIJLN


CLIMATE REPORT
NATIONAL WEATHER SERVICE SPRINGFIELD MO
526 PM CDT SUN SEP 28 2014


...................................

...THE JOPLIN MO CLIMATE SUMMARY FOR SEPTEMBER 28 2014...
VALID TODAY AS OF 0500 PM LOCAL TIME.

CLIMATE NORMAL PERIOD 1981 TO 2010
CLIMATE RECORD PERIOD 1902 TO 2014


WEATHER ITEM   OBSERVED TIME   RECORD YEAR NORMAL DEPARTURE LAST
                VALUE   (LST)  VALUE       VALUE  FROM      YEAR
                                                  NORMAL
..................................................................
TEMPERATURE (F)
 TODAY
  MAXIMUM         84    347 PM 104    1953  77      7       76
  MINIMUM         56    606 AM  37    1967  54      2       54
  AVERAGE         70                        66      4       65

PRECIPITATION (IN)
  TODAY            0.00          1.73 1975   0.16  -0.16    MM
  MONTH TO DATE    4.53                      4.64  -0.11      T
  SINCE SEP 1      4.53                      4.64  -0.11      T
  SINCE JAN 1     19.97                     35.61 -15.64    35.46

DEGREE DAYS
 HEATING
  TODAY            0                         3     -3        0
  MONTH TO DATE   27                        31     -4        9
  SINCE SEP 1     27                        31     -4        9
  SINCE JUL 1     28                        32     -4        9

 COOLING
  TODAY            5                         4      1        0
  MONTH TO DATE  182                       207    -25      249
  SINCE SEP 1    182                       207    -25      249
  SINCE JAN 1   1515                      1634   -119     1513
..................................................................


WIND (MPH)
  HIGHEST WIND SPEED     8   HIGHEST WIND DIRECTION     S (170)
  HIGHEST GUST SPEED    12   HIGHEST GUST DIRECTION    SE (150)


SKY COVER
  AVERAGE SKY COVER 0.2


WEATHER CONDITIONS
 THE FOLLOWING WEATHER WAS RECORDED TODAY.
  FOG


RELATIVE HUMIDITY (PERCENT)
 HIGHEST   100           400 AM
 LOWEST     47           300 PM
 AVERAGE    74

..........................................................


THE JOPLIN MO CLIMATE NORMALS FOR TOMORROW
                         NORMAL    RECORD    YEAR
 MAXIMUM TEMPERATURE (F)   77        97      1953
 MINIMUM TEMPERATURE (F)   54        35      1984


SUNRISE AND SUNSET
SEPTEMBER 28 2014.....SUNRISE   711 AM CDT   SUNSET   706 PM CDT
SEPTEMBER 29 2014.....SUNRISE   712 AM CDT   SUNSET   704 PM CDT


-  INDICATES NEGATIVE NUMBERS.
R  INDICATES RECORD WAS SET OR TIED.
MM INDICATES DATA IS MISSING.
T  INDICATES TRACE AMOUNT.




$$
