000
CDUS43 KSGF 142227
CLIJLN


CLIMATE REPORT
NATIONAL WEATHER SERVICE SPRINGFIELD MO
427 PM CST THU DEC 14 2017


...................................

...THE JOPLIN MO CLIMATE SUMMARY FOR DECEMBER 14 2017...
VALID AS OF 0400 PM LOCAL TIME.

CLIMATE NORMAL PERIOD 1981 TO 2010
CLIMATE RECORD PERIOD 1902 TO 2017


WEATHER ITEM   OBSERVED TIME   RECORD YEAR NORMAL DEPARTURE LAST
                VALUE   (LST)  VALUE       VALUE  FROM      YEAR
                                                  NORMAL
..................................................................
TEMPERATURE (F)
 TODAY
  MAXIMUM         41    344 PM  71    2008  47     -6       36
  MINIMUM         27    632 AM   2    1963  28     -1       24
                                      1985
  AVERAGE         34                        37     -3       30

PRECIPITATION (IN)
  TODAY            0.00          2.72 1971   0.10  -0.10     0.00
  MONTH TO DATE    0.16                      1.40  -1.24     0.29
  SINCE DEC 1      0.16                      1.40  -1.24     0.29
  SINCE JAN 1     45.16                     45.13   0.03    38.93

DEGREE DAYS
 HEATING
  TODAY           31                        28      3       35
  MONTH TO DATE  322                       363    -41      414
  SINCE DEC 1    322                       363    -41      414
  SINCE JUL 1    967                      1120   -153      869

 COOLING
  TODAY            0                         0      0        0
  MONTH TO DATE    0                         0      0        0
  SINCE DEC 1      0                         0      0        0
  SINCE JAN 1   1750                      1698     52     1878
..................................................................


WIND (MPH)
  HIGHEST WIND SPEED    13   HIGHEST WIND DIRECTION     N (10)
  HIGHEST GUST SPEED    18   HIGHEST GUST DIRECTION     N (360)


SKY COVER
  AVERAGE SKY COVER 0.6


WEATHER CONDITIONS
 THE FOLLOWING WEATHER WAS RECORDED TODAY.
  NO SIGNIFICANT WEATHER WAS OBSERVED.


RELATIVE HUMIDITY (PERCENT)
 HIGHEST    92           500 AM
 LOWEST     55           300 PM
 AVERAGE    74

..........................................................


THE JOPLIN MO CLIMATE NORMALS FOR TOMORROW
                         NORMAL    RECORD    YEAR
 MAXIMUM TEMPERATURE (F)   47        74      1984
 MINIMUM TEMPERATURE (F)   27        -8      1989


SUNRISE AND SUNSET
DECEMBER 14 2017......SUNRISE   724 AM CST   SUNSET   502 PM CST
DECEMBER 15 2017......SUNRISE   725 AM CST   SUNSET   502 PM CST


-  INDICATES NEGATIVE NUMBERS.
R  INDICATES RECORD WAS SET OR TIED.
MM INDICATES DATA IS MISSING.
T  INDICATES TRACE AMOUNT.




$$
