000
CDUS43 KSGF 220641
CLIJLN


CLIMATE REPORT
NATIONAL WEATHER SERVICE SPRINGFIELD MO
140 AM CDT SAT APR 22 2017


...................................

...THE JOPLIN MO CLIMATE SUMMARY FOR APRIL 21 2017...

CLIMATE NORMAL PERIOD 1981 TO 2010
CLIMATE RECORD PERIOD 1902 TO 2017


WEATHER ITEM   OBSERVED TIME   RECORD YEAR NORMAL DEPARTURE LAST
                VALUE   (LST)  VALUE       VALUE  FROM      YEAR
                                                  NORMAL
..................................................................
TEMPERATURE (F)
 YESTERDAY
  MAXIMUM         60   1230 AM  90    1963  72    -12       70
  MINIMUM         48   1159 PM  30    1966  49     -1       50
                                      1978
  AVERAGE         54                        60     -6       60

PRECIPITATION (IN)
  YESTERDAY        2.05R         1.29 1996   0.16   1.89      T
  MONTH TO DATE    4.91                      2.86   2.05     1.86
  SINCE MAR 1      7.61                      6.28   1.33     4.43
  SINCE JAN 1     11.60                     10.63   0.97     5.10

DEGREE DAYS
 HEATING
  YESTERDAY       11                         7      4        5
  MONTH TO DATE   96                       193    -97      134
  SINCE MAR 1    476                       701   -225      496
  SINCE JUL 1   3028                      3955   -927     3246

 COOLING
  YESTERDAY        0                         2     -2        0
  MONTH TO DATE   44                        26     18        7
  SINCE MAR 1     61                        35     26       10
  SINCE JAN 1     71                        36     35       11
..................................................................


WIND (MPH)
  HIGHEST WIND SPEED    22   HIGHEST WIND DIRECTION     E (90)
  HIGHEST GUST SPEED    30   HIGHEST GUST DIRECTION     E (80)
  AVERAGE WIND SPEED     9.8


SKY COVER
  AVERAGE SKY COVER 0.9


WEATHER CONDITIONS
 THE FOLLOWING WEATHER WAS RECORDED YESTERDAY.
  THUNDERSTORM
  HEAVY RAIN
  RAIN
  LIGHT RAIN
  FOG


RELATIVE HUMIDITY (PERCENT)
 HIGHEST   100           800 AM
 LOWEST     93           200 AM
 AVERAGE    97

..........................................................


THE JOPLIN MO CLIMATE NORMALS FOR TODAY
                         NORMAL    RECORD    YEAR
 MAXIMUM TEMPERATURE (F)   72        90      1965
 MINIMUM TEMPERATURE (F)   49        29      1986


SUNRISE AND SUNSET
APRIL 22 2017.........SUNRISE   634 AM CDT   SUNSET   800 PM CDT
APRIL 23 2017.........SUNRISE   633 AM CDT   SUNSET   800 PM CDT


-  INDICATES NEGATIVE NUMBERS.
R  INDICATES RECORD WAS SET OR TIED.
MM INDICATES DATA IS MISSING.
T  INDICATES TRACE AMOUNT.




$$
