000
CDUS43 KSGF 230639
CLIJLN


CLIMATE REPORT
NATIONAL WEATHER SERVICE SPRINGFIELD MO
138 AM CDT THU MAR 23 2017


...................................

...THE JOPLIN MO CLIMATE SUMMARY FOR MARCH 22 2017...

CLIMATE NORMAL PERIOD 1981 TO 2010
CLIMATE RECORD PERIOD 1902 TO 2017


WEATHER ITEM   OBSERVED TIME   RECORD YEAR NORMAL DEPARTURE LAST
                VALUE   (LST)  VALUE       VALUE  FROM      YEAR
                                                  NORMAL
..................................................................
TEMPERATURE (F)
 YESTERDAY
  MAXIMUM         57    427 PM  90    1995  62     -5       75
  MINIMUM         47    733 AM  11    1955  39      8       51
  AVERAGE         52                        51      1       63

PRECIPITATION (IN)
  YESTERDAY        0.00          1.11 1948   0.12  -0.12     0.00
  MONTH TO DATE    1.25                      2.34  -1.09     1.30
  SINCE MAR 1      1.25                      2.34  -1.09     1.30
  SINCE JAN 1      5.24                      6.69  -1.45     1.97

DEGREE DAYS
 HEATING
  YESTERDAY       13                        15     -2        2
  MONTH TO DATE  313                       389    -76      256
  SINCE MAR 1    313                       389    -76      256
  SINCE JUL 1   2865                      3643   -778     3006

 COOLING
  YESTERDAY        0                         0      0        0
  MONTH TO DATE   17                         0     17        1
  SINCE MAR 1     17                         0     17        1
  SINCE JAN 1     27                         1     26        2
..................................................................


WIND (MPH)
  HIGHEST WIND SPEED    21   HIGHEST WIND DIRECTION     E (110)
  HIGHEST GUST SPEED    28   HIGHEST GUST DIRECTION     E (110)
  AVERAGE WIND SPEED    12.5


SKY COVER
  AVERAGE SKY COVER 1.0


WEATHER CONDITIONS
 THE FOLLOWING WEATHER WAS RECORDED YESTERDAY.
  NO SIGNIFICANT WEATHER WAS OBSERVED.


RELATIVE HUMIDITY (PERCENT)
 HIGHEST    64          1200 AM
 LOWEST     38          1100 AM
 AVERAGE    51

..........................................................


THE JOPLIN MO CLIMATE NORMALS FOR TODAY
                         NORMAL    RECORD    YEAR
 MAXIMUM TEMPERATURE (F)   62        80      1994
 MINIMUM TEMPERATURE (F)   40        17      1974


SUNRISE AND SUNSET
MARCH 23 2017.........SUNRISE   717 AM CDT   SUNSET   733 PM CDT
MARCH 24 2017.........SUNRISE   715 AM CDT   SUNSET   734 PM CDT


-  INDICATES NEGATIVE NUMBERS.
R  INDICATES RECORD WAS SET OR TIED.
MM INDICATES DATA IS MISSING.
T  INDICATES TRACE AMOUNT.




$$
