000
CXUS54 KFWD 010731
CF6JWY
PRELIMINARY LOCAL CLIMATOLOGICAL DATA (WS FORM: F-6)
STATION: WAXAHACHIE
MONTH: OCTOBER
YEAR: 2023
LATITUDE: 32 27 N
LONGITUDE: 96 54 W
TEMPERATURE IN F: :PCPN: SNOW: WIND :SUNSHINE: SKY :PK WND
================================================================================
1 2 3 4 5 6A 6B 7 8 9 10 11 12 13 14 15 16 17 18
12Z AVG MX 2MIN
DY MAX MIN AVG DEP HDD CDD WTR SNW DPTH SPD SPD DIR MIN PSBL S-S WX SPD DR
================================================================================
1 92 63 78 7 0 13 0.00 M M 1.5 7 140 M M 2 M M
2 90 65 78 7 0 13 0.00 M M 2.5 8 110 M M 6 M M
3 91 65 78 8 0 13 0.00 M M 4.5 12 150 M M 7 21 150
4 94 68 81 11 0 16 2.05 M M 8.7 21 250 M M 10 30 250
5 82 67 75 5 0 10 0.19 M M 3.9 10 350 M M 7 17 60
6 84 60 72 2 0 7 0.00 M M 4.1 10 30 M M 0 21 40
7 70 52 61 -8 4 0 0.00 M M 5.8 14 10 M M 1 22 10
8 78 48 63 -6 2 0 0.00 M M 2.8 8 170 M M 0 M M
9 86 55 71 3 0 6 0.00 M M 6.8 14 190 M M 0 20 200
10 82 59 71 3 0 6 0.00 M M 7.0 13 170 M M 2 18 200
11 73 62 68 0 0 3 0.00 M M 7.1 10 150 M M 6 17 170
12 79 61 70 2 0 5 0.00 M M 9.8 21 190 M M 7 25 190
13 79 60 70 3 0 5 0.00 M M 9.5 17 340 M M 5 23 340
14 71 51 61 -6 4 0 0.00 M M 11.1 17 340 M M 0 24 320
15 68 48 58 -9 7 0 0.00 M M 9.5 20 330 M M 1 28 360
16 65 43 54 -12 11 0 0.00 M M 5.3 15 330 M M 0 23 360
17 74 40 57 -9 8 0 0.00 M M 1.7 7 180 M M 0 M M
18 80 49 65 -1 0 0 0.00 M M 8.2 20 180 M M 0 27 180
19 84 52 68 3 0 3 0.00 M M 4.3 13 10 M M 0 17 340
20 90 59 75 10 0 10 0.00 M M 3.3 9 290 M M 2 M M
21 91 55 73 8 0 8 0.00 M M 2.8 10 180 M M 2 M M
22 83 64 74 10 0 9 0.00 M M 3.7 8 150 M M 1 M M
23 78 70 74 10 0 9 0.08 M M 6.3 12 160 M M 7 1 18 160
24 77 70 74 10 0 9 0.26 M M 7.1 12 160 M M 10 18 150
25 80 70 75 12 0 10 0.17 M M 7.6 14 170 M M 10 20 170
26 82 67 75 12 0 10 1.27 M M 7.8 15 170 M M 9 23 170
27 87 66 77 14 0 12 0.19 M M 7.4 12 360 M M 9 1 23 360
28 69 60 65 3 0 0 2.12 M M 4.6 8 360 M M 10 1 17 50
29 60 40 50 -12 15 0 0.23 M M 14.3 21 360 M M 10 1 29 340
30 49 37 43 -19 22 0 0.42 M M 14.2 23 360 M M 3 31 350
31 59 35 47 -14 18 0 0.00 M M 6.9 13 340 M M 0 18 350
================================================================================
SM 2427 1761 91 177 6.98 M 200.2 M 127
================================================================================
AV 78.3 56.8 6.5 FASTST M M 4 MAX(MPH)
MISC ----> 23 360 31 350
================================================================================
NOTES:
# LAST OF SEVERAL OCCURRENCES
COLUMN 17 PEAK WIND IN M.P.H.
PRELIMINARY LOCAL CLIMATOLOGICAL DATA (WS FORM: F-6) , PAGE 2
STATION: WAXAHACHIE
MONTH: OCTOBER
YEAR: 2023
LATITUDE: 32 27 N
LONGITUDE: 96 54 W
[TEMPERATURE DATA] [PRECIPITATION DATA] SYMBOLS USED IN COLUMN 16
AVERAGE MONTHLY: 67.5 TOTAL FOR MONTH: 6.98 1 = FOG OR MIST
DPTR FM NORMAL: 1.2 DPTR FM NORMAL: 2.53 2 = FOG REDUCING VISIBILITY
HIGHEST: 94 ON 4 GRTST 24HR 2.12 ON 28-28 TO 1/4 MILE OR LESS
LOWEST: 35 ON 31 3 = THUNDER
SNOW, ICE PELLETS, HAIL 4 = ICE PELLETS
TOTAL MONTH: M 5 = HAIL
GRTST 24HR M ON M 6 = FREEZING RAIN OR DRIZZLE
GRTST DEPTH: M ON M 7 = DUSTSTORM OR SANDSTORM:
VSBY 1/2 MILE OR LESS
8 = SMOKE OR HAZE
[NO. OF DAYS WITH] [WEATHER - DAYS WITH] 9 = BLOWING SNOW
X = TORNADO
MAX 32 OR BELOW: 0 0.01 INCH OR MORE: 10
MAX 90 OR ABOVE: 6 0.10 INCH OR MORE: 9
MIN 32 OR BELOW: 0 0.50 INCH OR MORE: 3
MIN 0 OR BELOW: 0 1.00 INCH OR MORE: 3
[HDD (BASE 65) ]
TOTAL THIS MO. 91 CLEAR (SCALE 0-3) 16
DPTR FM NORMAL 11 PTCLDY (SCALE 4-7) 8
TOTAL FM JUL 1 91 CLOUDY (SCALE 8-10) 7
DPTR FM NORMAL 6
[CDD (BASE 65) ]
TOTAL THIS MO. 177
DPTR FM NORMAL 59 [PRESSURE DATA]
TOTAL FM JAN 1 2488 HIGHEST SLP M ON M
DPTR FM NORMAL 75 LOWEST SLP M ON M
[REMARKS]
#FINAL-10-23#