000
CXUS53 KGID 011623
CF6JYR
PRELIMINARY LOCAL CLIMATOLOGICAL DATA (WS FORM: F-6)
STATION: YORK
MONTH: SEPTEMBER
YEAR: 2020
LATITUDE: 40 54 N
LONGITUDE: 97 37 W
TEMPERATURE IN F: :PCPN: SNOW: WIND :SUNSHINE: SKY :PK WND
================================================================================
1 2 3 4 5 6A 6B 7 8 9 10 11 12 13 14 15 16 17 18
12Z AVG MX 2MIN
DY MAX MIN AVG DEP HDD CDD WTR SNW DPTH SPD SPD DIR MIN PSBL S-S WX SPD DR
================================================================================
1 81 52 67 M 0 2 0.00 M M 1.0 7 170 M M 3 M M
2 88 55 72 M 0 7 0.00 M M 1.5 12 190 M M 0 14 330
3 77 55 66 M 0 1 0.00 M M 8.6 22 350 M M 0 31 360
4 86 50 68 M 0 3 0.00 M M 4.5 14 210 M M 0 1 18 230
5 95 57 76 M 0 11 0.00 M M 6.2 14 190 M M 0 18 190
6 91 68 80 M 0 15 0.00 M M 9.9 18 200 M M 0 27 210
7 75 52 64 M 1 0 T M M 14.0 29 20 M M 5 36 20
8 52 41 47 M 18 0 0.83 M M 22.5 29 10 M M 10 13 38 10
9 50 41 46 M 19 0 0.26 M M 14.7 22 20 M M 9 1 28 10
10 M 45 M M M M 0.01 M M 11.2 14 20 M M 10 1 23 360
11 59 52 56 M 9 0 0.14 M M 1.9 9 180 M M 10 12 M M
12 73 52 63 M 2 0 0.00 M M 7.0 15 320 M M 4 1 20 310
13 84 48 66 M 0 1 0.00 M M 0.7 7 150 M M 0 M M
14 81 52 67 M 0 2 0.00 M M 4.7 8 160 M M 0 13 160
15 79 54 67 M 0 2 0.00 M M 6.0 14 170 M M 0 17 190
16 75 52 64 M 1 0 0.00 M M 8.5 20 10 M M 1 1 28 10
17 72 45 59 M 6 0 0.00 M M 2.4 7 110 M M 3 M M
18 70 50 60 M 5 0 0.00 M M 6.8 13 130 M M 5 16 110
19 73 54 64 M 1 0 0.00 M M 12.9 21 160 M M 1 23 170
20 77 55 66 M 0 1 0.00 M M 14.6 22 180 M M 3 29 160
21 81 55 68 M 0 3 0.00 M M 10.8 15 170 M M 1 3 21 170
22 81 54 68 M 0 3 0.00 M M 8.1 14 190 M M 0 17 180
23 81 59 70 M 0 5 0.00 M M 8.6 15 180 M M 3 123 17 210
24 84 55 70 M 0 5 0.00 M M 1.8 10 190 M M 0 1 M M
25 84 59 72 M 0 7 0.00 M M 4.5 8 360 M M 0 8 M M
26 86 59 73 M 0 8 0.00 M M 7.5 18 360 M M 0 24 360
27 66 45 56 M 9 0 T M M 4.9 13 310 M M 2 3 21 310
28 66 39 53 M 12 0 0.00 M M 12.4 21 310 M M 2 30 330
29 81 36 59 M 6 0 0.00 M M 9.4 17 290 M M 0 24 290
30 68 41 55 M 10 0 0.00 M M 11.8 22 310 M M 0 32 340
================================================================================
SM 2216 1532 99 76 1.24 M 239.4 M 72
================================================================================
AV M 51.1 8.0 FASTST M M 2 MAX(MPH)
MISC ----> # 29 20 # M M
================================================================================
NOTES:
# LAST OF SEVERAL OCCURRENCES
COLUMN 17 PEAK WIND IN M.P.H.
PRELIMINARY LOCAL CLIMATOLOGICAL DATA (WS FORM: F-6) , PAGE 2
STATION: YORK
MONTH: SEPTEMBER
YEAR: 2020
LATITUDE: 40 54 N
LONGITUDE: 97 37 W
[TEMPERATURE DATA] [PRECIPITATION DATA] SYMBOLS USED IN COLUMN 16
AVERAGE MONTHLY: M TOTAL FOR MONTH: 1.24 1 = FOG OR MIST
DPTR FM NORMAL: M DPTR FM NORMAL: M 2 = FOG REDUCING VISIBILITY
HIGHEST: M ON M GRTST 24HR 0.83 ON 8- 8 TO 1/4 MILE OR LESS
LOWEST: 36 ON 29 3 = THUNDER
SNOW, ICE PELLETS, HAIL 4 = ICE PELLETS
TOTAL MONTH: M 5 = HAIL
GRTST 24HR M ON M 6 = FREEZING RAIN OR DRIZZLE
GRTST DEPTH: M ON M 7 = DUSTSTORM OR SANDSTORM:
VSBY 1/2 MILE OR LESS
8 = SMOKE OR HAZE
[NO. OF DAYS WITH] [WEATHER - DAYS WITH] 9 = BLOWING SNOW
X = TORNADO
MAX 32 OR BELOW: M 0.01 INCH OR MORE: 4
MAX 90 OR ABOVE: M 0.10 INCH OR MORE: 3
MIN 32 OR BELOW: M 0.50 INCH OR MORE: 1
MIN 0 OR BELOW: M 1.00 INCH OR MORE: 0
[HDD (BASE 65) ]
TOTAL THIS MO. M CLEAR (SCALE 0-3) 21
DPTR FM NORMAL M PTCLDY (SCALE 4-7) 5
TOTAL FM JUL 1 M CLOUDY (SCALE 8-10) 4
DPTR FM NORMAL M
[CDD (BASE 65) ]
TOTAL THIS MO. M
DPTR FM NORMAL M [PRESSURE DATA]
TOTAL FM JAN 1 M HIGHEST SLP M ON M
DPTR FM NORMAL M LOWEST SLP M ON M
[REMARKS]
#FINAL-09-20#