000
CXHW53 PHFO 011250
CF6KOA
PRELIMINARY LOCAL CLIMATOLOGICAL DATA (WS FORM: F-6)
STATION: KONA HI
MONTH: NOVEMBER
YEAR: 2022
LATITUDE: 19 38 N
LONGITUDE: 156 0 W
TEMPERATURE IN F: :PCPN: SNOW: WIND :SUNSHINE: SKY :PK WND
================================================================================
1 2 3 4 5 6A 6B 7 8 9 10 11 12 13 14 15 16 17 18
12Z AVG MX 2MIN
DY MAX MIN AVG DEP HDD CDD WTR SNW DPTH SPD SPD DIR MIN PSBL S-S WX SPD DR
================================================================================
1 87 75 81 1 0 16 0.00 M M 7.8 17 80 M M 1 22 80
2 87 74 81 1 0 16 0.00 M M 6.1 12 240 M M 2 14 250
3 87 74 81 2 0 16 0.00 M M 6.3 13 230 M M 2 17 230
4 88 74 81 2 0 16 0.00 M M 9.7 21 170 M M 2 24 170
5 89 78 84 5 0 19 0.00 M M 8.5 21 170 M M 3 26 160
6 87 74 81 2 0 16 0.03 M M 6.4 15 200 M M 2 1 17 210
7 87 74 81 2 0 16 0.00 M M 7.4 13 240 M M 3 16 50
8 87 75 81 2 0 16 T M M 8.8 25 50 M M 2 32 90
9 90 73 82 3 0 17 T M M 7.3 24 30 M M 2 29 60
10 89 71 80 1 0 15 0.00 M M 9.2 25 40 M M 1 32 40
11 87 72 80 1 0 15 0.00 M M 20.7 33 360 M M 1 39 20
12 83 72 78 -1 0 13 0.00 M M 10.4 24 30 M M 2 31 40
13 86 69 78 -1 0 13 0.00 M M 9.5 18 70 M M 2 25 80
14 86 72 79 1 0 14 T M M 6.5 16 50 M M 2 20 50
15 85 73 79 1 0 14 0.02 M M 8.1 16 360 M M 3 19 340
16 86 71 79 1 0 14 0.00 M M 6.2 13 300 M M 1 15 300
17 85 73 79 1 0 14 0.00 M M 5.5 10 240 M M 1 13 230
18 86 75 81 3 0 16 0.00 M M 7.7 25 50 M M 2 31 50
19 86 74 80 2 0 15 0.00 M M 7.1 17 60 M M 2 23 40
20 87 75 81 3 0 16 0.00 M M 7.6 17 180 M M 2 20 180
21 86 72 79 1 0 14 0.00 M M 7.8 17 180 M M 2 21 180
22 86 71 79 1 0 14 0.02 M M 6.8 12 210 M M 2 15 210
23 82 71 77 -1 0 12 0.00 M M 7.3 22 50 M M 5 26 30
24 87 72 80 2 0 15 T M M 19.6 40 360 M M 5 46 360
25 87 72 80 2 0 15 0.01 M M 14.9 31 40 M M 4 37 30
26 81 70 76 -2 0 11 0.00 M M 5.2 12 230 M M 5 14 350
27 82 70 76 -2 0 11 T M M 5.4 12 10 M M 4 14 10
28 83 72 78 1 0 13 0.01 M M 7.3 16 160 M M 4 18 150
29 83 75 79 2 0 14 0.00 M M 4.2 10 220 M M 6 12 210
30 86 73 80 3 0 15 0.00 M M 8.8 18 180 M M 2 25 130
================================================================================
SM 2578 2186 0 441 0.09 M 254.1 M 77
================================================================================
AV 85.9 72.9 8.5 FASTST M M 3 MAX(MPH)
MISC ----> 40 360 46 360
================================================================================
NOTES:
# LAST OF SEVERAL OCCURRENCES
COLUMN 17 PEAK WIND IN M.P.H.
PRELIMINARY LOCAL CLIMATOLOGICAL DATA (WS FORM: F-6) , PAGE 2
STATION: KONA HI
MONTH: NOVEMBER
YEAR: 2022
LATITUDE: 19 38 N
LONGITUDE: 156 0 W
[TEMPERATURE DATA] [PRECIPITATION DATA] SYMBOLS USED IN COLUMN 16
AVERAGE MONTHLY: 79.4 TOTAL FOR MONTH: 0.09 1 = FOG OR MIST
DPTR FM NORMAL: 1.0 DPTR FM NORMAL: -0.74 2 = FOG REDUCING VISIBILITY
HIGHEST: 90 ON 9 GRTST 24HR 0.03 ON 6- 6 TO 1/4 MILE OR LESS
LOWEST: 69 ON 13 3 = THUNDER
SNOW, ICE PELLETS, HAIL 4 = ICE PELLETS
TOTAL MONTH: M 5 = HAIL
GRTST 24HR M ON M 6 = FREEZING RAIN OR DRIZZLE
GRTST DEPTH: M ON M 7 = DUSTSTORM OR SANDSTORM:
VSBY 1/2 MILE OR LESS
8 = SMOKE OR HAZE
[NO. OF DAYS WITH] [WEATHER - DAYS WITH] 9 = BLOWING SNOW
X = TORNADO
MAX 32 OR BELOW: 0 0.01 INCH OR MORE: 5
MAX 90 OR ABOVE: 1 0.10 INCH OR MORE: 0
MIN 32 OR BELOW: 0 0.50 INCH OR MORE: 0
MIN 0 OR BELOW: 0 1.00 INCH OR MORE: 0
[HDD (BASE 65) ]
TOTAL THIS MO. 0 CLEAR (SCALE 0-3) 22
DPTR FM NORMAL 0 PTCLDY (SCALE 4-7) 8
TOTAL FM JUL 1 0 CLOUDY (SCALE 8-10) 0
DPTR FM NORMAL 0
[CDD (BASE 65) ]
TOTAL THIS MO. 441
DPTR FM NORMAL 39 [PRESSURE DATA]
TOTAL FM JAN 1 4713 HIGHEST SLP 30.12 ON 3
DPTR FM NORMAL 220 LOWEST SLP 29.86 ON 30
[REMARKS]
#FINAL-11-22#